91.220.113.245 - - [29/Jul/2026:19:11:23 +0330] "POST /wp-cron.php?doing_wp_cron=1785339683.4281320571899414062500 HTTP/1.1" 200 0 "-" "WordPress/7.0; https://maralloab.ir"
20.104.16.169 - - [29/Jul/2026:19:06:24 +0330] "GET /wp-blog-header.php HTTP/1.1" 404 0 "-" "-"
20.104.16.169 - - [29/Jul/2026:19:06:25 +0330] "GET /aa.php HTTP/1.1" 404 103170 "-" "-"
20.104.16.169 - - [29/Jul/2026:19:06:28 +0330] "GET /tx79.php HTTP/1.1" 404 103172 "-" "-"
20.104.16.169 - - [29/Jul/2026:19:06:31 +0330] "GET /motu.php HTTP/1.1" 404 103172 "-" "-"
20.104.16.169 - - [29/Jul/2026:19:06:32 +0330] "GET /wp-head.php HTTP/1.1" 404 103175 "-" "-"
20.104.16.169 - - [29/Jul/2026:19:06:35 +0330] "GET /wp-admin/options-privacy.php HTTP/1.1" 302 0 "-" "-"
20.104.16.169 - - [29/Jul/2026:19:06:37 +0330] "GET /wp-login.php?redirect_to=https%3A%2F%2Fmaralloab.ir%2Fwp-admin%2Foptions-privacy.php&reauth=1 HTTP/1.1" 200 11030 "-" "-"
20.104.16.169 - - [29/Jul/2026:19:06:38 +0330] "GET /60856e3a4findex.php HTTP/1.1" 404 103183 "-" "-"
20.104.16.169 - - [29/Jul/2026:19:06:41 +0330] "GET /wp-the.php HTTP/1.1" 404 103174 "-" "-"
20.104.16.169 - - [29/Jul/2026:19:06:45 +0330] "GET /wp.php HTTP/1.1" 404 103170 "-" "-"
20.104.16.169 - - [29/Jul/2026:19:06:48 +0330] "GET /users.php HTTP/1.1" 404 103173 "-" "-"
20.104.16.169 - - [29/Jul/2026:19:06:52 +0330] "GET /tinysd.php HTTP/1.1" 404 103174 "-" "-"
20.104.16.169 - - [29/Jul/2026:19:06:54 +0330] "GET /ws78.php HTTP/1.1" 404 103172 "-" "-"
91.220.113.245 - - [29/Jul/2026:19:07:05 +0330] "POST /wp-cron.php?doing_wp_cron=1785339425.7255349159240722656250 HTTP/1.1" 200 0 "-" "WordPress/7.0; https://maralloab.ir"
91.220.113.245 - - [29/Jul/2026:19:02:41 +0330] "POST /wp-cron.php?doing_wp_cron=1785339161.6037240028381347656250 HTTP/1.1" 200 0 "-" "WordPress/7.0; https://maralloab.ir"
20.104.16.169 - - [29/Jul/2026:19:05:13 +0330] "GET /mh.php HTTP/1.1" 404 103170 "-" "-"
20.104.16.169 - - [29/Jul/2026:19:07:11 +0330] "GET /elp.php HTTP/1.1" 404 103171 "-" "-"
20.104.16.169 - - [29/Jul/2026:19:07:20 +0330] "GET /atomlib.php HTTP/1.1" 404 103175 "-" "-"
20.104.16.169 - - [29/Jul/2026:19:07:28 +0330] "GET /wyzer3.php HTTP/1.1" 404 103174 "-" "-"
20.104.16.169 - - [29/Jul/2026:19:07:33 +0330] "GET /max.php HTTP/1.1" 404 103171 "-" "-"
20.104.16.169 - - [29/Jul/2026:19:07:35 +0330] "GET /ftde.php HTTP/1.1" 404 103172 "-" "-"
20.104.16.169 - - [29/Jul/2026:19:02:40 +0330] "GET /wp-content/plugins/hellopress/wp_filemanager.php HTTP/1.1" 404 103212 "-" "-"
20.104.16.169 - - [29/Jul/2026:19:02:44 +0330] "GET /this_is_a_new_hello_world.php HTTP/1.1" 404 103193 "-" "-"
20.104.16.169 - - [29/Jul/2026:19:02:47 +0330] "GET /xstelth.php HTTP/1.1" 404 103175 "-" "-"
20.104.16.169 - - [29/Jul/2026:19:02:50 +0330] "GET /584062352875874akp.php HTTP/1.1" 404 103186 "-" "-"
20.104.16.169 - - [29/Jul/2026:19:02:54 +0330] "GET /newfile.php HTTP/1.1" 404 103175 "-" "-"
20.104.16.169 - - [29/Jul/2026:19:02:56 +0330] "GET /tBEZGQz.php HTTP/1.1" 404 103175 "-" "-"
20.104.16.169 - - [29/Jul/2026:19:02:58 +0330] "GET /phpinfo?re@=vo@ HTTP/1.1" 404 103179 "-" "-"
20.104.16.169 - - [29/Jul/2026:19:03:01 +0330] "GET /drykl.php HTTP/1.1" 404 103173 "-" "-"
20.104.16.169 - - [29/Jul/2026:19:03:03 +0330] "GET /wp-admin/css/colors/blue/ HTTP/1.1" 404 796 "-" "-"
20.104.16.169 - - [29/Jul/2026:19:03:03 +0330] "GET /ls.php HTTP/1.1" 404 103170 "-" "-"
20.104.16.169 - - [29/Jul/2026:19:03:05 +0330] "GET /dx.php HTTP/1.1" 404 103170 "-" "-"
20.104.16.169 - - [29/Jul/2026:19:03:09 +0330] "GET /mac.php HTTP/1.1" 404 103171 "-" "-"
20.104.16.169 - - [29/Jul/2026:19:03:10 +0330] "GET /485.php HTTP/1.1" 404 103171 "-" "-"
20.104.16.169 - - [29/Jul/2026:19:03:14 +0330] "GET /gelio1.php HTTP/1.1" 404 103174 "-" "-"
20.104.16.169 - - [29/Jul/2026:19:03:17 +0330] "GET /lp6.php HTTP/1.1" 404 103171 "-" "-"
20.104.16.169 - - [29/Jul/2026:19:03:20 +0330] "GET /wp-admin/maint/admin.php HTTP/1.1" 404 103188 "-" "-"
20.104.16.169 - - [29/Jul/2026:19:04:41 +0330] "GET /gk.php HTTP/1.1" 404 103170 "-" "-"
20.104.16.169 - - [29/Jul/2026:19:04:43 +0330] "GET /584062352875874akp.php HTTP/1.1" 404 103186 "-" "-"
20.104.16.169 - - [29/Jul/2026:19:04:47 +0330] "GET /wper3.php HTTP/1.1" 404 103173 "-" "-"
20.104.16.169 - - [29/Jul/2026:19:04:49 +0330] "GET /bthil.php HTTP/1.1" 404 103173 "-" "-"
20.104.16.169 - - [29/Jul/2026:19:04:59 +0330] "GET /wyzer1.php HTTP/1.1" 404 103174 "-" "-"
91.220.113.245 - - [29/Jul/2026:19:03:04 +0330] "POST /wp-cron.php?doing_wp_cron=1785339184.6537339687347412109375 HTTP/1.1" 200 0 "-" "WordPress/7.0; https://maralloab.ir"
216.73.217.69 - - [29/Jul/2026:19:11:22 +0330] "GET /robots.txt HTTP/2" 200 92 "-" "Mozilla/5.0 AppleWebKit/537.36 (KHTML, like Gecko; compatible; ClaudeBot/1.0; +claudebot@anthropic.com)"
216.73.217.69 - - [29/Jul/2026:19:11:23 +0330] "GET /wp-sitemap.xml HTTP/2" 200 200 "-" "Mozilla/5.0 AppleWebKit/537.36 (KHTML, like Gecko; compatible; ClaudeBot/1.0; +claudebot@anthropic.com)"
91.220.113.245 - - [29/Jul/2026:19:21:43 +0330] "POST /wp-cron.php?doing_wp_cron=1785340302.6620779037475585937500 HTTP/1.1" 200 0 "-" "WordPress/7.0; https://maralloab.ir"
91.220.113.245 - - [29/Jul/2026:19:27:22 +0330] "POST /wp-cron.php?doing_wp_cron=1785340642.3967239856719970703125 HTTP/1.1" 200 0 "-" "WordPress/7.0; https://maralloab.ir"
45.131.193.138 - - [29/Jul/2026:19:27:20 +0330] "POST /wp-login.php HTTP/1.1" 503 7621 "-" "Mozilla/5.0 (Windows NT 10.0; Win64; x64) AppleWebKit/537.36 Chrome/129.0.0.0 Safari/537.36"
135.148.171.117 - - [29/Jul/2026:19:21:41 +0330] "GET /wp-login.php HTTP/2" 200 3279 "-" "Mozilla/5.0 (Windows NT 10.0; Win64; x64) AppleWebKit/537.36 (KHTML, like Gecko) Chrome/150.0.0.0 Safari/537.36"
135.148.171.117 - - [29/Jul/2026:19:21:44 +0330] "POST /wp-login.php HTTP/2" 503 7257 "https://maralloab.ir/wp-login.php" "Mozilla/5.0 (Windows NT 10.0; Win64; x64) AppleWebKit/537.36 (KHTML, like Gecko) Chrome/150.0.0.0 Safari/537.36"
45.131.193.136 - - [29/Jul/2026:19:45:15 +0330] "POST /wp-login.php HTTP/1.1" 503 7622 "-" "Mozilla/5.0 (Windows NT 10.0; Win64; rv:143.0) Gecko/20100101 Firefox/143.0"
192.36.109.108 - - [29/Jul/2026:19:46:29 +0330] "GET /contact/ HTTP/1.1" 200 24029 "-" "Mozilla/5.0 (Windows NT 6.1; Win64; x64; rv:109.0) Gecko/20100101 Firefox/115"
91.220.113.245 - - [29/Jul/2026:19:45:17 +0330] "POST /wp-cron.php?doing_wp_cron=1785341717.7181699275970458984375 HTTP/1.1" 200 0 "-" "WordPress/7.0; https://maralloab.ir"
192.36.109.125 - - [29/Jul/2026:19:46:22 +0330] "GET / HTTP/1.1" 200 26212 "http://maralloab.ir/" "Mozilla/5.0 (Windows NT 6.1; Win64; x64; rv:109.0) Gecko/20100101 Firefox/115"
192.36.109.90 - - [29/Jul/2026:19:46:27 +0330] "GET /about-us/ HTTP/1.1" 200 23875 "-" "Mozilla/5.0 (Windows NT 6.1; Win64; x64; rv:109.0) Gecko/20100101 Firefox/115"
91.220.113.245 - - [29/Jul/2026:19:46:24 +0330] "POST /wp-cron.php?doing_wp_cron=1785341784.0925679206848144531250 HTTP/1.1" 200 0 "-" "WordPress/7.0; https://maralloab.ir"
91.220.113.245 - - [29/Jul/2026:19:35:33 +0330] "POST /wp-cron.php?doing_wp_cron=1785341133.9112110137939453125000 HTTP/1.1" 200 0 "-" "WordPress/7.0; https://maralloab.ir"
91.220.113.245 - - [29/Jul/2026:19:35:32 +0330] "GET / HTTP/1.1" 200 26212 "-" "Python/3.11 aiohttp/3.9.2"
192.36.109.125 - - [29/Jul/2026:19:46:25 +0330] "GET /products/ HTTP/1.1" 200 23624 "-" "Mozilla/5.0 (Windows NT 6.1; Win64; x64; rv:109.0) Gecko/20100101 Firefox/115"
202.78.167.217 - - [29/Jul/2026:19:56:22 +0330] "GET / HTTP/1.1" 200 26212 "https://maralloab.ir/" "Mozilla/5.0 (iPhone; CPU iPhone OS 17_5 like Mac OS X) AppleWebKit/605.1.15 (KHTML, like Gecko) Version/17.5 Mobile/15E148 Safari/604.1"
91.220.113.245 - - [29/Jul/2026:20:05:33 +0330] "POST /wp-cron.php?doing_wp_cron=1785342933.3065719604492187500000 HTTP/1.1" 200 0 "-" "WordPress/7.0; https://maralloab.ir"
91.220.113.245 - - [29/Jul/2026:19:56:20 +0330] "POST /wp-cron.php?doing_wp_cron=1785342380.8409109115600585937500 HTTP/1.1" 200 0 "-" "WordPress/7.0; https://maralloab.ir"
91.220.113.245 - - [29/Jul/2026:20:05:32 +0330] "GET / HTTP/1.1" 200 26212 "-" "Python/3.11 aiohttp/3.9.2"
45.131.193.135 - - [29/Jul/2026:20:03:08 +0330] "POST /wp-login.php HTTP/1.1" 503 7622 "-" "Mozilla/5.0 (Windows NT 10.0; Win64; x64) AppleWebKit/537.36 Chrome/129.0.0.0 Safari/537.36"
202.78.167.217 - - [29/Jul/2026:19:56:19 +0330] "GET / HTTP/1.1" 200 26212 "https://maralloab.ir/" "Mozilla/5.0 (iPhone; CPU iPhone OS 17_5 like Mac OS X) AppleWebKit/605.1.15 (KHTML, like Gecko) Version/17.5 Mobile/15E148 Safari/604.1"
91.220.113.245 - - [29/Jul/2026:20:03:10 +0330] "POST /wp-cron.php?doing_wp_cron=1785342790.9596560001373291015625 HTTP/1.1" 200 0 "-" "WordPress/7.0; https://maralloab.ir"
91.220.113.245 - - [29/Jul/2026:20:09:51 +0330] "POST /wp-cron.php?doing_wp_cron=1785343191.2536458969116210937500 HTTP/1.1" 200 0 "-" "WordPress/7.0; https://maralloab.ir"
185.244.163.31 - - [29/Jul/2026:20:09:49 +0330] "GET / HTTP/2" 200 26865 "-" "Mozilla/5.0 (X11; Linux x86_64) AppleWebKit/536.5 (KHTML, like Gecko) Chrome/19.0.1084.9 Safari/536.5"
45.131.193.127 - - [29/Jul/2026:20:21:03 +0330] "POST /wp-login.php HTTP/1.1" 503 7622 "-" "Mozilla/5.0 (Windows NT 10.0; Win64; x64) AppleWebKit/537.36 Chrome/129.0.0.0 Safari/537.36"
91.220.113.245 - - [29/Jul/2026:20:35:34 +0330] "GET / HTTP/1.1" 200 26212 "-" "Python/3.11 aiohttp/3.9.2"
45.131.193.140 - - [29/Jul/2026:20:38:58 +0330] "POST /wp-login.php HTTP/1.1" 503 7622 "-" "Mozilla/5.0 (Windows NT 10.0; Win64; x64) AppleWebKit/537.36 Chrome/129.0.0.0 Safari/537.36"
119.195.102.159 - - [29/Jul/2026:20:33:16 +0330] "GET /wp-login.php HTTP/2" 200 3279 "-" "Mozilla/5.0 (Windows NT 10.0; Win64; x64) AppleWebKit/537.36 (KHTML, like Gecko) Chrome/150.0.0.0 Safari/537.36"
119.195.102.159 - - [29/Jul/2026:20:33:17 +0330] "POST /wp-login.php HTTP/2" 503 7257 "https://maralloab.ir/wp-login.php" "Mozilla/5.0 (Windows NT 10.0; Win64; x64) AppleWebKit/537.36 (KHTML, like Gecko) Chrome/150.0.0.0 Safari/537.36"
91.220.113.245 - - [29/Jul/2026:20:39:01 +0330] "POST /wp-cron.php?doing_wp_cron=1785344941.3100430965423583984375 HTTP/1.1" 200 0 "-" "WordPress/7.0; https://maralloab.ir"
91.220.113.245 - - [29/Jul/2026:20:33:17 +0330] "POST /wp-cron.php?doing_wp_cron=1785344597.5566210746765136718750 HTTP/1.1" 200 0 "-" "WordPress/7.0; https://maralloab.ir"
109.122.18.102 - - [29/Jul/2026:20:42:44 +0330] "GET /wp-admin/plugin-install.php?tab=upload HTTP/1.1" 200 77320 "https://maralloab.ir" "Mozilla/5.0 (Windows NT 10.0; WOW64) AppleWebKit/537.36 (KHTML, like Gecko) Chrome/84.0.4147.105 Safari/537.36"
109.122.18.102 - - [29/Jul/2026:20:43:24 +0330] "POST /wp-admin/async-upload.php HTTP/1.1" 403 787 "https://maralloab.ir" "Mozilla/5.0 (Windows NT 10.0; WOW64) AppleWebKit/537.36 (KHTML, like Gecko) Chrome/84.0.4147.105 Safari/537.36"
109.122.18.102 - - [29/Jul/2026:20:43:35 +0330] "GET /wp-content/uploads/2026/07/kbhdgwak.phar HTTP/1.1" 404 21147 "https://maralloab.ir" "Mozilla/5.0 (Windows NT 10.0; WOW64) AppleWebKit/537.36 (KHTML, like Gecko) Chrome/84.0.4147.105 Safari/537.36"
109.122.18.102 - - [29/Jul/2026:20:43:38 +0330] "POST /wp-admin/async-upload.php HTTP/1.1" 403 787 "https://maralloab.ir" "Mozilla/5.0 (Windows NT 10.0; WOW64) AppleWebKit/537.36 (KHTML, like Gecko) Chrome/84.0.4147.105 Safari/537.36"
109.122.18.102 - - [29/Jul/2026:20:43:43 +0330] "POST /wp-admin/async-upload.php HTTP/1.1" 403 787 "https://maralloab.ir" "Mozilla/5.0 (Windows NT 10.0; WOW64) AppleWebKit/537.36 (KHTML, like Gecko) Chrome/84.0.4147.105 Safari/537.36"
109.122.18.102 - - [29/Jul/2026:20:43:52 +0330] "GET /wp-admin/plugin-editor.php HTTP/1.1" 403 787 "https://maralloab.ir" "Mozilla/5.0 (Windows NT 10.0; WOW64) AppleWebKit/537.36 (KHTML, like Gecko) Chrome/84.0.4147.105 Safari/537.36"
109.122.18.102 - - [29/Jul/2026:20:43:33 +0330] "POST /wp-admin/async-upload.php HTTP/1.1" 403 787 "https://maralloab.ir" "Mozilla/5.0 (Windows NT 10.0; WOW64) AppleWebKit/537.36 (KHTML, like Gecko) Chrome/84.0.4147.105 Safari/537.36"
109.122.18.102 - - [29/Jul/2026:20:43:44 +0330] "GET /wp-content/uploads/2026/07/kbhdgwak.php7 HTTP/1.1" 404 21147 "https://maralloab.ir" "Mozilla/5.0 (Windows NT 10.0; WOW64) AppleWebKit/537.36 (KHTML, like Gecko) Chrome/84.0.4147.105 Safari/537.36"
91.220.113.245 - - [29/Jul/2026:20:42:16 +0330] "POST /wp-cron.php?doing_wp_cron=1785345136.1604409217834472656250 HTTP/1.1" 200 0 "-" "WordPress/7.0; https://maralloab.ir"
91.220.113.245 - - [29/Jul/2026:20:42:28 +0330] "GET / HTTP/1.1" 200 26212 "-" "WordPress/7.0; https://maralloab.ir"
91.220.113.245 - - [29/Jul/2026:20:42:28 +0330] "GET /wp-content/plugins/really-simple-ssl/testssl/serverhttpson/ssl-test-page.html HTTP/1.1" 200 159 "-" "WordPress/7.0; https://maralloab.ir"
109.122.18.102 - - [29/Jul/2026:20:43:10 +0330] "POST /wp-admin/update.php?action=upload-plugin HTTP/1.1" 403 787 "https://maralloab.ir" "Mozilla/5.0 (Windows NT 10.0; WOW64) AppleWebKit/537.36 (KHTML, like Gecko) Chrome/84.0.4147.105 Safari/537.36"
109.122.18.102 - - [29/Jul/2026:20:43:40 +0330] "GET /wp-content/uploads/2026/07/kbhdgwak.php5 HTTP/1.1" 404 21147 "https://maralloab.ir" "Mozilla/5.0 (Windows NT 10.0; WOW64) AppleWebKit/537.36 (KHTML, like Gecko) Chrome/84.0.4147.105 Safari/537.36"
109.122.18.102 - - [29/Jul/2026:20:42:18 +0330] "POST /wp-login.php HTTP/1.1" 500 1414 "https://maralloab.ir" "Mozilla/5.0 (Windows NT 10.0; WOW64) AppleWebKit/537.36 (KHTML, like Gecko) Chrome/84.0.4147.105 Safari/537.36"
109.122.18.102 - - [29/Jul/2026:20:43:17 +0330] "GET /wp-admin/media-new.php HTTP/1.1" 200 76359 "https://maralloab.ir" "Mozilla/5.0 (Windows NT 10.0; WOW64) AppleWebKit/537.36 (KHTML, like Gecko) Chrome/84.0.4147.105 Safari/537.36"
109.122.18.102 - - [29/Jul/2026:20:43:27 +0330] "POST /wp-admin/async-upload.php HTTP/1.1" 403 787 "https://maralloab.ir" "Mozilla/5.0 (Windows NT 10.0; WOW64) AppleWebKit/537.36 (KHTML, like Gecko) Chrome/84.0.4147.105 Safari/537.36"
109.122.18.102 - - [29/Jul/2026:20:43:30 +0330] "GET /wp-content/uploads/2026/07/kbhdgwak.phtml HTTP/1.1" 404 21146 "https://maralloab.ir" "Mozilla/5.0 (Windows NT 10.0; WOW64) AppleWebKit/537.36 (KHTML, like Gecko) Chrome/84.0.4147.105 Safari/537.36"
86.96.8.226 - - [29/Jul/2026:20:56:06 +0330] "POST /xmlrpc.php HTTP/1.1" 403 787 "-" "Mozilla/5.0 (Macintosh; Intel Mac OS X 10_15_7; arm64) AppleWebKit/537.36 (KHTML, like Gecko) Safari/11.0.0.0 Safari/537.36"
109.122.18.102 - - [29/Jul/2026:20:42:14 +0330] "GET /wp-login.php HTTP/1.1" 200 3334 "https://maralloab.ir" "Mozilla/5.0 (Windows NT 10.0; WOW64) AppleWebKit/537.36 (KHTML, like Gecko) Chrome/84.0.4147.105 Safari/537.36"
109.122.18.102 - - [29/Jul/2026:20:42:23 +0330] "GET /wp-admin/ HTTP/1.1" 200 92567 "https://maralloab.ir" "Mozilla/5.0 (Windows NT 10.0; WOW64) AppleWebKit/537.36 (KHTML, like Gecko) Chrome/84.0.4147.105 Safari/537.36"
109.122.18.102 - - [29/Jul/2026:20:43:02 +0330] "POST /wp-admin/update.php?action=upload-plugin HTTP/1.1" 403 787 "https://maralloab.ir" "Mozilla/5.0 (Windows NT 10.0; WOW64) AppleWebKit/537.36 (KHTML, like Gecko) Chrome/84.0.4147.105 Safari/537.36"
109.122.18.102 - - [29/Jul/2026:20:43:48 +0330] "GET /wp-admin/plugin-install.php?s=file-manager-advanced&tab=search&type=term HTTP/1.1" 403 787 "https://maralloab.ir" "Mozilla/5.0 (Windows NT 10.0; WOW64) AppleWebKit/537.36 (KHTML, like Gecko) Chrome/84.0.4147.105 Safari/537.36"
109.122.18.102 - - [29/Jul/2026:20:42:33 +0330] "GET /wp-admin/user-new.php HTTP/1.1" 200 76678 "https://maralloab.ir" "Mozilla/5.0 (Windows NT 10.0; WOW64) AppleWebKit/537.36 (KHTML, like Gecko) Chrome/84.0.4147.105 Safari/537.36"
109.122.18.102 - - [29/Jul/2026:20:42:39 +0330] "POST /wp-admin/user-new.php HTTP/1.1" 200 76902 "https://maralloab.ir" "Mozilla/5.0 (Windows NT 10.0; WOW64) AppleWebKit/537.36 (KHTML, like Gecko) Chrome/84.0.4147.105 Safari/537.36"
109.122.18.102 - - [29/Jul/2026:20:42:54 +0330] "POST /wp-admin/update.php?action=upload-plugin HTTP/1.1" 403 787 "https://maralloab.ir" "Mozilla/5.0 (Windows NT 10.0; WOW64) AppleWebKit/537.36 (KHTML, like Gecko) Chrome/84.0.4147.105 Safari/537.36"
109.122.18.102 - - [29/Jul/2026:20:43:25 +0330] "GET /wp-content/uploads/2026/07/kbhdgwak.php HTTP/1.1" 404 21146 "https://maralloab.ir" "Mozilla/5.0 (Windows NT 10.0; WOW64) AppleWebKit/537.36 (KHTML, like Gecko) Chrome/84.0.4147.105 Safari/537.36"
91.220.113.245 - - [29/Jul/2026:20:56:55 +0330] "POST /wp-admin/admin-ajax.php?action=wordfence_testAjax HTTP/1.1" 200 32 "-" "WordPress/7.0; https://maralloab.ir"
103.124.110.97 - - [29/Jul/2026:21:04:49 +0330] "POST /wp-admin/user-new.php HTTP/1.1" 200 76858 "https://maralloab.ir" "Mozilla/5.0 (Windows NT 10.0; Win64; x64; rv:77.0) Gecko/20100101 Firefox/77.0"
103.124.110.97 - - [29/Jul/2026:21:05:29 +0330] "POST /wp-admin/async-upload.php HTTP/1.1" 403 787 "https://maralloab.ir" "Mozilla/5.0 (Windows NT 10.0; Win64; x64; rv:77.0) Gecko/20100101 Firefox/77.0"
103.124.110.97 - - [29/Jul/2026:21:05:37 +0330] "GET /wp-content/uploads/2026/07/fijlcqvk.phar HTTP/1.1" 404 21147 "https://maralloab.ir" "Mozilla/5.0 (Windows NT 10.0; Win64; x64; rv:77.0) Gecko/20100101 Firefox/77.0"
103.124.110.97 - - [29/Jul/2026:21:05:46 +0330] "GET /wp-content/uploads/2026/07/fijlcqvk.php7 HTTP/1.1" 404 21148 "https://maralloab.ir" "Mozilla/5.0 (Windows NT 10.0; Win64; x64; rv:77.0) Gecko/20100101 Firefox/77.0"
103.124.110.97 - - [29/Jul/2026:21:04:34 +0330] "POST /wp-login.php HTTP/1.1" 500 1414 "https://maralloab.ir" "Mozilla/5.0 (Windows NT 10.0; Win64; x64; rv:77.0) Gecko/20100101 Firefox/77.0"
103.124.110.97 - - [29/Jul/2026:21:04:20 +0330] "POST /wp-login.php HTTP/1.1" 500 1414 "https://maralloab.ir" "Mozilla/5.0 (Windows NT 10.0; Win64; x64; rv:77.0) Gecko/20100101 Firefox/77.0"
103.124.110.97 - - [29/Jul/2026:21:04:41 +0330] "GET /wp-admin/ HTTP/1.1" 200 92546 "https://maralloab.ir" "Mozilla/5.0 (Windows NT 10.0; Win64; x64; rv:77.0) Gecko/20100101 Firefox/77.0"
103.124.110.97 - - [29/Jul/2026:21:05:30 +0330] "GET /wp-content/uploads/2026/07/fijlcqvk.phtml HTTP/1.1" 404 21147 "https://maralloab.ir" "Mozilla/5.0 (Windows NT 10.0; Win64; x64; rv:77.0) Gecko/20100101 Firefox/77.0"
103.124.110.97 - - [29/Jul/2026:21:04:15 +0330] "GET /wp-login.php HTTP/1.1" 200 3334 "https://maralloab.ir" "Mozilla/5.0 (Windows NT 10.0; Win64; x64; rv:77.0) Gecko/20100101 Firefox/77.0"
103.124.110.97 - - [29/Jul/2026:21:05:05 +0330] "POST /wp-admin/update.php?action=upload-plugin HTTP/1.1" 403 787 "https://maralloab.ir" "Mozilla/5.0 (Windows NT 10.0; Win64; x64; rv:77.0) Gecko/20100101 Firefox/77.0"
91.220.113.245 - - [29/Jul/2026:21:06:24 +0330] "GET /wp-admin/plugin-editor.php?plugin=backup%2Fbackup.php&file=backup%2Fbackup.php&wp_scrape_key=2507e8856e5d1ef640b93e63405b9eaf&wp_scrape_nonce=945772207 HTTP/1.1" 200 96714 "-" "WordPress/7.0; https://maralloab.ir"
103.124.110.97 - - [29/Jul/2026:21:06:23 +0330] "POST /wp-admin/admin-ajax.php HTTP/1.1" 200 163 "https://maralloab.ir" "Mozilla/5.0 (Windows NT 10.0; Win64; x64; rv:77.0) Gecko/20100101 Firefox/77.0"
103.124.110.97 - - [29/Jul/2026:21:05:48 +0330] "GET /wp-admin/plugin-install.php?s=file-manager-advanced&tab=search&type=term HTTP/1.1" 200 78251 "https://maralloab.ir" "Mozilla/5.0 (Windows NT 10.0; Win64; x64; rv:77.0) Gecko/20100101 Firefox/77.0"
103.124.110.97 - - [29/Jul/2026:21:05:00 +0330] "POST /wp-admin/update.php?action=upload-plugin HTTP/1.1" 403 787 "https://maralloab.ir" "Mozilla/5.0 (Windows NT 10.0; Win64; x64; rv:77.0) Gecko/20100101 Firefox/77.0"
91.220.113.245 - - [29/Jul/2026:21:05:33 +0330] "GET / HTTP/1.1" 200 26213 "-" "Python/3.11 aiohttp/3.9.2"
103.124.110.97 - - [29/Jul/2026:21:05:43 +0330] "GET /wp-content/uploads/2026/07/fijlcqvk.php5 HTTP/1.1" 404 21147 "https://maralloab.ir" "Mozilla/5.0 (Windows NT 10.0; Win64; x64; rv:77.0) Gecko/20100101 Firefox/77.0"
103.124.110.97 - - [29/Jul/2026:21:06:14 +0330] "GET /wp-admin/plugin-editor.php?file=backup/backup.php&plugin=backup/backup.php HTTP/1.1" 200 97472 "https://maralloab.ir" "Mozilla/5.0 (Windows NT 10.0; Win64; x64; rv:77.0) Gecko/20100101 Firefox/77.0"
91.220.113.245 - - [29/Jul/2026:20:56:56 +0330] "GET /wp-admin/admin-ajax.php?action=wordfence_doScan&isFork=0&scanMode=quick&cronKey=4033373884a6224a8d502fca59e16847&signature=f60145b1777ba87fc439aa02fce9c9524148b9c8001245ef4d64cff97e1aabea HTTP/1.1" 500 0 "-" "WordPress/7.0; https://maralloab.ir"
103.124.110.97 - - [29/Jul/2026:21:05:10 +0330] "GET /wp-admin/media-new.php HTTP/1.1" 200 76318 "https://maralloab.ir" "Mozilla/5.0 (Windows NT 10.0; Win64; x64; rv:77.0) Gecko/20100101 Firefox/77.0"
103.124.110.97 - - [29/Jul/2026:21:05:41 +0330] "POST /wp-admin/async-upload.php HTTP/1.1" 403 787 "https://maralloab.ir" "Mozilla/5.0 (Windows NT 10.0; Win64; x64; rv:77.0) Gecko/20100101 Firefox/77.0"
91.220.113.245 - - [29/Jul/2026:20:56:54 +0330] "POST /wp-cron.php?doing_wp_cron=1785346014.8012239933013916015625 HTTP/1.1" 200 0 "-" "WordPress/7.0; https://maralloab.ir"
91.220.113.245 - - [29/Jul/2026:21:04:42 +0330] "GET / HTTP/1.1" 200 26213 "-" "WordPress/7.0; https://maralloab.ir"
103.124.110.97 - - [29/Jul/2026:21:04:45 +0330] "GET /wp-admin/user-new.php HTTP/1.1" 200 76650 "https://maralloab.ir" "Mozilla/5.0 (Windows NT 10.0; Win64; x64; rv:77.0) Gecko/20100101 Firefox/77.0"
103.124.110.97 - - [29/Jul/2026:21:04:56 +0330] "GET /wp-admin/plugin-install.php?tab=upload HTTP/1.1" 200 77295 "https://maralloab.ir" "Mozilla/5.0 (Windows NT 10.0; Win64; x64; rv:77.0) Gecko/20100101 Firefox/77.0"
103.124.110.97 - - [29/Jul/2026:21:05:36 +0330] "POST /wp-admin/async-upload.php HTTP/1.1" 403 787 "https://maralloab.ir" "Mozilla/5.0 (Windows NT 10.0; Win64; x64; rv:77.0) Gecko/20100101 Firefox/77.0"
103.124.110.97 - - [29/Jul/2026:21:06:02 +0330] "GET /wp-admin/plugin-editor.php HTTP/1.1" 200 79356 "https://maralloab.ir" "Mozilla/5.0 (Windows NT 10.0; Win64; x64; rv:77.0) Gecko/20100101 Firefox/77.0"
45.131.193.121 - - [29/Jul/2026:20:56:52 +0330] "POST /wp-login.php HTTP/1.1" 503 7622 "-" "Mozilla/5.0 (Windows NT 10.0; Win64; x64) AppleWebKit/537.36 Chrome/129.0.0.0 Safari/537.36"
91.220.113.245 - - [29/Jul/2026:21:04:17 +0330] "POST /wp-cron.php?doing_wp_cron=1785346457.0532019138336181640625 HTTP/1.1" 200 0 "-" "WordPress/7.0; https://maralloab.ir"
91.220.113.245 - - [29/Jul/2026:21:04:42 +0330] "GET /wp-content/plugins/really-simple-ssl/testssl/serverhttpson/ssl-test-page.html HTTP/1.1" 200 159 "-" "WordPress/7.0; https://maralloab.ir"
103.124.110.97 - - [29/Jul/2026:21:05:03 +0330] "POST /wp-admin/update.php?action=upload-plugin HTTP/1.1" 403 787 "https://maralloab.ir" "Mozilla/5.0 (Windows NT 10.0; Win64; x64; rv:77.0) Gecko/20100101 Firefox/77.0"
103.124.110.97 - - [29/Jul/2026:21:05:25 +0330] "POST /wp-admin/async-upload.php HTTP/1.1" 403 787 "https://maralloab.ir" "Mozilla/5.0 (Windows NT 10.0; Win64; x64; rv:77.0) Gecko/20100101 Firefox/77.0"
103.124.110.97 - - [29/Jul/2026:21:05:26 +0330] "GET /wp-content/uploads/2026/07/fijlcqvk.php HTTP/1.1" 404 21146 "https://maralloab.ir" "Mozilla/5.0 (Windows NT 10.0; Win64; x64; rv:77.0) Gecko/20100101 Firefox/77.0"
103.124.110.97 - - [29/Jul/2026:21:05:45 +0330] "POST /wp-admin/async-upload.php HTTP/1.1" 403 787 "https://maralloab.ir" "Mozilla/5.0 (Windows NT 10.0; Win64; x64; rv:77.0) Gecko/20100101 Firefox/77.0"
91.220.113.245 - - [29/Jul/2026:21:06:27 +0330] "GET /?wp_scrape_key=2507e8856e5d1ef640b93e63405b9eaf&wp_scrape_nonce=945772207 HTTP/1.1" 200 42715 "-" "WordPress/7.0; https://maralloab.ir"
103.124.110.97 - - [29/Jul/2026:21:06:32 +0330] "GET /wp-content/plugins/backup/backup.php HTTP/1.1" 200 282 "https://maralloab.ir" "Mozilla/5.0 (Windows NT 10.0; Win64; x64; rv:77.0) Gecko/20100101 Firefox/77.0"
91.220.113.245 - - [29/Jul/2026:21:13:56 +0330] "POST /wp-cron.php?doing_wp_cron=1785347036.9405360221862792968750 HTTP/1.1" 200 0 "-" "WordPress/7.0; https://maralloab.ir"
109.122.18.102 - - [29/Jul/2026:21:14:02 +0330] "GET /wp-admin/ HTTP/1.1" 200 92124 "https://maralloab.ir" "Mozilla/5.0 (Windows NT 10.0) AppleWebKit/537.36 (KHTML, like Gecko) Chrome/84.0.4147.105 Safari/537.36"
109.122.18.102 - - [29/Jul/2026:21:14:23 +0330] "POST /wp-admin/user-new.php HTTP/1.1" 200 76387 "https://maralloab.ir" "Mozilla/5.0 (Windows NT 10.0) AppleWebKit/537.36 (KHTML, like Gecko) Chrome/84.0.4147.105 Safari/537.36"
45.131.193.119 - - [29/Jul/2026:21:14:42 +0330] "POST /wp-login.php HTTP/1.1" 503 7829 "-" "Mozilla/5.0 (Windows NT 10.0; Win64; x64) AppleWebKit/537.36 Chrome/129.0.0.0 Safari/537.36"
216.73.217.69 - - [29/Jul/2026:21:17:32 +0330] "GET /robots.txt HTTP/2" 200 330 "-" "Mozilla/5.0 AppleWebKit/537.36 (KHTML, like Gecko; compatible; ClaudeBot/1.0; +claudebot@anthropic.com)"
216.73.217.69 - - [29/Jul/2026:21:17:38 +0330] "GET /wp-sitemap.xml HTTP/2" 200 434 "-" "Mozilla/5.0 AppleWebKit/537.36 (KHTML, like Gecko; compatible; ClaudeBot/1.0; +claudebot@anthropic.com)"
109.122.18.102 - - [29/Jul/2026:21:14:28 +0330] "GET /wp-admin/plugin-install.php?tab=upload HTTP/1.1" 200 76876 "https://maralloab.ir" "Mozilla/5.0 (Windows NT 10.0) AppleWebKit/537.36 (KHTML, like Gecko) Chrome/84.0.4147.105 Safari/537.36"
109.122.18.102 - - [29/Jul/2026:21:14:35 +0330] "POST /wp-admin/update.php?action=upload-plugin HTTP/1.1" 403 787 "https://maralloab.ir" "Mozilla/5.0 (Windows NT 10.0) AppleWebKit/537.36 (KHTML, like Gecko) Chrome/84.0.4147.105 Safari/537.36"
109.122.18.102 - - [29/Jul/2026:21:14:59 +0330] "GET /wp-content/uploads/2026/07/ugkzaiui.php HTTP/1.1" 404 21379 "https://maralloab.ir" "Mozilla/5.0 (Windows NT 10.0) AppleWebKit/537.36 (KHTML, like Gecko) Chrome/84.0.4147.105 Safari/537.36"
91.220.113.245 - - [29/Jul/2026:21:14:52 +0330] "GET /wp-content/plugins/really-simple-ssl/testssl/serverhttpson/ssl-test-page.html HTTP/1.1" 200 159 "-" "WordPress/7.0; https://maralloab.ir"
109.122.18.102 - - [29/Jul/2026:21:14:51 +0330] "GET /wp-admin/media-new.php HTTP/1.1" 200 75855 "https://maralloab.ir" "Mozilla/5.0 (Windows NT 10.0) AppleWebKit/537.36 (KHTML, like Gecko) Chrome/84.0.4147.105 Safari/537.36"
109.122.18.102 - - [29/Jul/2026:21:13:55 +0330] "GET /wp-login.php HTTP/1.1" 200 3549 "https://maralloab.ir" "Mozilla/5.0 (Windows NT 10.0) AppleWebKit/537.36 (KHTML, like Gecko) Chrome/84.0.4147.105 Safari/537.36"
109.122.18.102 - - [29/Jul/2026:21:13:58 +0330] "POST /wp-login.php HTTP/1.1" 500 1650 "https://maralloab.ir" "Mozilla/5.0 (Windows NT 10.0) AppleWebKit/537.36 (KHTML, like Gecko) Chrome/84.0.4147.105 Safari/537.36"
109.122.18.102 - - [29/Jul/2026:21:14:45 +0330] "POST /wp-admin/update.php?action=upload-plugin HTTP/1.1" 403 787 "https://maralloab.ir" "Mozilla/5.0 (Windows NT 10.0) AppleWebKit/537.36 (KHTML, like Gecko) Chrome/84.0.4147.105 Safari/537.36"
109.122.18.102 - - [29/Jul/2026:21:14:15 +0330] "GET /wp-admin/user-new.php HTTP/1.1" 200 76191 "https://maralloab.ir" "Mozilla/5.0 (Windows NT 10.0) AppleWebKit/537.36 (KHTML, like Gecko) Chrome/84.0.4147.105 Safari/537.36"
109.122.18.102 - - [29/Jul/2026:21:14:42 +0330] "POST /wp-admin/update.php?action=upload-plugin HTTP/1.1" 403 787 "https://maralloab.ir" "Mozilla/5.0 (Windows NT 10.0) AppleWebKit/537.36 (KHTML, like Gecko) Chrome/84.0.4147.105 Safari/537.36"
91.220.113.245 - - [29/Jul/2026:21:14:53 +0330] "GET / HTTP/1.1" 200 26445 "-" "WordPress/7.0; https://maralloab.ir"
109.122.18.102 - - [29/Jul/2026:21:14:57 +0330] "POST /wp-admin/async-upload.php HTTP/1.1" 403 787 "https://maralloab.ir" "Mozilla/5.0 (Windows NT 10.0) AppleWebKit/537.36 (KHTML, like Gecko) Chrome/84.0.4147.105 Safari/537.36"
45.131.193.121 - - [29/Jul/2026:21:32:40 +0330] "POST /wp-login.php HTTP/1.1" 503 7829 "-" "Mozilla/5.0 (Windows NT 10.0; Win64; x64) AppleWebKit/537.36 Chrome/129.0.0.0 Safari/537.36"
91.220.113.245 - - [29/Jul/2026:21:32:42 +0330] "POST /wp-cron.php?doing_wp_cron=1785348162.8255488872528076171875 HTTP/1.1" 200 0 "-" "WordPress/7.0; https://maralloab.ir"
91.220.113.245 - - [29/Jul/2026:21:35:34 +0330] "POST /wp-cron.php?doing_wp_cron=1785348334.4025089740753173828125 HTTP/1.1" 200 0 "-" "WordPress/7.0; https://maralloab.ir"
91.220.113.245 - - [29/Jul/2026:21:35:33 +0330] "GET / HTTP/1.1" 200 26445 "-" "Python/3.11 aiohttp/3.9.2"
45.131.193.116 - - [29/Jul/2026:21:50:25 +0330] "POST /wp-login.php HTTP/1.1" 503 7829 "-" "Mozilla/5.0 (Windows NT 10.0; Win64; x64) AppleWebKit/537.36 Chrome/129.0.0.0 Safari/537.36"
91.220.113.245 - - [29/Jul/2026:21:50:27 +0330] "POST /wp-cron.php?doing_wp_cron=1785349227.8846468925476074218750 HTTP/1.1" 200 0 "-" "WordPress/7.0; https://maralloab.ir"
146.56.199.139 - - [29/Jul/2026:22:16:35 +0330] "GET / HTTP/1.1" 200 26450 "https://www.maralloab.ir/" "Mozilla/5.0 (iPhone; CPU iPhone OS 13_2_3 like Mac OS X) AppleWebKit/605.1.15 (KHTML, like Gecko) Version/13.0.3 Mobile/15E148 Safari/604.1"
91.220.113.245 - - [29/Jul/2026:22:08:20 +0330] "POST /wp-cron.php?doing_wp_cron=1785350300.3602058887481689453125 HTTP/1.1" 200 0 "-" "WordPress/7.0; https://maralloab.ir"
91.220.113.245 - - [29/Jul/2026:22:05:34 +0330] "GET / HTTP/1.1" 200 26446 "-" "Python/3.11 aiohttp/3.9.2"
45.131.193.129 - - [29/Jul/2026:22:08:18 +0330] "POST /wp-login.php HTTP/1.1" 503 7829 "-" "Mozilla/5.0 (Windows NT 10.0; Win64; x64) AppleWebKit/537.36 Chrome/129.0.0.0 Safari/537.36"
91.220.113.245 - - [29/Jul/2026:22:16:32 +0330] "POST /wp-cron.php?doing_wp_cron=1785350792.6113119125366210937500 HTTP/1.1" 200 0 "-" "WordPress/7.0; https://maralloab.ir"
146.56.199.139 - - [29/Jul/2026:22:16:31 +0330] "GET / HTTP/1.1" 301 282 "http://www.maralloab.ir" "Mozilla/5.0 (iPhone; CPU iPhone OS 13_2_3 like Mac OS X) AppleWebKit/605.1.15 (KHTML, like Gecko) Version/13.0.3 Mobile/15E148 Safari/604.1"
91.220.113.245 - - [29/Jul/2026:22:05:36 +0330] "POST /wp-cron.php?doing_wp_cron=1785350136.0581059455871582031250 HTTP/1.1" 200 0 "-" "WordPress/7.0; https://maralloab.ir"
91.220.113.245 - - [29/Jul/2026:22:35:32 +0330] "GET / HTTP/1.1" 200 26446 "-" "Python/3.11 aiohttp/3.9.2"
91.220.113.245 - - [29/Jul/2026:22:35:33 +0330] "POST /wp-cron.php?doing_wp_cron=1785351933.7409439086914062500000 HTTP/1.1" 200 0 "-" "WordPress/7.0; https://maralloab.ir"
45.131.193.131 - - [29/Jul/2026:22:26:05 +0330] "POST /wp-login.php HTTP/1.1" 503 7829 "-" "Mozilla/5.0 (Windows NT 10.0; Win64; x64) AppleWebKit/537.36 Chrome/129.0.0.0 Safari/537.36"
91.220.113.245 - - [29/Jul/2026:22:22:35 +0330] "POST /wp-cron.php?doing_wp_cron=1785351154.9533159732818603515625 HTTP/1.1" 200 0 "-" "WordPress/7.0; https://maralloab.ir"
190.6.176.90 - - [29/Jul/2026:22:25:36 +0330] "GET /wp-login.php HTTP/2" 200 3500 "-" "Mozilla/5.0 (Windows NT 10.0; Win64; x64) AppleWebKit/537.36 (KHTML, like Gecko) Chrome/150.0.0.0 Safari/537.36"
43.155.140.157 - - [29/Jul/2026:22:30:30 +0330] "GET /xmlrpc.php?rsd HTTP/1.1" 403 787 "-" "Mozilla/5.0 (iPhone; CPU iPhone OS 13_2_3 like Mac OS X) AppleWebKit/605.1.15 (KHTML, like Gecko) Version/13.0.3 Mobile/15E148 Safari/604.1"
91.220.113.245 - - [29/Jul/2026:22:25:37 +0330] "POST /wp-cron.php?doing_wp_cron=1785351337.4287979602813720703125 HTTP/1.1" 200 0 "-" "WordPress/7.0; https://maralloab.ir"
170.106.35.137 - - [29/Jul/2026:22:22:33 +0330] "GET /about-us/ HTTP/1.1" 200 24124 "-" "Mozilla/5.0 (iPhone; CPU iPhone OS 13_2_3 like Mac OS X) AppleWebKit/605.1.15 (KHTML, like Gecko) Version/13.0.3 Mobile/15E148 Safari/604.1"
158.178.142.174 - - [29/Jul/2026:22:41:54 +0330] "POST /wp-login.php HTTP/1.1" 500 1650 "https://maralloab.ir/wp-login.php" "Mozilla/5.0 (Windows NT 6.1; Win64; x64) AppleWebKit/537.36 (KHTML, like Gecko) Chrome/90.0.4430.212 Safari/537.36"
91.220.113.245 - - [29/Jul/2026:22:42:05 +0330] "POST /wp-cron.php?doing_wp_cron=1785352325.9551379680633544921875 HTTP/1.1" 200 0 "-" "WordPress/7.0; https://maralloab.ir"
158.178.142.174 - - [29/Jul/2026:22:42:00 +0330] "GET /wp-admin/index.php HTTP/1.1" 200 92155 "https://maralloab.ir/wp-login.php" "Mozilla/5.0 (Windows NT 6.1; Win64; x64) AppleWebKit/537.36 (KHTML, like Gecko) Chrome/91.0.4472.124 Safari/537.36"
158.178.142.174 - - [29/Jul/2026:22:42:10 +0330] "GET /wp-admin/plugin-install.php?tab=upload HTTP/1.1" 200 76880 "-" "Mozilla/5.0 (Windows NT 10.0; Win64; x64) AppleWebKit/537.36 (KHTML, like Gecko) Chrome/91.0.4472.124 Safari/537.36"
158.178.142.174 - - [29/Jul/2026:22:42:20 +0330] "POST /wp-admin/update.php?action=upload-plugin HTTP/1.1" 403 787 "-" "Mozilla/5.0 (Windows NT 10.0; Win64; x64; rv:90.0) Gecko/20100101 Firefox/90.0.1"
158.178.142.174 - - [29/Jul/2026:22:42:24 +0330] "GET /wp-admin/theme-install.php?tab=upload HTTP/1.1" 200 80408 "-" "Mozilla/5.0 (Windows NT 10.0; Win64; x64) AppleWebKit/605.1.15 (KHTML, like Gecko) Version/14.1 Safari/605.1.15"
43.153.85.46 - - [29/Jul/2026:22:40:57 +0330] "GET /wp-json/wp/v2/pages/13 HTTP/1.1" 200 1889 "-" "Mozilla/5.0 (iPhone; CPU iPhone OS 13_2_3 like Mac OS X) AppleWebKit/605.1.15 (KHTML, like Gecko) Version/13.0.3 Mobile/15E148 Safari/604.1"
45.131.193.124 - - [29/Jul/2026:22:43:59 +0330] "POST /wp-login.php HTTP/1.1" 200 3721 "-" "Mozilla/5.0 (Windows NT 10.0; Win64; x64) AppleWebKit/537.36 Chrome/129.0.0.0 Safari/537.36"
91.220.113.245 - - [29/Jul/2026:22:42:04 +0330] "GET /wp-content/plugins/really-simple-ssl/testssl/serverhttpson/ssl-test-page.html HTTP/1.1" 200 159 "-" "WordPress/7.0; https://maralloab.ir"
43.157.158.178 - - [29/Jul/2026:22:39:31 +0330] "GET / HTTP/1.1" 200 26450 "http://maralloab.ir" "Mozilla/5.0 (iPhone; CPU iPhone OS 13_2_3 like Mac OS X) AppleWebKit/605.1.15 (KHTML, like Gecko) Version/13.0.3 Mobile/15E148 Safari/604.1"
91.220.113.245 - - [29/Jul/2026:22:42:04 +0330] "GET / HTTP/1.1" 200 26446 "-" "WordPress/7.0; https://maralloab.ir"
91.220.113.245 - - [29/Jul/2026:22:39:33 +0330] "POST /wp-cron.php?doing_wp_cron=1785352173.4623808860778808593750 HTTP/1.1" 200 0 "-" "WordPress/7.0; https://maralloab.ir"
158.178.142.174 - - [29/Jul/2026:22:43:29 +0330] "GET /wp-admin/theme-editor.php?file=404.php HTTP/1.1" 200 102985 "-" "Mozilla/5.0 (Windows NT 10.0; Win64; x64; rv:93.0) Gecko/20100101 Firefox/93.0"
158.178.142.174 - - [29/Jul/2026:22:43:36 +0330] "GET /wp-admin/theme-editor.php?file=404.php HTTP/1.1" 200 102983 "-" "Mozilla/5.0 (X11; Linux x86_64; rv:91.0) Gecko/20100101 Firefox/91.0"
91.220.113.245 - - [29/Jul/2026:22:48:59 +0330] "POST /wp-cron.php?doing_wp_cron=1785352739.9885809421539306640625 HTTP/1.1" 200 0 "-" "WordPress/7.0; https://maralloab.ir"
158.178.142.174 - - [29/Jul/2026:22:50:10 +0330] "GET /wp-admin/theme-install.php?tab=upload HTTP/1.1" 200 80417 "-" "Mozilla/5.0 (Windows NT 10.0; Win64; x64) AppleWebKit/537.36 (KHTML, like Gecko) Chrome/93.0.4577.63 Safari/537.36"
158.178.142.174 - - [29/Jul/2026:22:50:21 +0330] "POST /wp-admin/update.php?action=upload-theme HTTP/1.1" 200 80417 "-" "Mozilla/5.0 (Windows NT 10.0; Win64; x64) AppleWebKit/537.36 (KHTML, like Gecko) Chrome/91.0.4472.124 Safari/537.36"
158.178.142.174 - - [29/Jul/2026:22:48:58 +0330] "POST /wp-login.php HTTP/1.1" 500 1650 "https://maralloab.ir/wp-login.php" "Mozilla/5.0 (Windows NT 10.0; Win64; x64) AppleWebKit/537.36 (KHTML, like Gecko) Chrome/90.0.4430.212 Safari/537.36"
158.178.142.174 - - [29/Jul/2026:22:49:02 +0330] "GET /wp-admin/index.php HTTP/1.1" 200 92170 "https://maralloab.ir/wp-login.php" "Mozilla/5.0 (Windows NT 10.0; Win64; x64) AppleWebKit/537.36 (KHTML, like Gecko) Chrome/91.0.4472.124 Safari/537.36"
158.178.142.174 - - [29/Jul/2026:22:49:05 +0330] "GET /wp-admin/plugin-install.php?tab=upload HTTP/1.1" 200 76874 "-" "Mozilla/5.0 (Macintosh; Intel Mac OS X 10_15_7) AppleWebKit/537.36 (KHTML, like Gecko) Chrome/90.0.4430.212 Safari/537.36"
158.178.142.174 - - [29/Jul/2026:22:49:09 +0330] "POST /wp-admin/update.php?action=upload-plugin HTTP/1.1" 200 76874 "-" "Mozilla/5.0 (Windows NT 10.0; Win64; x64) AppleWebKit/605.1.15 (KHTML, like Gecko) Version/14.1.1 Safari/605.1.15"
158.178.142.174 - - [29/Jul/2026:22:51:20 +0330] "GET /wp-admin/theme-editor.php?file=404.php HTTP/1.1" 200 102941 "-" "Mozilla/5.0 (Windows NT 6.1; Win64; x64; rv:89.0) Gecko/20100101 Firefox/89.0.2"
158.178.142.174 - - [29/Jul/2026:22:51:25 +0330] "GET /wp-admin/theme-editor.php?file=404.php HTTP/1.1" 200 103016 "-" "Mozilla/5.0 (Windows NT 6.1; Win64; x64) AppleWebKit/537.36 (KHTML, like Gecko) Chrome/94.0.4606.71 Safari/537.36"
91.202.233.61 - - [29/Jul/2026:22:56:23 +0330] "GET / HTTP/1.1" 200 124358 "-" "Mozilla/5.0 (Windows NT 10.0; Win64; x64) AppleWebKit/537.36 (KHTML, like Gecko) Chrome/131.0.0.0 Safari/537.36"
91.202.233.61 - - [29/Jul/2026:22:56:26 +0330] "GET /?_wplogin=35fe7057ffed92ff7bc5a0b90f302a77fb5843ad6c972294d68da0b0553b3900 HTTP/1.1" 200 124432 "-" "Mozilla/5.0 (Windows NT 10.0; Win64; x64) AppleWebKit/537.36 (KHTML, like Gecko) Chrome/131.0.0.0 Safari/537.36"
91.202.233.61 - - [29/Jul/2026:22:56:31 +0330] "GET /?_wpm=35fe7057ffed92ff7bc5a0b90f302a77fb5843ad6c972294d68da0b0553b3900 HTTP/1.1" 200 124428 "-" "Mozilla/5.0 (Windows NT 10.0; Win64; x64) AppleWebKit/537.36 (KHTML, like Gecko) Chrome/131.0.0.0 Safari/537.36"
91.220.113.245 - - [29/Jul/2026:22:56:25 +0330] "POST /wp-cron.php?doing_wp_cron=1785353185.3433370590209960937500 HTTP/1.1" 200 0 "-" "WordPress/7.0; https://maralloab.ir"
91.220.113.245 - - [29/Jul/2026:23:05:38 +0330] "POST /wp-cron.php?doing_wp_cron=1785353738.1459109783172607421875 HTTP/1.1" 200 0 "-" "WordPress/7.0; https://maralloab.ir"
195.250.23.54 - - [29/Jul/2026:22:58:41 +0330] "GET /wp-login.php HTTP/2" 200 3500 "-" "Mozilla/5.0 (Windows NT 10.0; Win64; x64) AppleWebKit/537.36 (KHTML, like Gecko) Chrome/150.0.0.0 Safari/537.36"
195.250.23.54 - - [29/Jul/2026:22:58:43 +0330] "POST /wp-login.php HTTP/2" 503 7440 "https://maralloab.ir/wp-login.php" "Mozilla/5.0 (Windows NT 10.0; Win64; x64) AppleWebKit/537.36 (KHTML, like Gecko) Chrome/150.0.0.0 Safari/537.36"
91.220.113.245 - - [29/Jul/2026:23:00:39 +0330] "POST /wp-cron.php?doing_wp_cron=1785353439.1803729534149169921875 HTTP/1.1" 200 0 "-" "WordPress/7.0; https://maralloab.ir"
43.164.192.151 - - [29/Jul/2026:23:01:05 +0330] "GET /wp-json/oembed/1.0/embed?url=https%3A%2F%2Fmaralloab.ir%2Fabout-us%2F HTTP/1.1" 200 2618 "-" "Mozilla/5.0 (iPhone; CPU iPhone OS 13_2_3 like Mac OS X) AppleWebKit/605.1.15 (KHTML, like Gecko) Version/13.0.3 Mobile/15E148 Safari/604.1"
45.131.193.136 - - [29/Jul/2026:23:01:50 +0330] "POST /wp-login.php HTTP/1.1" 503 7829 "-" "Mozilla/5.0 (Windows NT 10.0; Win64; x64) AppleWebKit/537.36 Chrome/129.0.0.0 Safari/537.36"
91.220.113.245 - - [29/Jul/2026:22:58:42 +0330] "POST /wp-cron.php?doing_wp_cron=1785353322.4336760044097900390625 HTTP/1.1" 200 0 "-" "WordPress/7.0; https://maralloab.ir"
142.93.177.136 - - [29/Jul/2026:23:00:37 +0330] "GET / HTTP/1.1" 200 26446 "-" "Mozilla/5.0 (X11; Linux x86_64) AppleWebKit/537.36 (KHTML, like Gecko) Chrome/142.0.0.0 Safari/537.36"
91.220.113.245 - - [29/Jul/2026:23:05:36 +0330] "GET / HTTP/1.1" 200 26447 "-" "Python/3.11 aiohttp/3.9.2"
45.131.193.121 - - [29/Jul/2026:23:19:35 +0330] "POST /wp-login.php HTTP/1.1" 503 7829 "-" "Mozilla/5.0 (Windows NT 10.0; Win64; x64) AppleWebKit/537.36 Chrome/129.0.0.0 Safari/537.36"
216.73.217.69 - - [29/Jul/2026:23:19:30 +0330] "GET /robots.txt HTTP/2" 200 330 "-" "Mozilla/5.0 AppleWebKit/537.36 (KHTML, like Gecko; compatible; ClaudeBot/1.0; +claudebot@anthropic.com)"
216.73.217.69 - - [29/Jul/2026:23:19:31 +0330] "GET /wp-sitemap.xml HTTP/2" 200 434 "-" "Mozilla/5.0 AppleWebKit/537.36 (KHTML, like Gecko; compatible; ClaudeBot/1.0; +claudebot@anthropic.com)"
91.220.113.245 - - [29/Jul/2026:23:19:31 +0330] "POST /wp-cron.php?doing_wp_cron=1785354571.4799149036407470703125 HTTP/1.1" 200 0 "-" "WordPress/7.0; https://maralloab.ir"
91.220.113.245 - - [29/Jul/2026:23:31:13 +0330] "POST /wp-cron.php?doing_wp_cron=1785355273.4705419540405273437500 HTTP/1.1" 200 0 "-" "WordPress/7.0; https://maralloab.ir"
45.131.193.142 - - [29/Jul/2026:23:37:27 +0330] "POST /wp-login.php HTTP/1.1" 503 7829 "-" "Mozilla/5.0 (Windows NT 10.0; Win64; x64) AppleWebKit/537.36 Chrome/129.0.0.0 Safari/537.36"
91.220.113.245 - - [29/Jul/2026:23:35:37 +0330] "POST /wp-cron.php?doing_wp_cron=1785355537.3650639057159423828125 HTTP/1.1" 200 0 "-" "WordPress/7.0; https://maralloab.ir"
91.220.113.245 - - [29/Jul/2026:23:37:30 +0330] "POST /wp-cron.php?doing_wp_cron=1785355650.9762940406799316406250 HTTP/1.1" 200 0 "-" "WordPress/7.0; https://maralloab.ir"
161.97.105.197 - - [29/Jul/2026:23:31:11 +0330] "GET /wp-login.php HTTP/2" 200 3500 "-" "Mozilla/5.0 (Windows NT 10.0; Win64; x64) AppleWebKit/537.36 (KHTML, like Gecko) Chrome/150.0.0.0 Safari/537.36"
161.97.105.197 - - [29/Jul/2026:23:31:14 +0330] "POST /wp-login.php HTTP/2" 503 7440 "https://maralloab.ir/wp-login.php" "Mozilla/5.0 (Windows NT 10.0; Win64; x64) AppleWebKit/537.36 (KHTML, like Gecko) Chrome/150.0.0.0 Safari/537.36"
91.220.113.245 - - [29/Jul/2026:23:35:35 +0330] "GET / HTTP/1.1" 200 26446 "-" "Python/3.11 aiohttp/3.9.2"
91.220.113.245 - - [29/Jul/2026:23:46:05 +0330] "POST /wp-cron.php?doing_wp_cron=1785356165.8582000732421875000000 HTTP/1.1" 200 0 "-" "WordPress/7.0; https://maralloab.ir"
91.220.113.245 - - [29/Jul/2026:23:55:18 +0330] "POST /wp-cron.php?doing_wp_cron=1785356718.6858859062194824218750 HTTP/1.1" 200 0 "-" "WordPress/7.0; https://maralloab.ir"
45.131.193.129 - - [29/Jul/2026:23:55:16 +0330] "POST /wp-login.php HTTP/1.1" 503 7829 "-" "Mozilla/5.0 (Windows NT 10.0; Win64; x64) AppleWebKit/537.36 Chrome/129.0.0.0 Safari/537.36"
212.80.9.235 - - [29/Jul/2026:23:46:04 +0330] "GET /wp-login.php HTTP/2" 200 3500 "-" "Mozilla/5.0 (Windows NT 10.0; Win64; x64) AppleWebKit/537.36 (KHTML, like Gecko) Chrome/150.0.0.0 Safari/537.36"
109.122.18.102 - - [30/Jul/2026:00:01:55 +0330] "GET /wp-content/uploads/2026/07/ugkzaiui.php HTTP/1.1" 404 21379 "-" "Mozilla/5.0 (Windows NT 10.0; Win64; x64) AppleWebKit/537.36 (KHTML, like Gecko) Chrome/112.0.0.0 Safari/537.36"
109.122.18.102 - - [30/Jul/2026:00:02:46 +0330] "POST /wp-content/uploads/2026/07/ugkzaiui.php HTTP/1.1" 403 787 "-" "Mozilla/5.0 (Windows NT 10.0; Win64; x64) AppleWebKit/537.36 (KHTML, like Gecko) Chrome/112.0.0.0 Safari/537.36"
109.122.18.102 - - [30/Jul/2026:00:04:23 +0330] "POST /wp-content/uploads/2026/07/ugkzaiui.php HTTP/1.1" 403 787 "-" "Mozilla/5.0 (Windows NT 10.0; Win64; x64) AppleWebKit/537.36 (KHTML, like Gecko) Chrome/112.0.0.0 Safari/537.36"
109.122.18.102 - - [30/Jul/2026:00:01:52 +0330] "GET /wp-content/uploads/2026/07/ugkzaiui.php HTTP/1.1" 404 21379 "-" "Mozilla/5.0 (Windows NT 10.0; Win64; x64) AppleWebKit/537.36 (KHTML, like Gecko) Chrome/112.0.0.0 Safari/537.36"
109.122.18.102 - - [30/Jul/2026:00:01:54 +0330] "POST /wp-content/uploads/2026/07/ugkzaiui.php HTTP/1.1" 403 787 "-" "Mozilla/5.0 (Windows NT 10.0; Win64; x64) AppleWebKit/537.36 (KHTML, like Gecko) Chrome/112.0.0.0 Safari/537.36"
109.122.18.102 - - [30/Jul/2026:00:01:57 +0330] "GET /wp-content/uploads/2026/07/shotnwub.php HTTP/1.1" 404 21379 "-" "Mozilla/5.0 (Windows NT 10.0; Win64; x64) AppleWebKit/537.36 (KHTML, like Gecko) Chrome/112.0.0.0 Safari/537.36"
109.122.18.102 - - [30/Jul/2026:00:02:05 +0330] "GET /wp-content/uploads/2026/07/ugkzaiui.php HTTP/1.1" 404 103572 "-" "Mozilla/5.0 (Windows NT 10.0; Win64; x64) AppleWebKit/537.36 (KHTML, like Gecko) Chrome/90.0.4430.85 Safari/537.36"
109.122.18.102 - - [30/Jul/2026:00:02:55 +0330] "GET /wp-content/uploads/2026/07/ugkzaiui.php HTTP/1.1" 404 103572 "-" "Mozilla/5.0 (Windows NT 10.0; Win64; x64) AppleWebKit/537.36 (KHTML, like Gecko) Chrome/90.0.4430.85 Safari/537.36"
109.122.18.102 - - [30/Jul/2026:00:04:25 +0330] "GET /wp-content/uploads/2026/07/ugkzaiui.php HTTP/1.1" 404 103572 "-" "Mozilla/5.0 (Windows NT 10.0; Win64; x64) AppleWebKit/537.36 (KHTML, like Gecko) Chrome/90.0.4430.85 Safari/537.36"
45.131.193.141 - - [30/Jul/2026:00:13:07 +0330] "POST /wp-login.php HTTP/1.1" 503 7829 "-" "Mozilla/5.0 (Windows NT 10.0; Win64; x64) AppleWebKit/537.36 Chrome/129.0.0.0 Safari/537.36"
109.122.18.102 - - [30/Jul/2026:00:04:20 +0330] "GET /wp-content/uploads/2026/07/ugkzaiui.php HTTP/1.1" 404 21379 "-" "Mozilla/5.0 (Windows NT 10.0; Win64; x64) AppleWebKit/537.36 (KHTML, like Gecko) Chrome/112.0.0.0 Safari/537.36"
109.122.18.102 - - [30/Jul/2026:00:04:23 +0330] "GET /wp-content/uploads/2026/07/wqksxssv.php HTTP/1.1" 404 21380 "-" "Mozilla/5.0 (Windows NT 10.0; Win64; x64) AppleWebKit/537.36 (KHTML, like Gecko) Chrome/112.0.0.0 Safari/537.36"
91.220.113.245 - - [30/Jul/2026:00:13:10 +0330] "POST /wp-cron.php?doing_wp_cron=1785357790.3499319553375244140625 HTTP/1.1" 200 0 "-" "WordPress/7.0; https://maralloab.ir"
109.122.18.102 - - [30/Jul/2026:00:02:02 +0330] "GET /wp-content/uploads/2026/07/anwutcek.php HTTP/1.1" 404 21379 "-" "Mozilla/5.0 (Windows NT 10.0; Win64; x64) AppleWebKit/537.36 (KHTML, like Gecko) Chrome/112.0.0.0 Safari/537.36"
109.122.18.102 - - [30/Jul/2026:00:02:53 +0330] "GET /wp-content/uploads/2026/07/afcnjpxi.php HTTP/1.1" 404 21379 "-" "Mozilla/5.0 (Windows NT 10.0; Win64; x64) AppleWebKit/537.36 (KHTML, like Gecko) Chrome/112.0.0.0 Safari/537.36"
109.122.18.102 - - [30/Jul/2026:00:04:17 +0330] "GET /wp-content/uploads/2026/07/ugkzaiui.php HTTP/1.1" 404 21379 "-" "Mozilla/5.0 (Windows NT 10.0; Win64; x64) AppleWebKit/537.36 (KHTML, like Gecko) Chrome/112.0.0.0 Safari/537.36"
103.28.36.122 - - [30/Jul/2026:00:13:18 +0330] "GET /wp-login.php HTTP/2" 200 3500 "-" "Mozilla/5.0 (Windows NT 10.0; Win64; x64) AppleWebKit/537.36 (KHTML, like Gecko) Chrome/150.0.0.0 Safari/537.36"
91.220.113.245 - - [30/Jul/2026:00:01:53 +0330] "POST /wp-cron.php?doing_wp_cron=1785357113.8999309539794921875000 HTTP/1.1" 200 0 "-" "WordPress/7.0; https://maralloab.ir"
109.122.18.102 - - [30/Jul/2026:00:02:00 +0330] "GET /wp-content/uploads/2026/07/ugkzaiui.php HTTP/1.1" 404 103572 "-" "Mozilla/5.0 (Windows NT 10.0; Win64; x64) AppleWebKit/537.36 (KHTML, like Gecko) Chrome/90.0.4430.85 Safari/537.36"
109.122.18.102 - - [30/Jul/2026:00:02:01 +0330] "POST /wp-content/uploads/2026/07/ugkzaiui.php HTTP/1.1" 403 787 "-" "Mozilla/5.0 (Windows NT 10.0; Win64; x64) AppleWebKit/537.36 (KHTML, like Gecko) Chrome/112.0.0.0 Safari/537.36"
109.122.18.102 - - [30/Jul/2026:00:02:43 +0330] "GET /wp-content/uploads/2026/07/ugkzaiui.php HTTP/1.1" 404 21379 "-" "Mozilla/5.0 (Windows NT 10.0; Win64; x64) AppleWebKit/537.36 (KHTML, like Gecko) Chrome/112.0.0.0 Safari/537.36"
109.122.18.102 - - [30/Jul/2026:00:04:30 +0330] "GET /wp-content/uploads/2026/07/wgdzlnkj.php HTTP/1.1" 404 21380 "-" "Mozilla/5.0 (Windows NT 10.0; Win64; x64) AppleWebKit/537.36 (KHTML, like Gecko) Chrome/112.0.0.0 Safari/537.36"
109.122.18.102 - - [30/Jul/2026:00:04:33 +0330] "GET /wp-content/uploads/2026/07/ugkzaiui.php HTTP/1.1" 404 103572 "-" "Mozilla/5.0 (Windows NT 10.0; Win64; x64) AppleWebKit/537.36 (KHTML, like Gecko) Chrome/90.0.4430.85 Safari/537.36"
91.220.113.245 - - [30/Jul/2026:00:05:35 +0330] "GET / HTTP/1.1" 200 26446 "-" "Python/3.11 aiohttp/3.9.2"
91.220.113.245 - - [30/Jul/2026:00:02:06 +0330] "POST /wp-cron.php?doing_wp_cron=1785357126.2562060356140136718750 HTTP/1.1" 200 0 "-" "WordPress/7.0; https://maralloab.ir"
109.122.18.102 - - [30/Jul/2026:00:04:19 +0330] "POST /wp-content/uploads/2026/07/ugkzaiui.php HTTP/1.1" 403 787 "-" "Mozilla/5.0 (Windows NT 10.0; Win64; x64) AppleWebKit/537.36 (KHTML, like Gecko) Chrome/112.0.0.0 Safari/537.36"
4.184.60.71 - - [30/Jul/2026:00:28:32 +0330] "GET /wp-content/plugins/hellopress/wp_filemanager.php HTTP/1.1" 404 103581 "-" "-"
4.184.60.71 - - [30/Jul/2026:00:28:38 +0330] "GET /this_is_a_new_hello_world.php HTTP/1.1" 404 103562 "-" "-"
4.184.60.71 - - [30/Jul/2026:00:28:49 +0330] "GET /x.php HTTP/1.1" 404 103538 "-" "-"
4.184.60.71 - - [30/Jul/2026:00:28:52 +0330] "GET /readme.php HTTP/1.1" 404 103543 "-" "-"
4.184.60.71 - - [30/Jul/2026:00:28:54 +0330] "GET /la.php HTTP/1.1" 404 103539 "-" "-"
4.184.60.71 - - [30/Jul/2026:00:28:56 +0330] "GET /style.php HTTP/1.1" 404 103542 "-" "-"
4.184.60.71 - - [30/Jul/2026:00:28:58 +0330] "GET /1.php HTTP/1.1" 404 103538 "-" "-"
4.184.60.71 - - [30/Jul/2026:00:29:01 +0330] "GET /css.php HTTP/1.1" 404 103540 "-" "-"
4.184.60.71 - - [30/Jul/2026:00:29:04 +0330] "GET /8.php HTTP/1.1" 404 103538 "-" "-"
4.184.60.71 - - [30/Jul/2026:00:29:06 +0330] "GET /alpha.php HTTP/1.1" 404 103542 "-" "-"
4.184.60.71 - - [30/Jul/2026:00:29:08 +0330] "GET /wp-2019.php HTTP/1.1" 404 103544 "-" "-"
4.184.60.71 - - [30/Jul/2026:00:29:10 +0330] "GET /db.php HTTP/1.1" 404 103539 "-" "-"
4.184.60.71 - - [30/Jul/2026:00:29:12 +0330] "GET /403.php HTTP/1.1" 404 103540 "-" "-"
4.184.60.71 - - [30/Jul/2026:00:29:14 +0330] "GET /ftde.php HTTP/1.1" 404 103541 "-" "-"
4.184.60.71 - - [30/Jul/2026:00:29:16 +0330] "GET /edit.php HTTP/1.1" 404 103541 "-" "-"
4.184.60.71 - - [30/Jul/2026:00:29:19 +0330] "GET /bthil.php HTTP/1.1" 404 103542 "-" "-"
4.184.60.71 - - [30/Jul/2026:00:29:22 +0330] "GET /radio.php HTTP/1.1" 404 103542 "-" "-"
4.184.60.71 - - [30/Jul/2026:00:29:35 +0330] "GET /.gitignore.php HTTP/1.1" 404 103547 "-" "-"
4.184.60.71 - - [30/Jul/2026:00:29:37 +0330] "GET /jga.php HTTP/1.1" 404 103540 "-" "-"
4.184.60.71 - - [30/Jul/2026:00:29:39 +0330] "GET /crgio.php HTTP/1.1" 404 103542 "-" "-"
4.184.60.71 - - [30/Jul/2026:00:29:41 +0330] "GET /wp-kikikoko.php HTTP/1.1" 404 103548 "-" "-"
4.184.60.71 - - [30/Jul/2026:00:29:43 +0330] "GET /r.php HTTP/1.1" 404 103538 "-" "-"
4.184.60.71 - - [30/Jul/2026:00:29:46 +0330] "GET /file.php HTTP/1.1" 404 103541 "-" "-"
4.184.60.71 - - [30/Jul/2026:00:29:49 +0330] "GET /ty.php HTTP/1.1" 404 103539 "-" "-"
4.184.60.71 - - [30/Jul/2026:00:29:53 +0330] "GET /as.php HTTP/1.1" 404 103539 "-" "-"
4.184.60.71 - - [30/Jul/2026:00:29:55 +0330] "GET /makeasmtp.php HTTP/1.1" 404 103546 "-" "-"
4.184.60.71 - - [30/Jul/2026:00:29:57 +0330] "GET /wp-admin/about.php HTTP/1.1" 302 369 "-" "-"
4.184.60.71 - - [30/Jul/2026:00:29:59 +0330] "GET /wp-login.php?redirect_to=https%3A%2F%2Fmaralloab.ir%2Fwp-admin%2Fabout.php&reauth=1 HTTP/1.1" 200 11379 "-" "-"
45.131.193.126 - - [30/Jul/2026:00:31:01 +0330] "POST /wp-login.php HTTP/1.1" 200 3721 "-" "Mozilla/5.0 (Windows NT 10.0; Win64; x64) AppleWebKit/537.36 Chrome/129.0.0.0 Safari/537.36"
