216.73.217.69 - - [30/Jul/2026:12:31:47 +0330] "GET /wp-sitemap.xml?lokasie=%2Fhome%2Fmaralloab%2Fpublic_html%2Fwp-includes%2Fblocks%2Fpost-date.php&loknya=%2Fhome%2Fmaralloab%2Fpublic_html%2Fwp-includes%2Fblocks HTTP/2" 200 2946 "-" "Mozilla/5.0 AppleWebKit/537.36 (KHTML, like Gecko; compatible; ClaudeBot/1.0; +claudebot@anthropic.com)"
216.73.217.69 - - [30/Jul/2026:12:31:52 +0330] "GET /wp-sitemap.xml?lokasie=%2Fbin%2Fzfgrep&loknya=%2Fbin HTTP/2" 200 1515 "-" "Mozilla/5.0 AppleWebKit/537.36 (KHTML, like Gecko; compatible; ClaudeBot/1.0; +claudebot@anthropic.com)"
216.73.217.69 - - [30/Jul/2026:12:28:07 +0330] "GET /wp-sitemap.xml?loknya=%2Flib64%2Fldb HTTP/2" 200 2154 "-" "Mozilla/5.0 AppleWebKit/537.36 (KHTML, like Gecko; compatible; ClaudeBot/1.0; +claudebot@anthropic.com)"
216.73.217.69 - - [30/Jul/2026:12:28:07 +0330] "GET /wp-sitemap.xml?lokasie=%2Fdev%2Fstdout&loknya=%2Fdev HTTP/2" 200 1487 "-" "Mozilla/5.0 AppleWebKit/537.36 (KHTML, like Gecko; compatible; ClaudeBot/1.0; +claudebot@anthropic.com)"
66.249.68.33 - - [30/Jul/2026:12:25:07 +0330] "GET /author/wordpress_3603cb551b69/?loknya=/ HTTP/1.1" 200 2385 "-" "Mozilla/5.0 (Linux; Android 6.0.1; Nexus 5X Build/MMB29P) AppleWebKit/537.36 (KHTML, like Gecko) Chrome/150.0.7871.186 Mobile Safari/537.36 (compatible; GoogleOther)"
43.131.32.36 - - [30/Jul/2026:12:17:57 +0330] "GET /?loknya=/home/maralloab/public_html HTTP/1.1" 200 3424 "-" "Mozilla/5.0 (iPhone; CPU iPhone OS 13_2_3 like Mac OS X) AppleWebKit/605.1.15 (KHTML, like Gecko) Version/13.0.3 Mobile/15E148 Safari/604.1"
66.249.68.32 - - [30/Jul/2026:12:21:50 +0330] "GET /sovety-po-netvorkingu-dlia-vashego-uspekha/feed/?loknya=/home/maralloab/lscache HTTP/1.1" 200 1775 "-" "Mozilla/5.0 (Linux; Android 6.0.1; Nexus 5X Build/MMB29P) AppleWebKit/537.36 (KHTML, like Gecko) Chrome/150.0.7871.186 Mobile Safari/537.36 (compatible; GoogleOther)"
66.249.68.34 - - [30/Jul/2026:12:23:18 +0330] "GET /sovety-po-netvorkingu-dlia-vashego-uspekha/feed/?lokasie=/home/maralloab/public_html/wp-links-opml.php&loknya=/home/maralloab/public_html HTTP/1.1" 200 2689 "-" "Mozilla/5.0 (Linux; Android 6.0.1; Nexus 5X Build/MMB29P) AppleWebKit/537.36 (KHTML, like Gecko) Chrome/150.0.7871.186 Mobile Safari/537.36 (compatible; GoogleOther)"
66.249.68.33 - - [30/Jul/2026:12:23:55 +0330] "GET /author/wordpress_3603cb551b69/?lokasie=/home/maralloab//.bash_profile&loknya=/home/maralloab/ HTTP/1.1" 200 1583 "-" "Mozilla/5.0 (Linux; Android 6.0.1; Nexus 5X Build/MMB29P) AppleWebKit/537.36 (KHTML, like Gecko) Chrome/150.0.7871.186 Mobile Safari/537.36 (compatible; GoogleOther)"
66.249.68.34 - - [30/Jul/2026:12:26:39 +0330] "GET /author/wordpress_3603cb551b69/?loknya=/home/maralloab/public_html HTTP/1.1" 200 3116 "-" "Mozilla/5.0 (Linux; Android 6.0.1; Nexus 5X Build/MMB29P) AppleWebKit/537.36 (KHTML, like Gecko) Chrome/150.0.7871.186 Mobile Safari/537.36 (compatible; GoogleOther)"
216.73.217.69 - - [30/Jul/2026:12:29:35 +0330] "GET /wp-sitemap.xml?lokasie=%2Fbin%2Fchgrp&loknya=%2Fbin HTTP/2" 200 30651 "-" "Mozilla/5.0 AppleWebKit/537.36 (KHTML, like Gecko; compatible; ClaudeBot/1.0; +claudebot@anthropic.com)"
216.73.217.69 - - [30/Jul/2026:12:29:40 +0330] "GET /wp-sitemap.xml?lokasie=%2Fbin%2Ffmt&loknya=%2Fbin HTTP/2" 200 19833 "-" "Mozilla/5.0 AppleWebKit/537.36 (KHTML, like Gecko; compatible; ClaudeBot/1.0; +claudebot@anthropic.com)"
216.73.217.69 - - [30/Jul/2026:12:32:32 +0330] "GET /index.php?lokasie=%2Fhome%2Fmaralloab%2F%2F.bashrc&loknya=%2Fhome%2Fmaralloab%2F HTTP/2" 200 1723 "-" "Mozilla/5.0 AppleWebKit/537.36 (KHTML, like Gecko; compatible; ClaudeBot/1.0; +claudebot@anthropic.com)"
216.73.217.69 - - [30/Jul/2026:12:32:36 +0330] "GET /wp-sitemap.xml?lokasie=%2Fhome%2Fmaralloab%2Fpublic_html%2Fwp-includes%2Fclass-wp-recovery-mode-cookie-service.php&loknya=%2Fhome%2Fmaralloab%2Fpublic_html%2Fwp-includes HTTP/2" 200 3722 "-" "Mozilla/5.0 AppleWebKit/537.36 (KHTML, like Gecko; compatible; ClaudeBot/1.0; +claudebot@anthropic.com)"
216.73.217.69 - - [30/Jul/2026:12:32:41 +0330] "GET /wp-sitemap.xml?lokasie=%2Flib64%2FlibGLESv2.so.2&loknya=%2Flib64 HTTP/2" 200 17514 "-" "Mozilla/5.0 AppleWebKit/537.36 (KHTML, like Gecko; compatible; ClaudeBot/1.0; +claudebot@anthropic.com)"
216.73.217.69 - - [30/Jul/2026:12:32:46 +0330] "GET /wp-sitemap.xml?lokasie=%2Fhome%2Fmaralloab%2Fpublic_html%2Fwp-includes%2Fjs%2Fmedia-editor.min.js&loknya=%2Fhome%2Fmaralloab%2Fpublic_html%2Fwp-includes%2Fjs HTTP/2" 200 5506 "-" "Mozilla/5.0 AppleWebKit/537.36 (KHTML, like Gecko; compatible; ClaudeBot/1.0; +claudebot@anthropic.com)"
216.73.217.69 - - [30/Jul/2026:12:32:51 +0330] "GET /wp-sitemap.xml?lokasie=%2Fhome%2Fmaralloab%2Fpublic_html%2Fwp-includes%2Fblock-supports%2Felements.php&loknya=%2Fhome%2Fmaralloab%2Fpublic_html%2Fwp-includes%2Fblock-supports HTTP/2" 200 3932 "-" "Mozilla/5.0 AppleWebKit/537.36 (KHTML, like Gecko; compatible; ClaudeBot/1.0; +claudebot@anthropic.com)"
216.73.217.69 - - [30/Jul/2026:12:32:56 +0330] "GET /wp-sitemap.xml?lokasie=%2Flib64%2FlibodbcminiS.so.2&loknya=%2Flib64 HTTP/2" 200 4300 "-" "Mozilla/5.0 AppleWebKit/537.36 (KHTML, like Gecko; compatible; ClaudeBot/1.0; +claudebot@anthropic.com)"
216.73.217.69 - - [30/Jul/2026:12:33:01 +0330] "GET /wp-sitemap.xml?lokasie=%2Flib64%2Flibxmlrpc_openssl.so.1&loknya=%2Flib64 HTTP/2" 200 4454 "-" "Mozilla/5.0 AppleWebKit/537.36 (KHTML, like Gecko; compatible; ClaudeBot/1.0; +claudebot@anthropic.com)"
216.73.217.69 - - [30/Jul/2026:12:33:06 +0330] "GET /wp-sitemap.xml?lokasie=%2Flib64%2Flibutil.so&loknya=%2Flib64 HTTP/2" 200 6623 "-" "Mozilla/5.0 AppleWebKit/537.36 (KHTML, like Gecko; compatible; ClaudeBot/1.0; +claudebot@anthropic.com)"
216.73.217.69 - - [30/Jul/2026:12:33:11 +0330] "GET /wp-sitemap.xml?lokasie=%2Fbin%2Ftclsh8.6&loknya=%2Fbin HTTP/2" 200 4968 "-" "Mozilla/5.0 AppleWebKit/537.36 (KHTML, like Gecko; compatible; ClaudeBot/1.0; +claudebot@anthropic.com)"
216.73.217.69 - - [30/Jul/2026:12:33:16 +0330] "GET /wp-sitemap.xml?lokasie=%2Fhome%2Fmaralloab%2Fpublic_html%2Fwp-includes%2Fclass-wp-recovery-mode-link-service.php&loknya=%2Fhome%2Fmaralloab%2Fpublic_html%2Fwp-includes HTTP/2" 200 2705 "-" "Mozilla/5.0 AppleWebKit/537.36 (KHTML, like Gecko; compatible; ClaudeBot/1.0; +claudebot@anthropic.com)"
216.73.217.69 - - [30/Jul/2026:12:33:21 +0330] "GET /wp-sitemap.xml?lokasie=%2Fhome%2Fmaralloab%2Fpublic_html%2Fwp-admin%2Fjs%2Fnav-menu.min.js&loknya=%2Fhome%2Fmaralloab%2Fpublic_html%2Fwp-admin%2Fjs HTTP/2" 200 10734 "-" "Mozilla/5.0 AppleWebKit/537.36 (KHTML, like Gecko; compatible; ClaudeBot/1.0; +claudebot@anthropic.com)"
216.73.217.69 - - [30/Jul/2026:12:33:26 +0330] "GET /wp-sitemap.xml?lokasie=%2Flib64%2FlibGL.so&loknya=%2Flib64 HTTP/2" 200 112844 "-" "Mozilla/5.0 AppleWebKit/537.36 (KHTML, like Gecko; compatible; ClaudeBot/1.0; +claudebot@anthropic.com)"
216.73.217.69 - - [30/Jul/2026:12:33:31 +0330] "GET /wp-sitemap.xml?lokasie=%2Flib64%2Flibpthread-2.28.so&loknya=%2Flib64 HTTP/2" 200 52530 "-" "Mozilla/5.0 AppleWebKit/537.36 (KHTML, like Gecko; compatible; ClaudeBot/1.0; +claudebot@anthropic.com)"
91.220.113.245 - - [30/Jul/2026:12:35:46 +0330] "GET / HTTP/1.1" 200 3366 "-" "Python/3.11 aiohttp/3.9.2"
66.249.68.34 - - [30/Jul/2026:12:34:15 +0330] "GET /kazino-pinko-ot-traditsionnykh-do-sovremennykh-bonusov/?lokasie=/home/maralloab/public_html/wp-login.php&loknya=/home/maralloab/public_html HTTP/1.1" 200 15729 "-" "Mozilla/5.0 (Linux; Android 6.0.1; Nexus 5X Build/MMB29P) AppleWebKit/537.36 (KHTML, like Gecko) Chrome/150.0.7871.186 Mobile Safari/537.36 (compatible; GoogleOther)"
45.15.244.222 - - [30/Jul/2026:12:35:15 +0330] "GET / HTTP/1.1" 200 3413 "-" "Mozilla/5.0 (Windows NT 10.0; Win64; x64) AppleWebKit/537.36 (KHTML, like Gecko) Chrome/120.0.0.0 Safari/537.36"
43.135.182.95 - - [30/Jul/2026:12:38:07 +0330] "GET /index.php?lokasie=/home/maralloab/public_html/wp-signup.php&loknya=/home/maralloab/public_html HTTP/1.1" 200 9970 "-" "Mozilla/5.0 (iPhone; CPU iPhone OS 13_2_3 like Mac OS X) AppleWebKit/605.1.15 (KHTML, like Gecko) Version/13.0.3 Mobile/15E148 Safari/604.1"
66.249.68.33 - - [30/Jul/2026:12:38:40 +0330] "GET /sovety-po-netvorkingu-dlia-vashego-uspekha/feed/?loknya=/home/maralloab/public_ftp HTTP/1.1" 200 1918 "-" "Mozilla/5.0 (Linux; Android 6.0.1; Nexus 5X Build/MMB29P) AppleWebKit/537.36 (KHTML, like Gecko) Chrome/150.0.7871.186 Mobile Safari/537.36 (compatible; GoogleOther)"
216.73.217.69 - - [30/Jul/2026:12:31:57 +0330] "GET /wp-sitemap.xml?lokasie=%2Fbin%2Ftruncate&loknya=%2Fbin HTTP/2" 200 17646 "-" "Mozilla/5.0 AppleWebKit/537.36 (KHTML, like Gecko; compatible; ClaudeBot/1.0; +claudebot@anthropic.com)"
216.73.217.69 - - [30/Jul/2026:12:32:02 +0330] "GET /wp-sitemap.xml?lokasie=%2Fbin%2Flex&loknya=%2Fbin HTTP/2" 200 135023 "-" "Mozilla/5.0 AppleWebKit/537.36 (KHTML, like Gecko; compatible; ClaudeBot/1.0; +claudebot@anthropic.com)"
216.73.217.69 - - [30/Jul/2026:12:32:06 +0330] "GET /index.php?lokasie=%2Fhome%2Fmaralloab%2Fpublic_html%2Fwp-includes%2Fclass-wp-block-templates-registry.php&loknya=%2Fhome%2Fmaralloab%2Fpublic_html%2Fwp-includes HTTP/2" 200 3432 "-" "Mozilla/5.0 AppleWebKit/537.36 (KHTML, like Gecko; compatible; ClaudeBot/1.0; +claudebot@anthropic.com)"
216.73.217.69 - - [30/Jul/2026:12:32:12 +0330] "GET /index.php?lokasie=%2Fhome%2Fmaralloab%2Fpublic_html%2Fwp-includes%2Fcanonical.php&loknya=%2Fhome%2Fmaralloab%2Fpublic_html%2Fwp-includes HTTP/2" 429 0 "-" "Mozilla/5.0 AppleWebKit/537.36 (KHTML, like Gecko; compatible; ClaudeBot/1.0; +claudebot@anthropic.com)"
216.73.217.69 - - [30/Jul/2026:12:32:16 +0330] "GET /wp-sitemap.xml?lokasie=%2Fhome%2Fmaralloab%2Fpublic_html%2Fwp-includes%2Fblocks%2Fpost-content.php&loknya=%2Fhome%2Fmaralloab%2Fpublic_html%2Fwp-includes%2Fblocks HTTP/2" 200 2577 "-" "Mozilla/5.0 AppleWebKit/537.36 (KHTML, like Gecko; compatible; ClaudeBot/1.0; +claudebot@anthropic.com)"
216.73.217.69 - - [30/Jul/2026:12:32:21 +0330] "GET /wp-sitemap.xml?lokasie=%2Fbin%2Fnl&loknya=%2Fbin HTTP/2" 200 18930 "-" "Mozilla/5.0 AppleWebKit/537.36 (KHTML, like Gecko; compatible; ClaudeBot/1.0; +claudebot@anthropic.com)"
66.249.68.32 - - [30/Jul/2026:12:32:23 +0330] "GET /wp-content/*?lokasie=/home/maralloab/public_html/wp-includes/class-wp-block-templates-registry.php&loknya=/home/maralloab/public_html/wp-includes HTTP/1.1" 200 3427 "-" "Mozilla/5.0 (Linux; Android 6.0.1; Nexus 5X Build/MMB29P) AppleWebKit/537.36 (KHTML, like Gecko) Chrome/150.0.7871.186 Mobile Safari/537.36 (compatible; GoogleOther)"
216.73.217.69 - - [30/Jul/2026:12:32:39 +0330] "GET /wp-sitemap.xml?lokasie=%2Fhome%2Fmaralloab%2Fpublic_html%2Fwp-admin%2Fincludes%2Ferror_log&loknya=%2Fhome%2Fmaralloab%2Fpublic_html%2Fwp-admin%2Fincludes HTTP/2" 200 0 "-" "Mozilla/5.0 AppleWebKit/537.36 (KHTML, like Gecko; compatible; ClaudeBot/1.0; +claudebot@anthropic.com)"
66.249.68.32 - - [30/Jul/2026:12:32:28 +0330] "GET /the-best-online-casinos-with-the-highest-payout-rates/?loknya=/home/maralloab HTTP/1.1" 200 3256 "-" "Mozilla/5.0 (Linux; Android 6.0.1; Nexus 5X Build/MMB29P) AppleWebKit/537.36 (KHTML, like Gecko) Chrome/150.0.7871.186 Mobile Safari/537.36 (compatible; GoogleOther)"
66.249.68.32 - - [30/Jul/2026:12:33:24 +0330] "GET /sovety-po-netvorkingu-dlia-vashego-uspekha/?loknya=/ HTTP/1.1" 200 2385 "-" "Mozilla/5.0 (Linux; Android 6.0.1; Nexus 5X Build/MMB29P) AppleWebKit/537.36 (KHTML, like Gecko) Chrome/150.0.7871.186 Mobile Safari/537.36 (compatible; GoogleOther)"
216.73.217.69 - - [30/Jul/2026:12:33:38 +0330] "GET /wp-sitemap.xml?lokasie=%2Flib64%2Flibcrypto.so.1.1&loknya=%2Flib64 HTTP/2" 200 1232718 "-" "Mozilla/5.0 AppleWebKit/537.36 (KHTML, like Gecko; compatible; ClaudeBot/1.0; +claudebot@anthropic.com)"
216.73.217.69 - - [30/Jul/2026:12:33:42 +0330] "GET /wp-sitemap.xml?lokasie=%2Flib64%2Flibnssdbm3.so&loknya=%2Flib64 HTTP/2" 200 64457 "-" "Mozilla/5.0 AppleWebKit/537.36 (KHTML, like Gecko; compatible; ClaudeBot/1.0; +claudebot@anthropic.com)"
216.73.217.69 - - [30/Jul/2026:12:33:47 +0330] "GET /wp-sitemap.xml?lokasie=%2Flib64%2Flibxcb-sync.so.1.0.0&loknya=%2Flib64 HTTP/2" 200 9135 "-" "Mozilla/5.0 AppleWebKit/537.36 (KHTML, like Gecko; compatible; ClaudeBot/1.0; +claudebot@anthropic.com)"
216.73.217.69 - - [30/Jul/2026:12:33:52 +0330] "GET /wp-sitemap.xml?lokasie=%2Flib64%2Flibisccfg.so&loknya=%2Flib64 HTTP/2" 200 54222 "-" "Mozilla/5.0 AppleWebKit/537.36 (KHTML, like Gecko; compatible; ClaudeBot/1.0; +claudebot@anthropic.com)"
216.73.217.69 - - [30/Jul/2026:12:33:57 +0330] "GET /wp-sitemap.xml?lokasie=%2Flib64%2Flibnfsidmap.so.1&loknya=%2Flib64 HTTP/2" 200 20902 "-" "Mozilla/5.0 AppleWebKit/537.36 (KHTML, like Gecko; compatible; ClaudeBot/1.0; +claudebot@anthropic.com)"
216.73.217.69 - - [30/Jul/2026:12:34:02 +0330] "GET /wp-sitemap.xml?lokasie=%2Flib64%2Flibxcb-composite.so&loknya=%2Flib64 HTTP/2" 200 5288 "-" "Mozilla/5.0 AppleWebKit/537.36 (KHTML, like Gecko; compatible; ClaudeBot/1.0; +claudebot@anthropic.com)"
216.73.217.69 - - [30/Jul/2026:12:34:07 +0330] "GET /wp-sitemap.xml?lokasie=%2Flib64%2Flibkrb5support.so.0&loknya=%2Flib64 HTTP/2" 200 26977 "-" "Mozilla/5.0 AppleWebKit/537.36 (KHTML, like Gecko; compatible; ClaudeBot/1.0; +claudebot@anthropic.com)"
216.73.217.69 - - [30/Jul/2026:12:34:12 +0330] "GET /wp-sitemap.xml?lokasie=%2Flib64%2Flibevent_core-2.1.so.6.0.2&loknya=%2Flib64 HTTP/2" 200 94309 "-" "Mozilla/5.0 AppleWebKit/537.36 (KHTML, like Gecko; compatible; ClaudeBot/1.0; +claudebot@anthropic.com)"
216.73.217.69 - - [30/Jul/2026:12:34:17 +0330] "GET /wp-sitemap.xml?lokasie=%2Fhome%2Fmaralloab%2Fpublic_html%2Fwp-admin%2Fjs%2Faccordion.min.js&loknya=%2Fhome%2Fmaralloab%2Fpublic_html%2Fwp-admin%2Fjs HTTP/2" 200 1875 "-" "Mozilla/5.0 AppleWebKit/537.36 (KHTML, like Gecko; compatible; ClaudeBot/1.0; +claudebot@anthropic.com)"
216.73.217.69 - - [30/Jul/2026:12:34:22 +0330] "GET /wp-sitemap.xml?lokasie=%2Flib64%2Flibnftables.so.1&loknya=%2Flib64 HTTP/2" 200 293446 "-" "Mozilla/5.0 AppleWebKit/537.36 (KHTML, like Gecko; compatible; ClaudeBot/1.0; +claudebot@anthropic.com)"
216.73.217.69 - - [30/Jul/2026:12:34:27 +0330] "GET /wp-sitemap.xml?lokasie=%2Flib64%2FlibodbcnnS.so.2.0.0&loknya=%2Flib64 HTTP/2" 200 4180 "-" "Mozilla/5.0 AppleWebKit/537.36 (KHTML, like Gecko; compatible; ClaudeBot/1.0; +claudebot@anthropic.com)"
216.73.217.69 - - [30/Jul/2026:12:34:32 +0330] "GET /wp-sitemap.xml?lokasie=%2Flib64%2Flibglut.so.3&loknya=%2Flib64 HTTP/2" 200 97780 "-" "Mozilla/5.0 AppleWebKit/537.36 (KHTML, like Gecko; compatible; ClaudeBot/1.0; +claudebot@anthropic.com)"
216.73.217.69 - - [30/Jul/2026:12:34:38 +0330] "GET /wp-sitemap.xml?lokasie=%2Flib64%2Flibkcapi.so.1.4.0&loknya=%2Flib64 HTTP/2" 200 24460 "-" "Mozilla/5.0 AppleWebKit/537.36 (KHTML, like Gecko; compatible; ClaudeBot/1.0; +claudebot@anthropic.com)"
216.73.217.69 - - [30/Jul/2026:12:34:43 +0330] "GET /wp-sitemap.xml?lokasie=%2Flib64%2Flibgvc.so.6&loknya=%2Flib64 HTTP/2" 200 247890 "-" "Mozilla/5.0 AppleWebKit/537.36 (KHTML, like Gecko; compatible; ClaudeBot/1.0; +claudebot@anthropic.com)"
216.73.217.69 - - [30/Jul/2026:12:34:48 +0330] "GET /wp-sitemap.xml?lokasie=%2Fhome%2Fmaralloab%2Fpublic_html%2Fwp-includes%2Fjs%2Fmedia-audiovideo.min.js&loknya=%2Fhome%2Fmaralloab%2Fpublic_html%2Fwp-includes%2Fjs HTTP/2" 200 5123 "-" "Mozilla/5.0 AppleWebKit/537.36 (KHTML, like Gecko; compatible; ClaudeBot/1.0; +claudebot@anthropic.com)"
216.73.217.69 - - [30/Jul/2026:12:34:53 +0330] "GET /wp-sitemap.xml?lokasie=%2Flib64%2Flibxcb-damage.so.0&loknya=%2Flib64 HTTP/2" 200 5101 "-" "Mozilla/5.0 AppleWebKit/537.36 (KHTML, like Gecko; compatible; ClaudeBot/1.0; +claudebot@anthropic.com)"
216.73.217.69 - - [30/Jul/2026:12:34:58 +0330] "GET /wp-sitemap.xml?lokasie=%2Fhome%2Fmaralloab%2Fwww%2Fabout.php&loknya=%2Fhome%2Fmaralloab%2Fwww HTTP/2" 200 1512 "-" "Mozilla/5.0 AppleWebKit/537.36 (KHTML, like Gecko; compatible; ClaudeBot/1.0; +claudebot@anthropic.com)"
216.73.217.69 - - [30/Jul/2026:12:35:03 +0330] "GET /wp-sitemap.xml?lokasie=%2Flib64%2Flibtcl8.6.so&loknya=%2Flib64 HTTP/2" 200 716846 "-" "Mozilla/5.0 AppleWebKit/537.36 (KHTML, like Gecko; compatible; ClaudeBot/1.0; +claudebot@anthropic.com)"
216.73.217.69 - - [30/Jul/2026:12:35:08 +0330] "GET /wp-sitemap.xml?lokasie=%2Flib64%2Flibpango-1.0.so.0.4200.3&loknya=%2Flib64 HTTP/2" 200 119426 "-" "Mozilla/5.0 AppleWebKit/537.36 (KHTML, like Gecko; compatible; ClaudeBot/1.0; +claudebot@anthropic.com)"
216.73.217.69 - - [30/Jul/2026:12:35:13 +0330] "GET /wp-sitemap.xml?lokasie=%2Flib64%2Flibwmf-0.2.so.7&loknya=%2Flib64 HTTP/2" 200 102048 "-" "Mozilla/5.0 AppleWebKit/537.36 (KHTML, like Gecko; compatible; ClaudeBot/1.0; +claudebot@anthropic.com)"
216.73.217.69 - - [30/Jul/2026:12:35:18 +0330] "GET /wp-sitemap.xml?lokasie=%2Flib64%2Flibldap_r-2.4.so.2&loknya=%2Flib64 HTTP/2" 200 139356 "-" "Mozilla/5.0 AppleWebKit/537.36 (KHTML, like Gecko; compatible; ClaudeBot/1.0; +claudebot@anthropic.com)"
216.73.217.69 - - [30/Jul/2026:12:35:23 +0330] "GET /wp-sitemap.xml?lokasie=%2Flib64%2Flibz.so.1.2.11&loknya=%2Flib64 HTTP/2" 200 46957 "-" "Mozilla/5.0 AppleWebKit/537.36 (KHTML, like Gecko; compatible; ClaudeBot/1.0; +claudebot@anthropic.com)"
43.155.129.131 - - [30/Jul/2026:12:47:41 +0330] "GET /?loknya=/home HTTP/1.1" 200 1965 "-" "Mozilla/5.0 (iPhone; CPU iPhone OS 13_2_3 like Mac OS X) AppleWebKit/605.1.15 (KHTML, like Gecko) Version/13.0.3 Mobile/15E148 Safari/604.1"
159.26.120.18 - - [30/Jul/2026:12:43:38 +0330] "POST /xmlrpc.php HTTP/1.1" 403 787 "-" "Python-xmlrpc/3.13"
66.249.68.34 - - [30/Jul/2026:12:41:42 +0330] "GET /author/wordpress_3603cb551b69/?loknya=/home/maralloab/public_html/wp-content HTTP/1.1" 200 2439 "-" "Mozilla/5.0 (Linux; Android 6.0.1; Nexus 5X Build/MMB29P) AppleWebKit/537.36 (KHTML, like Gecko) Chrome/150.0.7871.186 Mobile Safari/537.36 (compatible; GoogleOther)"
159.26.120.18 - - [30/Jul/2026:12:43:39 +0330] "POST /xmlrpc.php HTTP/1.1" 403 787 "-" "Python-xmlrpc/3.13"
159.26.120.18 - wordpress_d85ff02aa0ca [30/Jul/2026:12:43:39 +0330] "POST /wp-json/wp/v2/posts HTTP/1.1" 200 3367 "-" "Mozilla/5.0 (Windows NT 10.0; Win64; x64) AppleWebKit/537.36 (KHTML, like Gecko) Chrome/120.0.0.0 Safari/537.36"
66.249.68.33 - - [30/Jul/2026:12:47:20 +0330] "GET /author/wordpress_3603cb551b69/?lokasie=/home/maralloab/public_html/.user.ini&loknya=/home/maralloab/public_html HTTP/1.1" 200 1920 "-" "Mozilla/5.0 (Linux; Android 6.0.1; Nexus 5X Build/MMB29P) AppleWebKit/537.36 (KHTML, like Gecko) Chrome/150.0.7871.186 Mobile Safari/537.36 (compatible; GoogleOther)"
159.26.120.18 - - [30/Jul/2026:12:43:41 +0330] "POST /wp-login.php HTTP/1.1" 200 3407 "-" "Mozilla/5.0 (Windows NT 10.0; Win64; x64) AppleWebKit/537.36 (KHTML, like Gecko) Chrome/120.0.0.0 Safari/537.36"
66.249.68.33 - - [30/Jul/2026:12:48:03 +0330] "GET /sovety-po-netvorkingu-dlia-vashego-uspekha/feed/?loknya=/home/maralloab/access-logs HTTP/1.1" 200 2025 "-" "Mozilla/5.0 (Linux; Android 6.0.1; Nexus 5X Build/MMB29P) AppleWebKit/537.36 (KHTML, like Gecko) Chrome/150.0.7871.186 Mobile Safari/537.36 (compatible; GoogleOther)"
66.249.68.34 - - [30/Jul/2026:12:40:46 +0330] "GET /author/wordpress_3603cb551b69/?lokasie=/home/maralloab/public_html/license.txt&loknya=/home/maralloab/public_html HTTP/1.1" 200 8936 "-" "Mozilla/5.0 (Linux; Android 6.0.1; Nexus 5X Build/MMB29P) AppleWebKit/537.36 (KHTML, like Gecko) Chrome/150.0.7871.186 Mobile Safari/537.36 (compatible; GoogleOther)"
159.26.120.18 - - [30/Jul/2026:12:43:37 +0330] "GET /xmlrpc.php HTTP/1.1" 403 787 "-" "Mozilla/5.0 (Windows NT 10.0; Win64; x64) AppleWebKit/537.36 (KHTML, like Gecko) Chrome/83.0.4103.116 Safari/537.36"
66.249.68.34 - - [30/Jul/2026:13:00:20 +0330] "GET /author/wordpress_3603cb551b69/?lokasie=/home/maralloab/public_html/wp-login.php&loknya=/home/maralloab/public_html HTTP/1.1" 200 15729 "-" "Mozilla/5.0 (Linux; Android 6.0.1; Nexus 5X Build/MMB29P) AppleWebKit/537.36 (KHTML, like Gecko) Chrome/150.0.7871.186 Mobile Safari/537.36 (compatible; GoogleOther)"
66.249.68.32 - - [30/Jul/2026:13:02:07 +0330] "GET /sovety-po-netvorkingu-dlia-vashego-uspekha/?loknya=/home/maralloab/public_html/ HTTP/1.1" 200 3032 "-" "Mozilla/5.0 (Linux; Android 6.0.1; Nexus 5X Build/MMB29P) AppleWebKit/537.36 (KHTML, like Gecko) Chrome/150.0.7871.186 Mobile Safari/537.36 (compatible; GoogleOther)"
66.249.68.32 - - [30/Jul/2026:12:50:03 +0330] "GET /gdzie-znalezc-roznorodne-nagrody-w-promocje-mostbet-zwiekszajace-emocje/?loknya=/home/maralloab HTTP/1.1" 200 3256 "-" "Mozilla/5.0 (Linux; Android 6.0.1; Nexus 5X Build/MMB29P) AppleWebKit/537.36 (KHTML, like Gecko) Chrome/150.0.7871.186 Mobile Safari/537.36 (compatible; GoogleOther)"
66.249.68.34 - - [30/Jul/2026:13:04:53 +0330] "GET /author/wordpress_3603cb551b69/?loknya=/home/maralloab/wordpress-backups HTTP/1.1" 200 1789 "-" "Mozilla/5.0 (Linux; Android 6.0.1; Nexus 5X Build/MMB29P) AppleWebKit/537.36 (KHTML, like Gecko) Chrome/150.0.7871.186 Mobile Safari/537.36 (compatible; GoogleOther)"
208.122.213.225 - - [30/Jul/2026:12:58:18 +0330] "GET /wp-login.php HTTP/2" 200 3088 "-" "Mozilla/5.0 (Windows NT 10.0; Win64; x64) AppleWebKit/537.36 (KHTML, like Gecko) Chrome/150.0.0.0 Safari/537.36"
208.122.213.225 - - [30/Jul/2026:12:58:19 +0330] "POST /?pilihan&loknya=/home/maralloab/public_html HTTP/2" 200 1468 "https://maralloab.ir/wp-login.php" "Mozilla/5.0 (Windows NT 10.0; Win64; x64) AppleWebKit/537.36 (KHTML, like Gecko) Chrome/150.0.0.0 Safari/537.36"
66.249.68.32 - - [30/Jul/2026:12:58:22 +0330] "GET /sovety-po-netvorkingu-dlia-vashego-uspekha/feed/?lokasie=/home/maralloab/.bash_profile&loknya=/home/maralloab HTTP/1.1" 200 1583 "-" "Mozilla/5.0 (Linux; Android 6.0.1; Nexus 5X Build/MMB29P) AppleWebKit/537.36 (KHTML, like Gecko) Chrome/150.0.7871.186 Mobile Safari/537.36 (compatible; GoogleOther)"
66.249.68.33 - - [30/Jul/2026:12:53:51 +0330] "GET /wp-content/*?loknya=/home/maralloab/public_html/wp-includes/sodium_compat HTTP/1.1" 200 2306 "-" "Mozilla/5.0 (Linux; Android 6.0.1; Nexus 5X Build/MMB29P) AppleWebKit/537.36 (KHTML, like Gecko) Chrome/150.0.7871.186 Mobile Safari/537.36 (compatible; GoogleOther)"
43.159.34.167 - - [30/Jul/2026:12:57:02 +0330] "GET /?loknya=/usr HTTP/1.1" 200 2310 "-" "Mozilla/5.0 (iPhone; CPU iPhone OS 13_2_3 like Mac OS X) AppleWebKit/605.1.15 (KHTML, like Gecko) Version/13.0.3 Mobile/15E148 Safari/604.1"
66.249.68.33 - - [30/Jul/2026:12:58:41 +0330] "GET /author/wordpress_3603cb551b69/?lokasie=/home/maralloab/public_html/wp-trackback.php&loknya=/home/maralloab/public_html HTTP/1.1" 200 3516 "-" "Mozilla/5.0 (Linux; Android 6.0.1; Nexus 5X Build/MMB29P) AppleWebKit/537.36 (KHTML, like Gecko) Chrome/150.0.7871.186 Mobile Safari/537.36 (compatible; GoogleOther)"
66.249.68.33 - - [30/Jul/2026:12:52:39 +0330] "GET /sovety-po-netvorkingu-dlia-vashego-uspekha/feed/?lokasie=/home/maralloab/.bashrc&loknya=/home/maralloab HTTP/1.1" 200 1719 "-" "Mozilla/5.0 (Linux; Android 6.0.1; Nexus 5X Build/MMB29P) AppleWebKit/537.36 (KHTML, like Gecko) Chrome/150.0.7871.186 Mobile Safari/537.36 (compatible; GoogleOther)"
66.249.68.34 - - [30/Jul/2026:12:54:56 +0330] "GET /author/wordpress_3603cb551b69/?lokasie=/home/maralloab/public_html/lock360.php&loknya=/home/maralloab/public_html HTTP/1.1" 200 1516 "-" "Mozilla/5.0 (Linux; Android 6.0.1; Nexus 5X Build/MMB29P) AppleWebKit/537.36 (KHTML, like Gecko) Chrome/150.0.7871.186 Mobile Safari/537.36 (compatible; GoogleOther)"
66.249.68.32 - - [30/Jul/2026:13:02:27 +0330] "GET /sovety-po-netvorkingu-dlia-vashego-uspekha/?loknya=/home/maralloab/public_html HTTP/1.1" 200 3048 "-" "Mozilla/5.0 (Linux; Android 6.0.1; Nexus 5X Build/MMB29P) AppleWebKit/537.36 (KHTML, like Gecko) Chrome/150.0.7871.186 Mobile Safari/537.36 (compatible; GoogleOther)"
66.249.68.32 - - [30/Jul/2026:13:06:16 +0330] "GET /gdzie-znalezc-roznorodne-nagrody-w-promocje-mostbet-zwiekszajace-emocje/?lokasie=/home/maralloab/public_html/lock360.php&loknya=/home/maralloab/public_html HTTP/1.1" 200 1517 "-" "Mozilla/5.0 (Linux; Android 6.0.1; Nexus 5X Build/MMB29P) AppleWebKit/537.36 (KHTML, like Gecko) Chrome/150.0.7871.186 Mobile Safari/537.36 (compatible; GoogleOther)"
216.73.217.69 - - [30/Jul/2026:13:06:30 +0330] "GET /sitemap.xml?lokasie=%2Fhome%2Fmaralloab%2Fpublic_html%2Fwp-includes%2Fhttps-detection.php&loknya=%2Fhome%2Fmaralloab%2Fpublic_html%2Fwp-includes HTTP/2" 200 3526 "-" "Mozilla/5.0 AppleWebKit/537.36 (KHTML, like Gecko; compatible; ClaudeBot/1.0; +claudebot@anthropic.com)"
216.73.217.69 - - [30/Jul/2026:13:06:30 +0330] "GET /sitemap.xml?loknya=%2Fhome%2Fmaralloab%2Fpublic_html%2Fwp-includes%2Fblock-patterns HTTP/2" 200 2393 "-" "Mozilla/5.0 AppleWebKit/537.36 (KHTML, like Gecko; compatible; ClaudeBot/1.0; +claudebot@anthropic.com)"
216.73.217.69 - - [30/Jul/2026:13:06:31 +0330] "GET /sitemap.xml?loknya=%2Fhome%2Fmaralloab%2Fpublic_html%2Fwp-includes%2Fphp-compat HTTP/2" 200 1984 "-" "Mozilla/5.0 AppleWebKit/537.36 (KHTML, like Gecko; compatible; ClaudeBot/1.0; +claudebot@anthropic.com)"
216.73.217.69 - - [30/Jul/2026:13:06:32 +0330] "GET /sitemap.xml?lokasie=%2Fhome%2Fmaralloab%2Fpublic_html%2Fwp-includes%2Fhttps-migration.php&loknya=%2Fhome%2Fmaralloab%2Fpublic_html%2Fwp-includes HTTP/2" 200 3167 "-" "Mozilla/5.0 AppleWebKit/537.36 (KHTML, like Gecko; compatible; ClaudeBot/1.0; +claudebot@anthropic.com)"
216.73.217.69 - - [30/Jul/2026:13:06:32 +0330] "GET /sitemap.xml?loknya=%2Fhome%2Fmaralloab%2Fpublic_html%2Fwp-includes%2Fhtml-api HTTP/2" 200 2495 "-" "Mozilla/5.0 AppleWebKit/537.36 (KHTML, like Gecko; compatible; ClaudeBot/1.0; +claudebot@anthropic.com)"
216.73.217.69 - - [30/Jul/2026:13:06:33 +0330] "GET /sitemap.xml?loknya=%2Fhome%2Fmaralloab%2Fpublic_html%2Fwp-includes%2Finteractivity-api HTTP/2" 200 2094 "-" "Mozilla/5.0 AppleWebKit/537.36 (KHTML, like Gecko; compatible; ClaudeBot/1.0; +claudebot@anthropic.com)"
216.73.217.69 - - [30/Jul/2026:13:06:34 +0330] "GET /sitemap.xml?loknya=%2Fhome2 HTTP/2" 200 1744 "-" "Mozilla/5.0 AppleWebKit/537.36 (KHTML, like Gecko; compatible; ClaudeBot/1.0; +claudebot@anthropic.com)"
216.73.217.69 - - [30/Jul/2026:13:06:34 +0330] "GET /sitemap.xml?loknya=%2Fhome%2Fmaralloab%2F.wp-cli HTTP/2" 200 1900 "-" "Mozilla/5.0 AppleWebKit/537.36 (KHTML, like Gecko; compatible; ClaudeBot/1.0; +claudebot@anthropic.com)"
216.73.217.69 - - [30/Jul/2026:13:06:34 +0330] "GET /sitemap.xml?loknya=%2Flib64 HTTP/2" 200 47547 "-" "Mozilla/5.0 AppleWebKit/537.36 (KHTML, like Gecko; compatible; ClaudeBot/1.0; +claudebot@anthropic.com)"
216.73.217.69 - - [30/Jul/2026:13:06:35 +0330] "GET /sitemap.xml?loknya=%2Flib HTTP/2" 200 3556 "-" "Mozilla/5.0 AppleWebKit/537.36 (KHTML, like Gecko; compatible; ClaudeBot/1.0; +claudebot@anthropic.com)"
216.73.217.69 - - [30/Jul/2026:13:06:35 +0330] "GET /sitemap.xml?loknya=%2Fvar HTTP/2" 200 2426 "-" "Mozilla/5.0 AppleWebKit/537.36 (KHTML, like Gecko; compatible; ClaudeBot/1.0; +claudebot@anthropic.com)"
216.73.217.69 - - [30/Jul/2026:13:06:35 +0330] "GET /sitemap.xml?loknya=%2Fetc HTTP/2" 200 4722 "-" "Mozilla/5.0 AppleWebKit/537.36 (KHTML, like Gecko; compatible; ClaudeBot/1.0; +claudebot@anthropic.com)"
216.73.217.69 - - [30/Jul/2026:13:06:36 +0330] "GET /sitemap.xml?loknya=%2Fsbin HTTP/2" 200 3802 "-" "Mozilla/5.0 AppleWebKit/537.36 (KHTML, like Gecko; compatible; ClaudeBot/1.0; +claudebot@anthropic.com)"
216.73.217.69 - - [30/Jul/2026:13:06:36 +0330] "GET /sitemap.xml?loknya=%2Frun HTTP/2" 200 2527 "-" "Mozilla/5.0 AppleWebKit/537.36 (KHTML, like Gecko; compatible; ClaudeBot/1.0; +claudebot@anthropic.com)"
216.73.217.69 - - [30/Jul/2026:13:06:36 +0330] "GET /sitemap.xml?loknya=%2Fbin HTTP/2" 200 18641 "-" "Mozilla/5.0 AppleWebKit/537.36 (KHTML, like Gecko; compatible; ClaudeBot/1.0; +claudebot@anthropic.com)"
216.73.217.69 - - [30/Jul/2026:13:06:41 +0330] "GET /sitemap.xml?loknya=%2Fhome%2Fmaralloab%2Fpublic_html%2Fwp-includes%2Fcollaboration HTTP/2" 200 2121 "-" "Mozilla/5.0 AppleWebKit/537.36 (KHTML, like Gecko; compatible; ClaudeBot/1.0; +claudebot@anthropic.com)"
216.73.217.69 - - [30/Jul/2026:13:06:41 +0330] "GET /sitemap.xml?loknya=%2Fhome%2Fmaralloab%2Fssl HTTP/2" 200 2184 "-" "Mozilla/5.0 AppleWebKit/537.36 (KHTML, like Gecko; compatible; ClaudeBot/1.0; +claudebot@anthropic.com)"
216.73.217.69 - - [30/Jul/2026:13:06:41 +0330] "GET /sitemap.xml?loknya=%2Fhome%2Fmaralloab%2Fpublic_html%2Fwp-includes%2FIXR HTTP/2" 200 2299 "-" "Mozilla/5.0 AppleWebKit/537.36 (KHTML, like Gecko; compatible; ClaudeBot/1.0; +claudebot@anthropic.com)"
216.73.217.69 - - [30/Jul/2026:13:06:41 +0330] "GET /sitemap.xml?loknya=%2Fhome%2Fmaralloab%2Fpublic_html%2Fwp-includes%2Fblock-bindings HTTP/2" 200 2115 "-" "Mozilla/5.0 AppleWebKit/537.36 (KHTML, like Gecko; compatible; ClaudeBot/1.0; +claudebot@anthropic.com)"
216.73.217.69 - - [30/Jul/2026:13:06:42 +0330] "GET /sitemap.xml?loknya=%2Fhome%2Fmaralloab%2Fpublic_html%2Fwp-includes%2Fjs HTTP/2" 200 5474 "-" "Mozilla/5.0 AppleWebKit/537.36 (KHTML, like Gecko; compatible; ClaudeBot/1.0; +claudebot@anthropic.com)"
216.73.217.69 - - [30/Jul/2026:13:06:43 +0330] "GET /sitemap.xml?loknya=%2Fhome%2Fmaralloab%2Fpublic_html%2Fwp-includes%2Fstyle-engine HTTP/2" 200 2155 "-" "Mozilla/5.0 AppleWebKit/537.36 (KHTML, like Gecko; compatible; ClaudeBot/1.0; +claudebot@anthropic.com)"
216.73.217.69 - - [30/Jul/2026:13:06:43 +0330] "GET /sitemap.xml?loknya=%2Fhome%2Fmaralloab%2Fpublic_html%2Fwp-includes%2Ftheme-compat HTTP/2" 200 2283 "-" "Mozilla/5.0 AppleWebKit/537.36 (KHTML, like Gecko; compatible; ClaudeBot/1.0; +claudebot@anthropic.com)"
216.73.217.69 - - [30/Jul/2026:13:06:43 +0330] "GET /sitemap.xml?loknya=%2Fhome%2Fmaralloab%2Fpublic_html%2Fwp-includes%2Fcustomize HTTP/2" 200 3179 "-" "Mozilla/5.0 AppleWebKit/537.36 (KHTML, like Gecko; compatible; ClaudeBot/1.0; +claudebot@anthropic.com)"
216.73.217.69 - - [30/Jul/2026:13:06:43 +0330] "GET /sitemap.xml?loknya=%2Fhome%2Fmaralloab%2Fpublic_html%2Fwp-includes%2Fblocks HTTP/2" 200 8210 "-" "Mozilla/5.0 AppleWebKit/537.36 (KHTML, like Gecko; compatible; ClaudeBot/1.0; +claudebot@anthropic.com)"
216.73.217.69 - - [30/Jul/2026:13:06:45 +0330] "GET /sitemap.xml?loknya=%2Fhome%2Fmaralloab%2Fpublic_html%2Fwp-includes%2Fwidgets HTTP/2" 200 2592 "-" "Mozilla/5.0 AppleWebKit/537.36 (KHTML, like Gecko; compatible; ClaudeBot/1.0; +claudebot@anthropic.com)"
216.73.217.69 - - [30/Jul/2026:13:06:45 +0330] "GET /sitemap.xml?loknya=%2Fhome%2Fmaralloab%2Fpublic_html%2Fwp-content%2Fplugins HTTP/2" 200 2761 "-" "Mozilla/5.0 AppleWebKit/537.36 (KHTML, like Gecko; compatible; ClaudeBot/1.0; +claudebot@anthropic.com)"
216.73.217.69 - - [30/Jul/2026:13:06:46 +0330] "GET /sitemap.xml?loknya=%2Fhome%2Fmaralloab%2Fpublic_html%2Fwp-includes%2FRequests HTTP/2" 200 1965 "-" "Mozilla/5.0 AppleWebKit/537.36 (KHTML, like Gecko; compatible; ClaudeBot/1.0; +claudebot@anthropic.com)"
216.73.217.69 - - [30/Jul/2026:13:06:46 +0330] "GET /sitemap.xml?loknya=%2Fhome%2Fmaralloab%2Fpublic_html%2Fwp-includes%2FSimplePie HTTP/2" 200 2176 "-" "Mozilla/5.0 AppleWebKit/537.36 (KHTML, like Gecko; compatible; ClaudeBot/1.0; +claudebot@anthropic.com)"
216.73.217.69 - - [30/Jul/2026:13:06:48 +0330] "GET /sitemap.xml?loknya=%2Fhome%2Fmaralloab%2Fpublic_html%2Fwp-includes%2Fphp-ai-client HTTP/2" 200 2142 "-" "Mozilla/5.0 AppleWebKit/537.36 (KHTML, like Gecko; compatible; ClaudeBot/1.0; +claudebot@anthropic.com)"
216.73.217.69 - - [30/Jul/2026:13:06:48 +0330] "GET /sitemap.xml?loknya=%2Fhome%2Fmaralloab%2Fpublic_html%2Fwp-includes%2Frest-api HTTP/2" 200 2269 "-" "Mozilla/5.0 AppleWebKit/537.36 (KHTML, like Gecko; compatible; ClaudeBot/1.0; +claudebot@anthropic.com)"
216.73.217.69 - - [30/Jul/2026:13:07:08 +0330] "GET /sitemap.xml?loknya=%2Fhome%2Fmaralloab%2Fpublic_html%2Fwp-includes%2Ffonts HTTP/2" 200 2282 "-" "Mozilla/5.0 AppleWebKit/537.36 (KHTML, like Gecko; compatible; ClaudeBot/1.0; +claudebot@anthropic.com)"
216.73.217.69 - - [30/Jul/2026:13:07:08 +0330] "GET /sitemap.xml?loknya=%2Fhome%2Fmaralloab%2Faccess-logs HTTP/2" 200 2022 "-" "Mozilla/5.0 AppleWebKit/537.36 (KHTML, like Gecko; compatible; ClaudeBot/1.0; +claudebot@anthropic.com)"
216.73.217.69 - - [30/Jul/2026:13:07:08 +0330] "GET /sitemap.xml?loknya=%2Fhome%2Fmaralloab%2Fpublic_html%2Fwp-includes%2Fsodium_compat HTTP/2" 200 2304 "-" "Mozilla/5.0 AppleWebKit/537.36 (KHTML, like Gecko; compatible; ClaudeBot/1.0; +claudebot@anthropic.com)"
216.73.217.69 - - [30/Jul/2026:13:07:08 +0330] "GET /sitemap.xml?loknya=%2Fhome%2Fmaralloab%2F.trash HTTP/2" 200 1775 "-" "Mozilla/5.0 AppleWebKit/537.36 (KHTML, like Gecko; compatible; ClaudeBot/1.0; +claudebot@anthropic.com)"
216.73.217.69 - - [30/Jul/2026:13:07:08 +0330] "GET /sitemap.xml?loknya=%2Fhome%2Fmaralloab%2Fpublic_html%2F HTTP/2" 200 3110 "-" "Mozilla/5.0 AppleWebKit/537.36 (KHTML, like Gecko; compatible; ClaudeBot/1.0; +claudebot@anthropic.com)"
216.73.217.69 - - [30/Jul/2026:13:07:09 +0330] "GET /sitemap.xml?loknya=%2Fhome%2Fmaralloab%2Fetc HTTP/2" 200 2053 "-" "Mozilla/5.0 AppleWebKit/537.36 (KHTML, like Gecko; compatible; ClaudeBot/1.0; +claudebot@anthropic.com)"
216.73.217.69 - - [30/Jul/2026:13:07:09 +0330] "GET /sitemap.xml?lokasie=%2Fhome%2Fmaralloab%2Fpublic_html%2Fwp-includes%2Fclass-wp-http-encoding.php&loknya=%2Fhome%2Fmaralloab%2Fpublic_html%2Fwp-includes HTTP/2" 200 3725 "-" "Mozilla/5.0 AppleWebKit/537.36 (KHTML, like Gecko; compatible; ClaudeBot/1.0; +claudebot@anthropic.com)"
216.73.217.69 - - [30/Jul/2026:13:07:10 +0330] "GET /sitemap.xml?loknya=%2Fhome%2Fmaralloab%2Fpublic_html%2Fwp-includes%2Fai-client HTTP/2" 200 2173 "-" "Mozilla/5.0 AppleWebKit/537.36 (KHTML, like Gecko; compatible; ClaudeBot/1.0; +claudebot@anthropic.com)"
216.73.217.69 - - [30/Jul/2026:13:07:11 +0330] "GET /sitemap.xml?loknya=%2Fhome%2Fmaralloab%2Flogs HTTP/2" 200 2012 "-" "Mozilla/5.0 AppleWebKit/537.36 (KHTML, like Gecko; compatible; ClaudeBot/1.0; +claudebot@anthropic.com)"
216.73.217.69 - - [30/Jul/2026:13:07:11 +0330] "GET /sitemap.xml?loknya=%2Fhome%2Fmaralloab%2Fpublic_html%2Fwp-includes%2Fcertificates HTTP/2" 200 1984 "-" "Mozilla/5.0 AppleWebKit/537.36 (KHTML, like Gecko; compatible; ClaudeBot/1.0; +claudebot@anthropic.com)"
216.73.217.69 - - [30/Jul/2026:13:07:11 +0330] "GET /sitemap.xml?loknya=%2Fhome%2Fmaralloab%2F.cl.selector HTTP/2" 200 2030 "-" "Mozilla/5.0 AppleWebKit/537.36 (KHTML, like Gecko; compatible; ClaudeBot/1.0; +claudebot@anthropic.com)"
216.73.217.69 - - [30/Jul/2026:13:07:11 +0330] "GET /sitemap.xml?loknya=%2Fhome%2Fmaralloab%2Fmail HTTP/2" 200 2324 "-" "Mozilla/5.0 AppleWebKit/537.36 (KHTML, like Gecko; compatible; ClaudeBot/1.0; +claudebot@anthropic.com)"
216.73.217.69 - - [30/Jul/2026:13:07:11 +0330] "GET /sitemap.xml?loknya=%2Fhome%2Fmaralloab%2Fpublic_html%2Fwp-includes%2Fassets HTTP/2" 200 2101 "-" "Mozilla/5.0 AppleWebKit/537.36 (KHTML, like Gecko; compatible; ClaudeBot/1.0; +claudebot@anthropic.com)"
216.73.217.69 - - [30/Jul/2026:13:07:12 +0330] "GET /sitemap.xml?loknya=%2Fhome%2Fmaralloab%2Fpublic_html%2Fwp-content%2Flanguages HTTP/2" 200 5274 "-" "Mozilla/5.0 AppleWebKit/537.36 (KHTML, like Gecko; compatible; ClaudeBot/1.0; +claudebot@anthropic.com)"
216.73.217.69 - - [30/Jul/2026:13:07:12 +0330] "GET /sitemap.xml?loknya=%2Fhome%2Fmaralloab%2Fpublic_html%2Fwp-includes%2Fbuild HTTP/2" 200 2210 "-" "Mozilla/5.0 AppleWebKit/537.36 (KHTML, like Gecko; compatible; ClaudeBot/1.0; +claudebot@anthropic.com)"
216.73.217.69 - - [30/Jul/2026:13:07:13 +0330] "GET /sitemap.xml?loknya=%2Fhome%2Fmaralloab%2Fpublic_html%2Fwp-includes%2Fsitemaps HTTP/2" 200 2259 "-" "Mozilla/5.0 AppleWebKit/537.36 (KHTML, like Gecko; compatible; ClaudeBot/1.0; +claudebot@anthropic.com)"
216.73.217.69 - - [30/Jul/2026:13:07:12 +0330] "GET /sitemap.xml?lokasie=%2Fhome%2Fmaralloab%2Fpublic_html%2Fwp-includes%2Fclass-wp-text-diff-renderer-inline.php&loknya=%2Fhome%2Fmaralloab%2Fpublic_html%2Fwp-includes HTTP/2" 200 2016 "-" "Mozilla/5.0 AppleWebKit/537.36 (KHTML, like Gecko; compatible; ClaudeBot/1.0; +claudebot@anthropic.com)"
216.73.217.69 - - [30/Jul/2026:13:07:13 +0330] "GET /sitemap.xml?loknya=%2Fhome%2Fmaralloab%2Fpublic_html%2Fwp-content%2Fwflogs HTTP/2" 200 2408 "-" "Mozilla/5.0 AppleWebKit/537.36 (KHTML, like Gecko; compatible; ClaudeBot/1.0; +claudebot@anthropic.com)"
216.73.217.69 - - [30/Jul/2026:13:07:13 +0330] "GET /sitemap.xml?loknya=%2Fhome%2Fmaralloab%2Fpublic_html%2Fwp-content%2Fuploads HTTP/2" 200 2358 "-" "Mozilla/5.0 AppleWebKit/537.36 (KHTML, like Gecko; compatible; ClaudeBot/1.0; +claudebot@anthropic.com)"
216.73.217.69 - - [30/Jul/2026:13:07:14 +0330] "GET /sitemap.xml?loknya=%2Fhome%2Fmaralloab%2F.koality HTTP/2" 200 1784 "-" "Mozilla/5.0 AppleWebKit/537.36 (KHTML, like Gecko; compatible; ClaudeBot/1.0; +claudebot@anthropic.com)"
216.73.217.69 - - [30/Jul/2026:13:07:14 +0330] "GET /sitemap.xml?loknya=%2Fhome%2Fmaralloab%2Fpublic_html%2Fwp-includes%2FID3 HTTP/2" 200 2568 "-" "Mozilla/5.0 AppleWebKit/537.36 (KHTML, like Gecko; compatible; ClaudeBot/1.0; +claudebot@anthropic.com)"
216.73.217.69 - - [30/Jul/2026:13:07:29 +0330] "GET /sitemap.xml?lokasie=%2Fhome%2Fmaralloab%2Fpublic_html%2Fwp-includes%2Fclass-wp-oembed-controller.php&loknya=%2Fhome%2Fmaralloab%2Fpublic_html%2Fwp-includes HTTP/2" 200 3771 "-" "Mozilla/5.0 AppleWebKit/537.36 (KHTML, like Gecko; compatible; ClaudeBot/1.0; +claudebot@anthropic.com)"
216.73.217.69 - - [30/Jul/2026:13:07:29 +0330] "GET /sitemap.xml?lokasie=%2Fhome%2Fmaralloab%2Fpublic_html%2Fwp-includes%2Fclass-wp-theme-json-data.php&loknya=%2Fhome%2Fmaralloab%2Fpublic_html%2Fwp-includes HTTP/2" 200 2199 "-" "Mozilla/5.0 AppleWebKit/537.36 (KHTML, like Gecko; compatible; ClaudeBot/1.0; +claudebot@anthropic.com)"
216.73.217.69 - - [30/Jul/2026:13:07:29 +0330] "GET /sitemap.xml?loknya=%2Fhome%2Fmaralloab%2Fpublic_html%2Fwp-includes%2Fimages HTTP/2" 200 2966 "-" "Mozilla/5.0 AppleWebKit/537.36 (KHTML, like Gecko; compatible; ClaudeBot/1.0; +claudebot@anthropic.com)"
216.73.217.69 - - [30/Jul/2026:13:07:29 +0330] "GET /sitemap.xml?lokasie=%2Fhome%2Fmaralloab%2Fpublic_html%2Fwp-includes%2Fclass-wp-object-cache.php&loknya=%2Fhome%2Fmaralloab%2Fpublic_html%2Fwp-includes HTTP/2" 200 5495 "-" "Mozilla/5.0 AppleWebKit/537.36 (KHTML, like Gecko; compatible; ClaudeBot/1.0; +claudebot@anthropic.com)"
216.73.217.69 - - [30/Jul/2026:13:07:29 +0330] "GET /sitemap.xml?lokasie=%2Fhome%2Fmaralloab%2Fpublic_html%2Fwp-includes%2Fclass-wp-http-proxy.php&loknya=%2Fhome%2Fmaralloab%2Fpublic_html%2Fwp-includes HTTP/2" 200 3508 "-" "Mozilla/5.0 AppleWebKit/537.36 (KHTML, like Gecko; compatible; ClaudeBot/1.0; +claudebot@anthropic.com)"
216.73.217.69 - - [30/Jul/2026:13:07:29 +0330] "GET /sitemap.xml?lokasie=%2Fhome%2Fmaralloab%2Fpublic_html%2Fwp-includes%2Fwp-diff.php&loknya=%2Fhome%2Fmaralloab%2Fpublic_html%2Fwp-includes HTTP/2" 200 1850 "-" "Mozilla/5.0 AppleWebKit/537.36 (KHTML, like Gecko; compatible; ClaudeBot/1.0; +claudebot@anthropic.com)"
216.73.217.69 - - [30/Jul/2026:13:07:31 +0330] "GET /sitemap.xml?lokasie=%2Fhome%2Fmaralloab%2Fpublic_html%2Fwp-includes%2Fclass-wp-block-processor.php&loknya=%2Fhome%2Fmaralloab%2Fpublic_html%2Fwp-includes HTTP/2" 200 19287 "-" "Mozilla/5.0 AppleWebKit/537.36 (KHTML, like Gecko; compatible; ClaudeBot/1.0; +claudebot@anthropic.com)"
216.73.217.69 - - [30/Jul/2026:13:07:32 +0330] "GET /sitemap.xml?loknya=%2Fhome%2Fmaralloab%2Fpublic_html%2Fwp-includes%2Fl10n HTTP/2" 200 2140 "-" "Mozilla/5.0 AppleWebKit/537.36 (KHTML, like Gecko; compatible; ClaudeBot/1.0; +claudebot@anthropic.com)"
216.73.217.69 - - [30/Jul/2026:13:07:32 +0330] "GET /sitemap.xml?loknya=%2Fhome%2Fmaralloab%2F.cpanel HTTP/2" 200 2349 "-" "Mozilla/5.0 AppleWebKit/537.36 (KHTML, like Gecko; compatible; ClaudeBot/1.0; +claudebot@anthropic.com)"
66.249.68.33 - - [30/Jul/2026:13:07:25 +0330] "GET /wp-content/*?loknya=/home/maralloab/public_html/wp-includes/sodium_compat/namespaced HTTP/1.1" 200 2185 "-" "Mozilla/5.0 (Linux; Android 6.0.1; Nexus 5X Build/MMB29P) AppleWebKit/537.36 (KHTML, like Gecko) Chrome/150.0.7871.186 Mobile Safari/537.36 (compatible; GoogleOther)"
216.73.217.69 - - [30/Jul/2026:13:07:48 +0330] "GET /sitemap.xml?lokasie=%2Fhome%2Fmaralloab%2Fpublic_html%2Fwp-includes%2Fclass-wp-block-parser-block.php&loknya=%2Fhome%2Fmaralloab%2Fpublic_html%2Fwp-includes HTTP/2" 200 2290 "-" "Mozilla/5.0 AppleWebKit/537.36 (KHTML, like Gecko; compatible; ClaudeBot/1.0; +claudebot@anthropic.com)"
216.73.217.69 - - [30/Jul/2026:13:07:48 +0330] "GET /sitemap.xml?lokasie=%2Fhome%2Fmaralloab%2Fpublic_html%2Fwp-includes%2Fclass-wp-user-request.php&loknya=%2Fhome%2Fmaralloab%2Fpublic_html%2Fwp-includes HTTP/2" 200 2183 "-" "Mozilla/5.0 AppleWebKit/537.36 (KHTML, like Gecko; compatible; ClaudeBot/1.0; +claudebot@anthropic.com)"
216.73.217.69 - - [30/Jul/2026:13:07:48 +0330] "GET /sitemap.xml?lokasie=%2Fhome%2Fmaralloab%2Fpublic_html%2Fwp-includes%2Fclass-wp-http.php&loknya=%2Fhome%2Fmaralloab%2Fpublic_html%2Fwp-includes HTTP/2" 200 13587 "-" "Mozilla/5.0 AppleWebKit/537.36 (KHTML, like Gecko; compatible; ClaudeBot/1.0; +claudebot@anthropic.com)"
216.73.217.69 - - [30/Jul/2026:13:07:48 +0330] "GET /sitemap.xml?lokasie=%2Fhome%2Fmaralloab%2Fpublic_html%2Fwp-includes%2Fclass-wp-image-editor.php&loknya=%2Fhome%2Fmaralloab%2Fpublic_html%2Fwp-includes HTTP/2" 200 6547 "-" "Mozilla/5.0 AppleWebKit/537.36 (KHTML, like Gecko; compatible; ClaudeBot/1.0; +claudebot@anthropic.com)"
216.73.217.69 - - [30/Jul/2026:13:07:48 +0330] "GET /sitemap.xml?lokasie=%2Fhome%2Fmaralloab%2Fpublic_html%2Fwp-includes%2Fblock-patterns.php&loknya=%2Fhome%2Fmaralloab%2Fpublic_html%2Fwp-includes HTTP/2" 200 5130 "-" "Mozilla/5.0 AppleWebKit/537.36 (KHTML, like Gecko; compatible; ClaudeBot/1.0; +claudebot@anthropic.com)"
216.73.217.69 - - [30/Jul/2026:13:07:48 +0330] "GET /sitemap.xml?lokasie=%2Fhome%2Fmaralloab%2Fpublic_html%2Fwp-includes%2Fclass-wp-xmlrpc-server.php&loknya=%2Fhome%2Fmaralloab%2Fpublic_html%2Fwp-includes HTTP/2" 200 40615 "-" "Mozilla/5.0 AppleWebKit/537.36 (KHTML, like Gecko; compatible; ClaudeBot/1.0; +claudebot@anthropic.com)"
216.73.217.69 - - [30/Jul/2026:13:07:49 +0330] "GET /sitemap.xml?lokasie=%2Fhome%2Fmaralloab%2Fpublic_html%2Fwp-includes%2Fclass-wp-customize-section.php&loknya=%2Fhome%2Fmaralloab%2Fpublic_html%2Fwp-includes HTTP/2" 200 4873 "-" "Mozilla/5.0 AppleWebKit/537.36 (KHTML, like Gecko; compatible; ClaudeBot/1.0; +claudebot@anthropic.com)"
216.73.217.69 - - [30/Jul/2026:13:07:50 +0330] "GET /sitemap.xml?lokasie=%2Fhome%2Fmaralloab%2Fpublic_html%2Fwp-includes%2Fclass-wp-editor.php&loknya=%2Fhome%2Fmaralloab%2Fpublic_html%2Fwp-includes HTTP/2" 200 20034 "-" "Mozilla/5.0 AppleWebKit/537.36 (KHTML, like Gecko; compatible; ClaudeBot/1.0; +claudebot@anthropic.com)"
216.73.217.69 - - [30/Jul/2026:13:07:51 +0330] "GET /sitemap.xml?loknya=%2Fhome%2Fmaralloab%2Fpublic_html%2Fwp-content%2Fupgrade-temp-backup HTTP/2" 200 1946 "-" "Mozilla/5.0 AppleWebKit/537.36 (KHTML, like Gecko; compatible; ClaudeBot/1.0; +claudebot@anthropic.com)"
216.73.217.69 - - [30/Jul/2026:13:07:51 +0330] "GET /sitemap.xml?lokasie=%2Fhome%2Fmaralloab%2Fpublic_html%2Fwp-includes%2Fclass-wp-error.php&loknya=%2Fhome%2Fmaralloab%2Fpublic_html%2Fwp-includes HTTP/2" 200 3483 "-" "Mozilla/5.0 AppleWebKit/537.36 (KHTML, like Gecko; compatible; ClaudeBot/1.0; +claudebot@anthropic.com)"
216.73.217.69 - - [30/Jul/2026:13:07:51 +0330] "GET /sitemap.xml?lokasie=%2Fhome%2Fmaralloab%2Fpublic_html%2Fwp-includes%2Fclass-wp-block-parser-frame.php&loknya=%2Fhome%2Fmaralloab%2Fpublic_html%2Fwp-includes HTTP/2" 200 2085 "-" "Mozilla/5.0 AppleWebKit/537.36 (KHTML, like Gecko; compatible; ClaudeBot/1.0; +claudebot@anthropic.com)"
91.220.113.245 - - [30/Jul/2026:13:05:44 +0330] "GET / HTTP/1.1" 200 3366 "-" "Python/3.11 aiohttp/3.9.2"
216.73.217.69 - - [30/Jul/2026:13:07:56 +0330] "GET /sitemap.xml?lokasie=%2Fhome%2Fmaralloab%2Fpublic_html%2Fwp-includes%2Fclass-wp-customize-control.php&loknya=%2Fhome%2Fmaralloab%2Fpublic_html%2Fwp-includes HTTP/2" 200 7822 "-" "Mozilla/5.0 AppleWebKit/537.36 (KHTML, like Gecko; compatible; ClaudeBot/1.0; +claudebot@anthropic.com)"
216.73.217.69 - - [30/Jul/2026:13:07:56 +0330] "GET /sitemap.xml?lokasie=%2Fhome%2Fmaralloab%2Fpublic_html%2Fwp-includes%2Fclass-wp-http-streams.php&loknya=%2Fhome%2Fmaralloab%2Fpublic_html%2Fwp-includes HTTP/2" 200 6544 "-" "Mozilla/5.0 AppleWebKit/537.36 (KHTML, like Gecko; compatible; ClaudeBot/1.0; +claudebot@anthropic.com)"
216.73.217.69 - - [30/Jul/2026:13:07:56 +0330] "GET /sitemap.xml?lokasie=%2Fhome%2Fmaralloab%2Fpublic_html%2Fwp-includes%2Fclass-wp-theme-json-schema.php&loknya=%2Fhome%2Fmaralloab%2Fpublic_html%2Fwp-includes HTTP/2" 200 3920 "-" "Mozilla/5.0 AppleWebKit/537.36 (KHTML, like Gecko; compatible; ClaudeBot/1.0; +claudebot@anthropic.com)"
216.73.217.69 - - [30/Jul/2026:13:07:56 +0330] "GET /sitemap.xml?lokasie=%2Fhome%2Fmaralloab%2Fpublic_html%2Fwp-includes%2Fdefault-widgets.php&loknya=%2Fhome%2Fmaralloab%2Fpublic_html%2Fwp-includes HTTP/2" 200 1993 "-" "Mozilla/5.0 AppleWebKit/537.36 (KHTML, like Gecko; compatible; ClaudeBot/1.0; +claudebot@anthropic.com)"
216.73.217.69 - - [30/Jul/2026:13:07:56 +0330] "GET /sitemap.xml?lokasie=%2Fhome%2Fmaralloab%2Fpublic_html%2Fwp-includes%2Fclass-wp-theme.php&loknya=%2Fhome%2Fmaralloab%2Fpublic_html%2Fwp-includes HTTP/2" 200 17237 "-" "Mozilla/5.0 AppleWebKit/537.36 (KHTML, like Gecko; compatible; ClaudeBot/1.0; +claudebot@anthropic.com)"
216.73.217.69 - - [30/Jul/2026:13:07:56 +0330] "GET /sitemap.xml?lokasie=%2Fhome%2Fmaralloab%2Fpublic_html%2Fwp-includes%2Fclass-wp-token-map.php&loknya=%2Fhome%2Fmaralloab%2Fpublic_html%2Fwp-includes HTTP/2" 200 10001 "-" "Mozilla/5.0 AppleWebKit/537.36 (KHTML, like Gecko; compatible; ClaudeBot/1.0; +claudebot@anthropic.com)"
216.73.217.69 - - [30/Jul/2026:13:07:56 +0330] "GET /sitemap.xml?lokasie=%2Fhome%2Fmaralloab%2Fpublic_html%2Fwp-includes%2Fclass-wp-embed.php&loknya=%2Fhome%2Fmaralloab%2Fpublic_html%2Fwp-includes HTTP/2" 200 6562 "-" "Mozilla/5.0 AppleWebKit/537.36 (KHTML, like Gecko; compatible; ClaudeBot/1.0; +claudebot@anthropic.com)"
216.73.217.69 - - [30/Jul/2026:13:07:56 +0330] "GET /sitemap.xml?lokasie=%2Fhome%2Fmaralloab%2Fpublic_html%2Fwp-includes%2Fclass-wp-http-response.php&loknya=%2Fhome%2Fmaralloab%2Fpublic_html%2Fwp-includes HTTP/2" 200 2455 "-" "Mozilla/5.0 AppleWebKit/537.36 (KHTML, like Gecko; compatible; ClaudeBot/1.0; +claudebot@anthropic.com)"
216.73.217.69 - - [30/Jul/2026:13:07:59 +0330] "GET /sitemap.xml?lokasie=%2Fhome%2Fmaralloab%2Fpublic_html%2Fwp-includes%2Fclass-wp-customize-widgets.php&loknya=%2Fhome%2Fmaralloab%2Fpublic_html%2Fwp-includes HTTP/2" 200 19402 "-" "Mozilla/5.0 AppleWebKit/537.36 (KHTML, like Gecko; compatible; ClaudeBot/1.0; +claudebot@anthropic.com)"
216.73.217.69 - - [30/Jul/2026:13:07:59 +0330] "GET /sitemap.xml?lokasie=%2Fhome%2Fmaralloab%2Fpublic_html%2Fwp-includes%2Fclass-wp-plugin-dependencies.php&loknya=%2Fhome%2Fmaralloab%2Fpublic_html%2Fwp-includes HTTP/2" 200 7085 "-" "Mozilla/5.0 AppleWebKit/537.36 (KHTML, like Gecko; compatible; ClaudeBot/1.0; +claudebot@anthropic.com)"
216.73.217.69 - - [30/Jul/2026:13:08:00 +0330] "GET /sitemap.xml?lokasie=%2Fhome%2Fmaralloab%2Fpublic_html%2Fwp-includes%2Fclass-wp-http-cookie.php&loknya=%2Fhome%2Fmaralloab%2Fpublic_html%2Fwp-includes HTTP/2" 200 4102 "-" "Mozilla/5.0 AppleWebKit/537.36 (KHTML, like Gecko; compatible; ClaudeBot/1.0; +claudebot@anthropic.com)"
216.73.217.69 - - [30/Jul/2026:13:08:00 +0330] "GET /sitemap.xml?lokasie=%2Fhome%2Fmaralloab%2Fpublic_html%2Fwp-includes%2Fclass-wp-feed-cache.php&loknya=%2Fhome%2Fmaralloab%2Fpublic_html%2Fwp-includes HTTP/2" 200 2016 "-" "Mozilla/5.0 AppleWebKit/537.36 (KHTML, like Gecko; compatible; ClaudeBot/1.0; +claudebot@anthropic.com)"
216.73.217.69 - - [30/Jul/2026:13:06:48 +0330] "GET /sitemap.xml?loknya=%2Fhome%2Fmaralloab%2Fpublic_html%2Fwp-includes%2FText HTTP/2" 200 2151 "-" "Mozilla/5.0 AppleWebKit/537.36 (KHTML, like Gecko; compatible; ClaudeBot/1.0; +claudebot@anthropic.com)"
216.73.217.69 - - [30/Jul/2026:13:06:48 +0330] "GET /sitemap.xml?loknya=%2Fhome%2Fmaralloab%2Ftmp HTTP/2" 200 2104 "-" "Mozilla/5.0 AppleWebKit/537.36 (KHTML, like Gecko; compatible; ClaudeBot/1.0; +claudebot@anthropic.com)"
216.73.217.69 - - [30/Jul/2026:13:06:48 +0330] "GET /sitemap.xml?loknya=%2Fhome%2Fmaralloab%2Fpublic_html%2Fwp-includes%2Fabilities-api HTTP/2" 200 2119 "-" "Mozilla/5.0 AppleWebKit/537.36 (KHTML, like Gecko; compatible; ClaudeBot/1.0; +claudebot@anthropic.com)"
216.73.217.69 - - [30/Jul/2026:13:06:49 +0330] "GET /sitemap.xml?loknya=%2Fhome%2Fmaralloab%2Fwordpress-backups HTTP/2" 200 1791 "-" "Mozilla/5.0 AppleWebKit/537.36 (KHTML, like Gecko; compatible; ClaudeBot/1.0; +claudebot@anthropic.com)"
216.73.217.69 - - [30/Jul/2026:13:06:49 +0330] "GET /sitemap.xml?loknya=%2Fhome%2Fmaralloab%2Fpublic_html%2Fwp-includes%2Fcss HTTP/2" 200 3248 "-" "Mozilla/5.0 AppleWebKit/537.36 (KHTML, like Gecko; compatible; ClaudeBot/1.0; +claudebot@anthropic.com)"
216.73.217.69 - - [30/Jul/2026:13:06:49 +0330] "GET /sitemap.xml?loknya=%2Fhome%2F HTTP/2" 200 1883 "-" "Mozilla/5.0 AppleWebKit/537.36 (KHTML, like Gecko; compatible; ClaudeBot/1.0; +claudebot@anthropic.com)"
216.73.217.69 - - [30/Jul/2026:13:08:05 +0330] "GET /sitemap.xml?lokasie=%2Fhome%2Fmaralloab%2Fpublic_html%2Fwp-includes%2Fclass-wp-user-query.php&loknya=%2Fhome%2Fmaralloab%2Fpublic_html%2Fwp-includes HTTP/2" 200 11987 "-" "Mozilla/5.0 AppleWebKit/537.36 (KHTML, like Gecko; compatible; ClaudeBot/1.0; +claudebot@anthropic.com)"
216.73.217.69 - - [30/Jul/2026:13:08:05 +0330] "GET /sitemap.xml?lokasie=%2Fhome%2Fmaralloab%2Fpublic_html%2Fwp-includes%2Fclass-wp-network.php&loknya=%2Fhome%2Fmaralloab%2Fpublic_html%2Fwp-includes HTTP/2" 200 5506 "-" "Mozilla/5.0 AppleWebKit/537.36 (KHTML, like Gecko; compatible; ClaudeBot/1.0; +claudebot@anthropic.com)"
216.73.217.69 - - [30/Jul/2026:13:08:05 +0330] "GET /sitemap.xml?lokasie=%2Fhome%2Fmaralloab%2Fpublic_html%2Fwp-includes%2Fpluggable.php&loknya=%2Fhome%2Fmaralloab%2Fpublic_html%2Fwp-includes HTTP/2" 200 32289 "-" "Mozilla/5.0 AppleWebKit/537.36 (KHTML, like Gecko; compatible; ClaudeBot/1.0; +claudebot@anthropic.com)"
