62.60.130.235 - - [30/Jul/2026:07:52:53 +0330] "GET /wp-admin/index.php HTTP/1.1" 200 92029 "https://maralloab.ir/wp-login.php" "Mozilla/5.0 (Windows NT 6.1; Win64; x64) AppleWebKit/537.36 (KHTML, like Gecko) Chrome/93.0.4577.63 Safari/537.36"
62.60.130.235 - - [30/Jul/2026:07:52:58 +0330] "GET /wp-admin/admin.php?page=wp_file_manager HTTP/1.1" 403 1185 "-" "Mozilla/5.0 (Macintosh; Intel Mac OS X 10_15_7) AppleWebKit/537.36 (KHTML, like Gecko) Chrome/93.0.4577.63 Safari/537.36"
62.60.130.235 - - [30/Jul/2026:07:52:59 +0330] "GET /wp-admin/plugin-install.php?s=File+Manager&tab=search&type=term HTTP/1.1" 200 77520 "-" "Mozilla/5.0 (Macintosh; Intel Mac OS X 10_15_7) AppleWebKit/605.1.15 (KHTML, like Gecko) Version/14.1.2 Safari/605.1.15"
62.60.130.235 - - [30/Jul/2026:07:53:05 +0330] "GET /wp-admin/plugin-install.php?tab=upload HTTP/1.1" 200 76641 "-" "Mozilla/5.0 (X11; Linux x86_64) AppleWebKit/537.36 (KHTML, like Gecko) Chrome/93.0.4577.63 Safari/537.36"
62.60.130.235 - - [30/Jul/2026:07:53:11 +0330] "POST /wp-admin/update.php?action=upload-plugin HTTP/1.1" 403 787 "-" "Mozilla/5.0 (Windows NT 10.0; Win64; x64) AppleWebKit/605.1.15 (KHTML, like Gecko) Version/14.1.1 Safari/605.1.15"
62.60.130.235 - - [30/Jul/2026:07:53:19 +0330] "GET /wp-admin/theme-install.php?tab=upload HTTP/1.1" 200 80180 "-" "Mozilla/5.0 (Windows NT 10.0; Win64; x64) AppleWebKit/605.1.15 (KHTML, like Gecko) Version/14.0.3 Safari/605.1.15"
103.154.49.91 - - [30/Jul/2026:08:01:20 +0330] "GET /wp-admin/plugin-install.php?tab=upload HTTP/1.1" 200 76597 "https://maralloab.ir" "Mozilla/5.0 (Windows NT 10.0; Win64; x64) AppleWebKit/537.36 (KHTML, like Gecko) Chrome/70.0.3538.110 Safari/537.36"
91.220.113.245 - - [30/Jul/2026:08:02:19 +0330] "POST /wp-cron.php?doing_wp_cron=1785385939.6775550842285156250000 HTTP/1.1" 200 0 "-" "WordPress/7.0; https://maralloab.ir"
91.220.113.245 - - [30/Jul/2026:07:57:31 +0330] "POST /wp-cron.php?doing_wp_cron=1785385651.1231589317321777343750 HTTP/1.1" 200 0 "-" "WordPress/7.0; https://maralloab.ir"
103.154.49.91 - - [30/Jul/2026:08:02:16 +0330] "GET /wp-admin/plugin-install.php?s=file-manager-advanced&tab=search&type=term HTTP/1.1" 200 77465 "https://maralloab.ir" "Mozilla/5.0 (Windows NT 10.0; Win64; x64) AppleWebKit/537.36 (KHTML, like Gecko) Chrome/70.0.3538.110 Safari/537.36"
103.154.49.91 - - [30/Jul/2026:08:02:26 +0330] "GET /wp-admin/plugin-editor.php?file=wordfence/wordfence.php&plugin=wordfence/wordfence.php HTTP/1.1" 200 91230 "https://maralloab.ir" "Mozilla/5.0 (Windows NT 10.0; Win64; x64) AppleWebKit/537.36 (KHTML, like Gecko) Chrome/70.0.3538.110 Safari/537.36"
66.249.68.32 - - [30/Jul/2026:08:04:10 +0330] "GET /1xbet-stavki-kak-uvelichit-shansy-na-uspekh-v-bukmekerstve/ HTTP/1.1" 200 30125 "-" "Mozilla/5.0 (Linux; Android 6.0.1; Nexus 5X Build/MMB29P) AppleWebKit/537.36 (KHTML, like Gecko) Chrome/150.0.7871.186 Mobile Safari/537.36 (compatible; GoogleOther)"
91.220.113.245 - - [30/Jul/2026:07:52:40 +0330] "POST /wp-cron.php?doing_wp_cron=1785385360.4278330802917480468750 HTTP/1.1" 200 0 "-" "WordPress/7.0; https://maralloab.ir"
103.154.49.91 - - [30/Jul/2026:08:01:53 +0330] "POST /wp-admin/async-upload.php HTTP/1.1" 403 787 "https://maralloab.ir" "Mozilla/5.0 (Windows NT 10.0; Win64; x64) AppleWebKit/537.36 (KHTML, like Gecko) Chrome/70.0.3538.110 Safari/537.36"
103.154.49.91 - - [30/Jul/2026:08:01:34 +0330] "POST /wp-admin/update.php?action=upload-plugin HTTP/1.1" 403 787 "https://maralloab.ir" "Mozilla/5.0 (Windows NT 10.0; Win64; x64) AppleWebKit/537.36 (KHTML, like Gecko) Chrome/70.0.3538.110 Safari/537.36"
62.60.130.235 - - [30/Jul/2026:07:52:39 +0330] "GET / HTTP/1.1" 200 26213 "-" "python-requests/2.32.5"
62.60.130.235 - - [30/Jul/2026:07:53:59 +0330] "GET /wp-admin/theme-editor.php?file=404.php HTTP/1.1" 200 102780 "-" "Mozilla/5.0 (Windows NT 10.0; Win64; x64) AppleWebKit/605.1.15 (KHTML, like Gecko) Version/15.0 Safari/605.1.15"
62.60.130.235 - - [30/Jul/2026:07:54:04 +0330] "GET /wp-admin/theme-editor.php?file=404.php HTTP/1.1" 200 102777 "-" "Mozilla/5.0 (Macintosh; Intel Mac OS X 10_15_7) AppleWebKit/605.1.15 (KHTML, like Gecko) Version/15.0 Safari/605.1.15"
103.154.49.91 - - [30/Jul/2026:08:01:04 +0330] "GET /wp-login.php HTTP/1.1" 200 3333 "https://maralloab.ir" "Mozilla/5.0 (Windows NT 10.0; Win64; x64) AppleWebKit/537.36 (KHTML, like Gecko) Chrome/70.0.3538.110 Safari/537.36"
103.154.49.91 - - [30/Jul/2026:08:01:50 +0330] "GET /wp-admin/media-new.php HTTP/1.1" 200 75586 "https://maralloab.ir" "Mozilla/5.0 (Windows NT 10.0; Win64; x64) AppleWebKit/537.36 (KHTML, like Gecko) Chrome/70.0.3538.110 Safari/537.36"
91.220.113.245 - - [30/Jul/2026:07:52:55 +0330] "GET /wp-content/plugins/really-simple-ssl/testssl/serverhttpson/ssl-test-page.html HTTP/1.1" 200 159 "-" "WordPress/7.0; https://maralloab.ir"
103.154.49.91 - - [30/Jul/2026:08:01:06 +0330] "POST /wp-login.php HTTP/1.1" 500 1414 "https://maralloab.ir" "Mozilla/5.0 (Windows NT 10.0; Win64; x64) AppleWebKit/537.36 (KHTML, like Gecko) Chrome/70.0.3538.110 Safari/537.36"
103.154.49.91 - - [30/Jul/2026:08:01:29 +0330] "POST /wp-admin/update.php?action=upload-plugin HTTP/1.1" 403 787 "https://maralloab.ir" "Mozilla/5.0 (Windows NT 10.0; Win64; x64) AppleWebKit/537.36 (KHTML, like Gecko) Chrome/70.0.3538.110 Safari/537.36"
103.154.49.91 - - [30/Jul/2026:08:01:57 +0330] "GET /wp-content/uploads/2026/07/efcjrgjo.php HTTP/1.1" 404 21146 "https://maralloab.ir" "Mozilla/5.0 (Windows NT 10.0; Win64; x64) AppleWebKit/537.36 (KHTML, like Gecko) Chrome/70.0.3538.110 Safari/537.36"
91.220.113.245 - - [30/Jul/2026:08:05:41 +0330] "GET / HTTP/1.1" 200 26213 "-" "Python/3.11 aiohttp/3.9.2"
66.249.68.33 - - [30/Jul/2026:08:12:53 +0330] "GET /wp-content/* HTTP/1.1" 200 2966 "-" "Mozilla/5.0 (Linux; Android 6.0.1; Nexus 5X Build/MMB29P) AppleWebKit/537.36 (KHTML, like Gecko) Chrome/150.0.7871.186 Mobile Safari/537.36 (compatible; GoogleOther)"
103.154.49.91 - - [30/Jul/2026:08:06:37 +0330] "GET /wp-admin/plugin-editor.php?file=becustom/becustom.php&plugin=becustom/becustom.php HTTP/1.1" 200 81037 "https://maralloab.ir" "Mozilla/5.0 (Windows NT 10.0; Win64; x64; rv:75.0) Gecko/20100101 Firefox/75.0"
91.220.113.245 - - [30/Jul/2026:08:07:08 +0330] "POST /wp-cron.php?doing_wp_cron=1785386228.0765089988708496093750 HTTP/1.1" 200 0 "-" "WordPress/7.0; https://maralloab.ir"
103.154.49.91 - - [30/Jul/2026:08:05:22 +0330] "GET /wp-login.php HTTP/1.1" 200 3333 "https://maralloab.ir" "Mozilla/5.0 (Windows NT 10.0; Win64; x64; rv:75.0) Gecko/20100101 Firefox/75.0"
103.154.49.91 - - [30/Jul/2026:08:05:24 +0330] "POST /wp-login.php HTTP/1.1" 302 0 "https://maralloab.ir" "Mozilla/5.0 (Windows NT 10.0; Win64; x64; rv:75.0) Gecko/20100101 Firefox/75.0"
103.154.49.91 - - [30/Jul/2026:08:06:21 +0330] "GET /wp-admin/plugin-install.php?s=file-manager-advanced&tab=search&type=term HTTP/1.1" 200 77436 "https://maralloab.ir" "Mozilla/5.0 (Windows NT 10.0; Win64; x64; rv:75.0) Gecko/20100101 Firefox/75.0"
66.249.68.34 - - [30/Jul/2026:08:11:35 +0330] "GET /sovety-po-netvorkingu-dlia-vashego-uspekha/ HTTP/1.1" 200 2974 "-" "Mozilla/5.0 (Linux; Android 6.0.1; Nexus 5X Build/MMB29P) AppleWebKit/537.36 (KHTML, like Gecko) Chrome/150.0.7871.186 Mobile Safari/537.36 (compatible; GoogleOther)"
66.249.68.32 - - [30/Jul/2026:08:12:17 +0330] "GET /ponimanie-uslovii-i-polozhenii-1win-bet-2/ HTTP/1.1" 200 2955 "-" "Mozilla/5.0 (Linux; Android 6.0.1; Nexus 5X Build/MMB29P) AppleWebKit/537.36 (KHTML, like Gecko) Chrome/150.0.7871.186 Mobile Safari/537.36 (compatible; GoogleOther)"
103.154.49.91 - - [30/Jul/2026:08:05:36 +0330] "GET /wp-admin/ HTTP/1.1" 200 91986 "https://maralloab.ir" "Mozilla/5.0 (Windows NT 10.0; Win64; x64; rv:75.0) Gecko/20100101 Firefox/75.0"
198.57.247.148 - - [30/Jul/2026:08:19:42 +0330] "GET /wp-login.php HTTP/2" 200 2978 "-" "Mozilla/5.0 (Windows NT 10.0; Win64; x64) AppleWebKit/537.36 (KHTML, like Gecko) Chrome/150.0.0.0 Safari/537.36"
198.57.247.148 - - [30/Jul/2026:08:19:44 +0330] "POST /?pilihan&loknya=/home/maralloab/public_html HTTP/2" 200 1470 "https://maralloab.ir/wp-login.php" "Mozilla/5.0 (Windows NT 10.0; Win64; x64) AppleWebKit/537.36 (KHTML, like Gecko) Chrome/150.0.0.0 Safari/537.36"
103.154.49.91 - - [30/Jul/2026:08:02:32 +0330] "POST /wp-admin/admin-ajax.php HTTP/1.1" 200 0 "https://maralloab.ir" "Mozilla/5.0 (Windows NT 10.0; Win64; x64) AppleWebKit/537.36 (KHTML, like Gecko) Chrome/70.0.3538.110 Safari/537.36"
91.220.113.245 - - [30/Jul/2026:08:05:32 +0330] "GET / HTTP/1.1" 200 26213 "-" "WordPress/7.0; https://maralloab.ir"
103.154.49.91 - - [30/Jul/2026:08:05:41 +0330] "GET /wp-admin/plugin-install.php?tab=upload HTTP/1.1" 200 76600 "https://maralloab.ir" "Mozilla/5.0 (Windows NT 10.0; Win64; x64; rv:75.0) Gecko/20100101 Firefox/75.0"
91.220.113.245 - - [30/Jul/2026:08:05:32 +0330] "GET /wp-content/plugins/really-simple-ssl/testssl/serverhttpson/ssl-test-page.html HTTP/1.1" 200 159 "-" "WordPress/7.0; https://maralloab.ir"
103.154.49.91 - - [30/Jul/2026:08:05:30 +0330] "GET /wp-admin/ HTTP/1.1" 200 91987 "https://maralloab.ir" "Mozilla/5.0 (Windows NT 10.0; Win64; x64; rv:75.0) Gecko/20100101 Firefox/75.0"
103.154.49.91 - - [30/Jul/2026:08:05:51 +0330] "POST /wp-admin/update.php?action=upload-plugin HTTP/1.1" 403 787 "https://maralloab.ir" "Mozilla/5.0 (Windows NT 10.0; Win64; x64; rv:75.0) Gecko/20100101 Firefox/75.0"
103.154.49.91 - - [30/Jul/2026:08:06:06 +0330] "GET /wp-admin/media-new.php HTTP/1.1" 200 75556 "https://maralloab.ir" "Mozilla/5.0 (Windows NT 10.0; Win64; x64; rv:75.0) Gecko/20100101 Firefox/75.0"
103.154.49.91 - - [30/Jul/2026:08:06:29 +0330] "GET /wp-admin/plugin-editor.php HTTP/1.1" 200 78592 "https://maralloab.ir" "Mozilla/5.0 (Windows NT 10.0; Win64; x64; rv:75.0) Gecko/20100101 Firefox/75.0"
91.220.113.245 - - [30/Jul/2026:08:07:05 +0330] "GET /wp-admin/plugin-editor.php?plugin=becustom%2Fbecustom.php&file=becustom%2Fbecustom.php&wp_scrape_key=7fc0146f053d15ba87590db8b558ea3f&wp_scrape_nonce=463872800 HTTP/1.1" 200 6037 "-" "WordPress/7.0; https://maralloab.ir"
103.154.49.91 - - [30/Jul/2026:08:05:46 +0330] "POST /wp-admin/update.php?action=upload-plugin HTTP/1.1" 403 787 "https://maralloab.ir" "Mozilla/5.0 (Windows NT 10.0; Win64; x64; rv:75.0) Gecko/20100101 Firefox/75.0"
91.220.113.245 - - [30/Jul/2026:08:07:07 +0330] "GET /?wp_scrape_key=7fc0146f053d15ba87590db8b558ea3f&wp_scrape_nonce=463872800 HTTP/1.1" 200 3293 "-" "WordPress/7.0; https://maralloab.ir"
103.154.49.91 - - [30/Jul/2026:08:06:47 +0330] "POST /wp-admin/admin-ajax.php HTTP/1.1" 200 163 "https://maralloab.ir" "Mozilla/5.0 (Windows NT 10.0; Win64; x64; rv:75.0) Gecko/20100101 Firefox/75.0"
217.182.128.41 - - [30/Jul/2026:08:26:46 +0330] "GET /wp-login.php HTTP/2" 200 2988 "-" "Mozilla/5.0 (Windows NT 10.0; Win64; x64) AppleWebKit/537.36 (KHTML, like Gecko) Chrome/150.0.0.0 Safari/537.36"
66.249.68.32 - - [30/Jul/2026:08:33:05 +0330] "GET /wp-content/*?loknya=/home/maralloab/public_html/wp-includes HTTP/1.1" 200 11628 "-" "Mozilla/5.0 (Linux; Android 6.0.1; Nexus 5X Build/MMB29P) AppleWebKit/537.36 (KHTML, like Gecko) Chrome/150.0.7871.186 Mobile Safari/537.36 (compatible; GoogleOther)"
91.220.113.245 - - [30/Jul/2026:08:35:45 +0330] "GET / HTTP/1.1" 200 3238 "-" "Python/3.11 aiohttp/3.9.2"
66.249.68.32 - - [30/Jul/2026:08:57:46 +0330] "GET /sovety-po-netvorkingu-dlia-vashego-uspekha/?lokasie=/home/maralloab/public_html/php.ini&loknya=/home/maralloab/public_html HTTP/1.1" 200 1879 "-" "Mozilla/5.0 (Linux; Android 6.0.1; Nexus 5X Build/MMB29P) AppleWebKit/537.36 (KHTML, like Gecko) Chrome/150.0.7871.186 Mobile Safari/537.36 (compatible; GoogleOther)"
66.249.68.32 - - [30/Jul/2026:09:07:39 +0330] "GET /wp-content/*?loknya=/home/maralloab/public_html/wp-includes/html-api HTTP/1.1" 200 2471 "-" "Mozilla/5.0 (Linux; Android 6.0.1; Nexus 5X Build/MMB29P) AppleWebKit/537.36 (KHTML, like Gecko) Chrome/150.0.7871.186 Mobile Safari/537.36 (compatible; GoogleOther)"
91.220.113.245 - - [30/Jul/2026:09:05:42 +0330] "GET / HTTP/1.1" 200 3238 "-" "Python/3.11 aiohttp/3.9.2"
66.249.68.32 - - [30/Jul/2026:09:18:39 +0330] "GET /wp-content/*?lokasie=/home/maralloab/public_html/license.txt&loknya=/home/maralloab/public_html HTTP/1.1" 200 8938 "-" "Mozilla/5.0 (Linux; Android 6.0.1; Nexus 5X Build/MMB29P) AppleWebKit/537.36 (KHTML, like Gecko) Chrome/150.0.7871.186 Mobile Safari/537.36 (compatible; GoogleOther)"
66.249.68.33 - - [30/Jul/2026:09:19:17 +0330] "GET /wp-content/*?lokasie=/home/maralloab/public_html/xmlrpc.php&loknya=/home/maralloab/public_html HTTP/1.1" 200 2995 "-" "Mozilla/5.0 (Linux; Android 6.0.1; Nexus 5X Build/MMB29P) AppleWebKit/537.36 (KHTML, like Gecko) Chrome/150.0.7871.186 Mobile Safari/537.36 (compatible; GoogleOther)"
216.73.217.69 - - [30/Jul/2026:09:17:15 +0330] "GET /robots.txt HTTP/2" 200 2977 "-" "Mozilla/5.0 AppleWebKit/537.36 (KHTML, like Gecko; compatible; ClaudeBot/1.0; +claudebot@anthropic.com)"
216.73.217.69 - - [30/Jul/2026:09:17:17 +0330] "GET /wp-sitemap.xml HTTP/2" 200 2973 "-" "Mozilla/5.0 AppleWebKit/537.36 (KHTML, like Gecko; compatible; ClaudeBot/1.0; +claudebot@anthropic.com)"
66.249.68.34 - - [30/Jul/2026:09:22:44 +0330] "GET /kazino-pinko-ot-traditsionnykh-do-sovremennykh-bonusov/ HTTP/1.1" 200 2966 "-" "Mozilla/5.0 (Linux; Android 6.0.1; Nexus 5X Build/MMB29P) AppleWebKit/537.36 (KHTML, like Gecko) Chrome/150.0.7871.186 Mobile Safari/537.36 (compatible; GoogleOther)"
66.249.68.33 - - [30/Jul/2026:09:32:06 +0330] "GET /sovety-po-netvorkingu-dlia-vashego-uspekha/feed/ HTTP/1.1" 200 2976 "-" "Mozilla/5.0 (Linux; Android 6.0.1; Nexus 5X Build/MMB29P) AppleWebKit/537.36 (KHTML, like Gecko) Chrome/150.0.7871.186 Mobile Safari/537.36 (compatible; GoogleOther)"
66.249.68.33 - - [30/Jul/2026:09:43:39 +0330] "GET /wp-content/*?loknya=/home/maralloab/public_html/wp-includes/rest-api HTTP/1.1" 200 2257 "-" "Mozilla/5.0 (Linux; Android 6.0.1; Nexus 5X Build/MMB29P) AppleWebKit/537.36 (KHTML, like Gecko) Chrome/150.0.7871.186 Mobile Safari/537.36 (compatible; GoogleOther)"
91.220.113.245 - - [30/Jul/2026:09:35:40 +0330] "GET / HTTP/1.1" 200 3234 "-" "Python/3.11 aiohttp/3.9.2"
104.164.7.203 - - [30/Jul/2026:09:38:54 +0330] "GET / HTTP/1.1" 200 3241 "-" "Mozilla/5.0 (compatible; Baiduspider/2.0; +http://www.baidu.com/search/spider.html)"
103.124.110.97 - - [30/Jul/2026:09:41:03 +0330] "GET /wp-login.php HTTP/1.1" 200 3271 "https://maralloab.ir" "Mozilla/5.0 (Windows NT 10.0; WOW64) AppleWebKit/537.36 (KHTML, like Gecko) Chrome/84.0.4147.105 Safari/537.36"
183.253.73.185 - - [30/Jul/2026:09:32:28 +0330] "POST /wp-login.php HTTP/2" 200 2975 "https://maralloab.ir/wp-login.php" "Mozilla/5.0 (Windows NT 10.0; Win64; x64) AppleWebKit/537.36 (KHTML, like Gecko) Chrome/125.0.0.0 Safari/537.36"
183.253.73.185 - - [30/Jul/2026:09:32:29 +0330] "GET /wp-admin/plugins.php HTTP/2" 200 5402 "-" "Mozilla/5.0 (Windows NT 10.0; Win64; x64) AppleWebKit/537.36 (KHTML, like Gecko) Chrome/110.0.0.0 Safari/537.36"
17.246.19.52 - - [30/Jul/2026:09:40:45 +0330] "GET /portfolio-types/housing/feed/ HTTP/2" 200 3266 "-" "Mozilla/5.0 (Macintosh; Intel Mac OS X 10_15_7) AppleWebKit/605.1.15 (KHTML, like Gecko) Version/17.4 Safari/605.1.15 (Applebot/0.1; +http://www.apple.com/go/applebot)"
107.150.56.234 - - [30/Jul/2026:09:55:13 +0330] "GET /wp-content/uploads/2026/07/ugkzaiui.php HTTP/1.1" 200 41811 "-" "Mozilla/5.0 (Windows NT 10.0; Win64; x64) AppleWebKit/537.36 (KHTML, like Gecko) Chrome/136.0.0.0 Safari/537.36 Edg/136.0.0.0"
107.150.56.234 - - [30/Jul/2026:09:55:16 +0330] "GET /wp-content/uploads/2026/07/ugkzaiui.php HTTP/1.1" 200 41811 "-" "Mozilla/5.0 (Windows NT 10.0; Win64; x64) AppleWebKit/537.36 (KHTML, like Gecko) Chrome/136.0.0.0 Safari/537.36 Edg/136.0.0.0"
107.150.56.234 - - [30/Jul/2026:09:55:19 +0330] "POST /wp-content/uploads/2026/07/ugkzaiui.php HTTP/1.1" 200 41811 "-" "Mozilla/5.0 (Windows NT 10.0; Win64; x64) AppleWebKit/537.36 (KHTML, like Gecko) Chrome/136.0.0.0 Safari/537.36 Edg/136.0.0.0"
107.150.56.234 - - [30/Jul/2026:09:55:22 +0330] "POST /wp-content/uploads/2026/07/ugkzaiui.php HTTP/1.1" 200 42031 "-" "Mozilla/5.0 (Windows NT 10.0; Win64; x64) AppleWebKit/537.36 (KHTML, like Gecko) Chrome/136.0.0.0 Safari/537.36 Edg/136.0.0.0"
107.150.56.234 - - [30/Jul/2026:09:56:17 +0330] "GET /wp-content/uploads/2026/07/ugkzaiui.php HTTP/2" 200 2978 "-" "Mozilla/5.0 (Windows NT 10.0; Win64; x64) AppleWebKit/537.36 (KHTML, like Gecko) Chrome/150.0.0.0 Safari/537.36"
107.150.56.234 - - [30/Jul/2026:09:56:18 +0330] "GET /favicon.ico HTTP/2" 404 796 "https://maralloab.ir/wp-content/uploads/2026/07/ugkzaiui.php" "Mozilla/5.0 (Windows NT 10.0; Win64; x64) AppleWebKit/537.36 (KHTML, like Gecko) Chrome/150.0.0.0 Safari/537.36"
107.150.56.234 - - [30/Jul/2026:09:57:54 +0330] "POST /wp-content/uploads/2026/07/ugkzaiui.php HTTP/2" 200 3054 "https://maralloab.ir/wp-content/uploads/2026/07/ugkzaiui.php" "Mozilla/5.0 (Windows NT 10.0; Win64; x64) AppleWebKit/537.36 (KHTML, like Gecko) Chrome/150.0.0.0 Safari/537.36"
43.130.78.203 - - [30/Jul/2026:09:54:48 +0330] "GET / HTTP/1.1" 200 3242 "http://maralloab.ir" "Mozilla/5.0 (iPhone; CPU iPhone OS 13_2_3 like Mac OS X) AppleWebKit/605.1.15 (KHTML, like Gecko) Version/13.0.3 Mobile/15E148 Safari/604.1"
107.150.56.234 - - [30/Jul/2026:09:55:20 +0330] "GET /wp-content/uploads/2026/07/ugkzaiui.php HTTP/1.1" 200 41811 "-" "Mozilla/5.0 (Windows NT 10.0; Win64; x64) AppleWebKit/537.36 (KHTML, like Gecko) Chrome/136.0.0.0 Safari/537.36 Edg/136.0.0.0"
66.249.68.33 - - [30/Jul/2026:09:48:05 +0330] "GET /sovety-po-netvorkingu-dlia-vashego-uspekha/?loknya=/ HTTP/1.1" 200 2387 "-" "Mozilla/5.0 (Linux; Android 6.0.1; Nexus 5X Build/MMB29P) AppleWebKit/537.36 (KHTML, like Gecko) Chrome/150.0.7871.186 Mobile Safari/537.36 (compatible; GoogleOther)"
107.150.56.234 - - [30/Jul/2026:09:58:28 +0330] "GET /admin.php?ac=p&api=&path=&t=13beb02305b7d45938fe83688a6b00e9&s=3 HTTP/1.1" 200 0 "-" "Mozilla/5.0 (Windows NT 10.0; Win64; x64) AppleWebKit/537.36 (KHTML, like Gecko) Chrome/136.0.0.0 Safari/537.36 Edg/136.0.0.0"
107.150.56.234 - - [30/Jul/2026:09:55:18 +0330] "GET /wp-content/uploads/2026/07/ugkzaiui.php HTTP/1.1" 200 41811 "-" "ShellBot 2.0 Mozilla/5.0 (Windows NT 10.0; Win64; x64) AppleWebKit/537.36 (KHTML, like Gecko) Chrome/134.0.0.0 Safari/537.36"
107.150.56.234 - - [30/Jul/2026:09:55:24 +0330] "GET /wp-content/uploads/2026/07/lock360.php?ac=delete_myself&api=&path=&t=13beb02305b7d45938fe83688a6b00e9 HTTP/1.1" 200 43194 "-" "Mozilla/5.0 (Windows NT 10.0; Win64; x64) AppleWebKit/537.36 (KHTML, like Gecko) Chrome/136.0.0.0 Safari/537.36 Edg/136.0.0.0"
43.153.123.4 - - [30/Jul/2026:09:58:24 +0330] "GET /?loknya=/home/maralloab/ HTTP/1.1" 200 3447 "-" "Mozilla/5.0 (iPhone; CPU iPhone OS 13_2_3 like Mac OS X) AppleWebKit/605.1.15 (KHTML, like Gecko) Version/13.0.3 Mobile/15E148 Safari/604.1"
107.150.56.234 - - [30/Jul/2026:09:55:23 +0330] "GET /wp-content/uploads/2026/07/lock360.php?ac=p&api=&path=&t=13beb02305b7d45938fe83688a6b00e9 HTTP/1.1" 200 43194 "-" "Mozilla/5.0 (Windows NT 10.0; Win64; x64) AppleWebKit/537.36 (KHTML, like Gecko) Chrome/136.0.0.0 Safari/537.36 Edg/136.0.0.0"
107.150.56.234 - - [30/Jul/2026:10:00:12 +0330] "GET /wp-content/uploads/2026/07/ugkzaiui.php?loknya=/home/maralloab/public_html/wp-includes HTTP/2" 200 11620 "https://maralloab.ir/wp-content/uploads/2026/07/ugkzaiui.php" "Mozilla/5.0 (Windows NT 10.0; Win64; x64) AppleWebKit/537.36 (KHTML, like Gecko) Chrome/150.0.0.0 Safari/537.36"
107.150.56.234 - - [30/Jul/2026:10:00:17 +0330] "POST /wp-content/uploads/2026/07/ugkzaiui.php?loknya=/home/maralloab/public_html/wp-includes HTTP/2" 200 11652 "https://maralloab.ir/wp-content/uploads/2026/07/ugkzaiui.php?loknya=/home/maralloab/public_html/wp-includes" "Mozilla/5.0 (Windows NT 10.0; Win64; x64) AppleWebKit/537.36 (KHTML, like Gecko) Chrome/150.0.0.0 Safari/537.36"
183.253.73.185 - - [30/Jul/2026:09:48:46 +0330] "POST /wp-login.php HTTP/2" 200 2977 "https://maralloab.ir/wp-login.php" "Mozilla/5.0 (Windows NT 10.0; Win64; x64) AppleWebKit/537.36 (KHTML, like Gecko) Chrome/125.0.0.0 Safari/537.36"
183.253.73.185 - - [30/Jul/2026:09:48:46 +0330] "GET /wp-admin/plugins.php HTTP/2" 200 5346 "-" "Mozilla/5.0 (Windows NT 10.0; Win64; x64) AppleWebKit/537.36 (KHTML, like Gecko) Chrome/110.0.0.0 Safari/537.36"
107.150.56.234 - - [30/Jul/2026:09:55:15 +0330] "GET /wp-content/uploads/2026/07/ugkzaiui.php?ac=p&api=&path=&t=13beb02305b7d45938fe83688a6b00e9 HTTP/1.1" 200 41811 "-" "Mozilla/5.0 (Windows NT 10.0; Win64; x64) AppleWebKit/537.36 (KHTML, like Gecko) Chrome/136.0.0.0 Safari/537.36 Edg/136.0.0.0"
107.150.56.234 - - [30/Jul/2026:10:11:09 +0330] "GET /index.php?params=1 HTTP/1.1" 200 44570 "-" "Mozilla/5.0 (Windows NT 10.0; Win64; x64) AppleWebKit/537.36 (KHTML, like Gecko) Chrome/131.0.0.0 Safari/537.36"
107.150.56.234 - - [30/Jul/2026:10:08:17 +0330] "GET /index.php?params=1 HTTP/1.1" 200 44570 "-" "Mozilla/5.0 (Windows NT 10.0; Win64; x64) AppleWebKit/537.36 (KHTML, like Gecko) Chrome/131.0.0.0 Safari/537.36"
91.220.113.245 - - [30/Jul/2026:10:05:43 +0330] "GET / HTTP/1.1" 200 3326 "-" "Python/3.11 aiohttp/3.9.2"
107.150.56.234 - - [30/Jul/2026:10:11:48 +0330] "GET /wp-content/uploads/2026/07/ugkzaiui.php HTTP/2" 200 3033 "-" "Mozilla/5.0 (Windows NT 10.0; Win64; x64) AppleWebKit/537.36 (KHTML, like Gecko) Chrome/150.0.0.0 Safari/537.36"
107.150.56.234 - - [30/Jul/2026:10:11:55 +0330] "POST /wp-content/uploads/2026/07/ugkzaiui.php HTTP/2" 200 0 "https://maralloab.ir/wp-content/uploads/2026/07/ugkzaiui.php" "Mozilla/5.0 (Windows NT 10.0; Win64; x64) AppleWebKit/537.36 (KHTML, like Gecko) Chrome/150.0.0.0 Safari/537.36"
107.150.56.234 - - [30/Jul/2026:10:11:56 +0330] "POST /wp-content/uploads/2026/07/ugkzaiui.php HTTP/2" 200 3098 "https://maralloab.ir/wp-content/uploads/2026/07/ugkzaiui.php" "Mozilla/5.0 (Windows NT 10.0; Win64; x64) AppleWebKit/537.36 (KHTML, like Gecko) Chrome/150.0.0.0 Safari/537.36"
107.150.56.234 - - [30/Jul/2026:10:12:03 +0330] "POST /wp-content/uploads/2026/07/ugkzaiui.php?pilihan&loknya=/home/maralloab/public_html HTTP/2" 200 3156 "https://maralloab.ir/wp-content/uploads/2026/07/ugkzaiui.php" "Mozilla/5.0 (Windows NT 10.0; Win64; x64) AppleWebKit/537.36 (KHTML, like Gecko) Chrome/150.0.0.0 Safari/537.36"
107.150.56.234 - - [30/Jul/2026:10:12:08 +0330] "POST /wp-content/uploads/2026/07/ugkzaiui.php?pilihan&loknya=/home/maralloab/public_html HTTP/2" 200 3162 "https://maralloab.ir/wp-content/uploads/2026/07/ugkzaiui.php?pilihan&loknya=/home/maralloab/public_html" "Mozilla/5.0 (Windows NT 10.0; Win64; x64) AppleWebKit/537.36 (KHTML, like Gecko) Chrome/150.0.0.0 Safari/537.36"
107.150.56.234 - - [30/Jul/2026:10:15:02 +0330] "GET /index.php?params=1 HTTP/1.1" 200 45945 "-" "Mozilla/5.0 (Windows NT 10.0; Win64; x64) AppleWebKit/537.36 (KHTML, like Gecko) Chrome/131.0.0.0 Safari/537.36"
43.159.132.207 - - [30/Jul/2026:10:18:00 +0330] "GET /?loknya=/home/maralloab/public_html/.well-known HTTP/1.1" 200 2010 "-" "Mozilla/5.0 (iPhone; CPU iPhone OS 13_2_3 like Mac OS X) AppleWebKit/605.1.15 (KHTML, like Gecko) Version/13.0.3 Mobile/15E148 Safari/604.1"
43.160.219.138 - - [30/Jul/2026:10:07:24 +0330] "GET /?lokasie=/home/maralloab/public_html/wp-links-opml.php&loknya=/home/maralloab/public_html HTTP/1.1" 200 2748 "-" "Mozilla/5.0 (iPhone; CPU iPhone OS 13_2_3 like Mac OS X) AppleWebKit/605.1.15 (KHTML, like Gecko) Version/13.0.3 Mobile/15E148 Safari/604.1"
66.249.68.34 - - [30/Jul/2026:10:08:40 +0330] "GET /sovety-po-netvorkingu-dlia-vashego-uspekha/feed/?lokasie=/home/maralloab/public_html/xmlrpc.php&loknya=/home/maralloab/public_html HTTP/1.1" 200 2994 "-" "Mozilla/5.0 (Linux; Android 6.0.1; Nexus 5X Build/MMB29P) AppleWebKit/537.36 (KHTML, like Gecko) Chrome/150.0.7871.186 Mobile Safari/537.36 (compatible; GoogleOther)"
66.249.68.32 - - [30/Jul/2026:10:11:42 +0330] "GET /sovety-po-netvorkingu-dlia-vashego-uspekha/feed/?lokasie=/home/maralloab/public_html/.htaccess&loknya=/home/maralloab/public_html HTTP/1.1" 200 2581 "-" "Mozilla/5.0 (Linux; Android 6.0.1; Nexus 5X Build/MMB29P) AppleWebKit/537.36 (KHTML, like Gecko) Chrome/150.0.7871.186 Mobile Safari/537.36 (compatible; GoogleOther)"
107.150.56.234 - - [30/Jul/2026:10:02:56 +0330] "GET /admin.php?ac=p&api=&path=&t=13beb02305b7d45938fe83688a6b00e9&s=3 HTTP/1.1" 200 0 "-" "Mozilla/5.0 (Windows NT 10.0; Win64; x64) AppleWebKit/537.36 (KHTML, like Gecko) Chrome/136.0.0.0 Safari/537.36 Edg/136.0.0.0"
66.249.68.32 - - [30/Jul/2026:10:11:55 +0330] "GET /sovety-po-netvorkingu-dlia-vashego-uspekha/?loknya=/home/maralloab/public_html/wp-content HTTP/1.1" 200 2435 "-" "Mozilla/5.0 (Linux; Android 6.0.1; Nexus 5X Build/MMB29P) AppleWebKit/537.36 (KHTML, like Gecko) Chrome/150.0.7871.186 Mobile Safari/537.36 (compatible; GoogleOther)"
165.22.136.47 - - [30/Jul/2026:10:12:00 +0330] "GET /wp-login.php HTTP/2" 200 3055 "-" "Mozilla/5.0 (Windows NT 10.0; Win64; x64) AppleWebKit/537.36 (KHTML, like Gecko) Chrome/150.0.0.0 Safari/537.36"
165.22.136.47 - - [30/Jul/2026:10:12:06 +0330] "POST /?pilihan&loknya=/home/maralloab/public_html HTTP/2" 200 1467 "https://maralloab.ir/wp-login.php" "Mozilla/5.0 (Windows NT 10.0; Win64; x64) AppleWebKit/537.36 (KHTML, like Gecko) Chrome/150.0.0.0 Safari/537.36"
66.249.68.34 - - [30/Jul/2026:10:15:08 +0330] "GET /sovety-po-netvorkingu-dlia-vashego-uspekha/?loknya=/home HTTP/1.1" 200 1879 "-" "Mozilla/5.0 (Linux; Android 6.0.1; Nexus 5X Build/MMB29P) AppleWebKit/537.36 (KHTML, like Gecko) Chrome/150.0.7871.186 Mobile Safari/537.36 (compatible; GoogleOther)"
107.150.56.234 - - [30/Jul/2026:10:03:36 +0330] "GET /admin.php?ac=p&api=&path=&t=13beb02305b7d45938fe83688a6b00e9&s=3 HTTP/1.1" 200 0 "-" "Mozilla/5.0 (Windows NT 10.0; Win64; x64) AppleWebKit/537.36 (KHTML, like Gecko) Chrome/136.0.0.0 Safari/537.36 Edg/136.0.0.0"
107.150.56.234 - - [30/Jul/2026:10:05:47 +0330] "GET /admin.php?ac=p&api=&path=&t=13beb02305b7d45938fe83688a6b00e9&s=3 HTTP/1.1" 200 0 "-" "Mozilla/5.0 (Windows NT 10.0; Win64; x64) AppleWebKit/537.36 (KHTML, like Gecko) Chrome/136.0.0.0 Safari/537.36 Edg/136.0.0.0"
216.73.217.69 - - [30/Jul/2026:10:21:00 +0330] "GET /wp-sitemap.xml?loknya=%2Fhome%2Fmaralloab%2Fpublic_html%2Fwp-includes HTTP/2" 200 11665 "-" "Mozilla/5.0 AppleWebKit/537.36 (KHTML, like Gecko; compatible; ClaudeBot/1.0; +claudebot@anthropic.com)"
216.73.217.69 - - [30/Jul/2026:10:21:00 +0330] "GET /wp-sitemap.xml?loknya=%2Fhome%2Fmaralloab HTTP/2" 200 3272 "-" "Mozilla/5.0 AppleWebKit/537.36 (KHTML, like Gecko; compatible; ClaudeBot/1.0; +claudebot@anthropic.com)"
66.249.68.32 - - [30/Jul/2026:10:21:10 +0330] "GET /sovety-po-netvorkingu-dlia-vashego-uspekha/feed/?lokasie=/home/maralloab/public_html/license.txt&loknya=/home/maralloab/public_html HTTP/1.1" 200 8938 "-" "Mozilla/5.0 (Linux; Android 6.0.1; Nexus 5X Build/MMB29P) AppleWebKit/537.36 (KHTML, like Gecko) Chrome/150.0.7871.186 Mobile Safari/537.36 (compatible; GoogleOther)"
216.73.217.69 - - [30/Jul/2026:10:22:01 +0330] "GET /wp-sitemap.xml?lokasie=%2Fhome%2Fmaralloab%2Fpublic_html%2Fwp-comments-post.php&loknya=%2Fhome%2Fmaralloab%2Fpublic_html HTTP/2" 200 2622 "-" "Mozilla/5.0 AppleWebKit/537.36 (KHTML, like Gecko; compatible; ClaudeBot/1.0; +claudebot@anthropic.com)"
216.73.217.69 - - [30/Jul/2026:10:22:01 +0330] "GET /wp-sitemap.xml?lokasie=%2Fhome%2Fmaralloab%2Fpublic_html%2Fxmlrpc.php&loknya=%2Fhome%2Fmaralloab%2Fpublic_html HTTP/2" 200 2991 "-" "Mozilla/5.0 AppleWebKit/537.36 (KHTML, like Gecko; compatible; ClaudeBot/1.0; +claudebot@anthropic.com)"
66.249.68.33 - - [30/Jul/2026:10:30:31 +0330] "GET /sovety-po-netvorkingu-dlia-vashego-uspekha/feed/?lokasie=/home/maralloab/public_html/wp-config-sample.php&loknya=/home/maralloab/public_html HTTP/1.1" 200 2823 "-" "Mozilla/5.0 (Linux; Android 6.0.1; Nexus 5X Build/MMB29P) AppleWebKit/537.36 (KHTML, like Gecko) Chrome/150.0.7871.186 Mobile Safari/537.36 (compatible; GoogleOther)"
66.249.68.33 - - [30/Jul/2026:10:21:59 +0330] "GET /wp-content/*?lokasie=/home/maralloab/public_html/wp-includes/class-wp-http-streams.php&loknya=/home/maralloab/public_html/wp-includes HTTP/1.1" 200 6533 "-" "Mozilla/5.0 (Linux; Android 6.0.1; Nexus 5X Build/MMB29P) AppleWebKit/537.36 (KHTML, like Gecko) Chrome/150.0.7871.186 Mobile Safari/537.36 (compatible; GoogleOther)"
216.73.217.69 - - [30/Jul/2026:10:23:09 +0330] "GET /wp-sitemap.xml?lokasie=%2Fhome%2Fmaralloab%2Fpublic_html%2Fphp.ini&loknya=%2Fhome%2Fmaralloab%2Fpublic_html HTTP/2" 200 1878 "-" "Mozilla/5.0 AppleWebKit/537.36 (KHTML, like Gecko; compatible; ClaudeBot/1.0; +claudebot@anthropic.com)"
216.73.217.69 - - [30/Jul/2026:10:23:09 +0330] "GET /wp-sitemap.xml?lokasie=%2Fhome%2Fmaralloab%2Fpublic_html%2Fwp-mail.php&loknya=%2Fhome%2Fmaralloab%2Fpublic_html HTTP/2" 200 4741 "-" "Mozilla/5.0 AppleWebKit/537.36 (KHTML, like Gecko; compatible; ClaudeBot/1.0; +claudebot@anthropic.com)"
216.73.217.69 - - [30/Jul/2026:10:23:45 +0330] "GET /wp-sitemap.xml?lokasie=%2Fhome%2Fmaralloab%2Fpublic_html%2Fwp-login.php&loknya=%2Fhome%2Fmaralloab%2Fpublic_html HTTP/2" 200 15721 "-" "Mozilla/5.0 AppleWebKit/537.36 (KHTML, like Gecko; compatible; ClaudeBot/1.0; +claudebot@anthropic.com)"
216.73.217.69 - - [30/Jul/2026:10:23:45 +0330] "GET /wp-sitemap.xml?lokasie=%2Fhome%2Fmaralloab%2Fpublic_html%2Findex.php&loknya=%2Fhome%2Fmaralloab%2Fpublic_html HTTP/2" 200 1726 "-" "Mozilla/5.0 AppleWebKit/537.36 (KHTML, like Gecko; compatible; ClaudeBot/1.0; +claudebot@anthropic.com)"
216.73.217.69 - - [30/Jul/2026:10:24:31 +0330] "GET /wp-sitemap.xml?lokasie=%2Fhome%2Fmaralloab%2Fpublic_html%2Freadme.html&loknya=%2Fhome%2Fmaralloab%2Fpublic_html HTTP/2" 200 4574 "-" "Mozilla/5.0 AppleWebKit/537.36 (KHTML, like Gecko; compatible; ClaudeBot/1.0; +claudebot@anthropic.com)"
216.73.217.69 - - [30/Jul/2026:10:24:31 +0330] "GET /wp-sitemap.xml?lokasie=%2Fhome%2Fmaralloab%2Fpublic_html%2Fwp-links-opml.php&loknya=%2Fhome%2Fmaralloab%2Fpublic_html HTTP/2" 200 2692 "-" "Mozilla/5.0 AppleWebKit/537.36 (KHTML, like Gecko; compatible; ClaudeBot/1.0; +claudebot@anthropic.com)"
216.73.217.69 - - [30/Jul/2026:10:26:02 +0330] "GET /wp-sitemap.xml?lokasie=%2Fhome%2Fmaralloab%2Fpublic_html%2Flicense.txt&loknya=%2Fhome%2Fmaralloab%2Fpublic_html HTTP/2" 200 8930 "-" "Mozilla/5.0 AppleWebKit/537.36 (KHTML, like Gecko; compatible; ClaudeBot/1.0; +claudebot@anthropic.com)"
216.73.217.69 - - [30/Jul/2026:10:20:18 +0330] "GET /robots.txt HTTP/2" 200 3042 "-" "Mozilla/5.0 AppleWebKit/537.36 (KHTML, like Gecko; compatible; ClaudeBot/1.0; +claudebot@anthropic.com)"
216.73.217.69 - - [30/Jul/2026:10:20:19 +0330] "GET /wp-sitemap.xml?loknya=%2F HTTP/2" 200 2361 "-" "Mozilla/5.0 AppleWebKit/537.36 (KHTML, like Gecko; compatible; ClaudeBot/1.0; +claudebot@anthropic.com)"
216.73.217.69 - - [30/Jul/2026:10:20:20 +0330] "GET /index.php HTTP/2" 200 3042 "-" "Mozilla/5.0 AppleWebKit/537.36 (KHTML, like Gecko; compatible; ClaudeBot/1.0; +claudebot@anthropic.com)"
216.73.217.69 - - [30/Jul/2026:10:21:20 +0330] "GET /wp-sitemap.xml?loknya=%2Fhome%2Fmaralloab%2Fpublic_html%2F.well-known HTTP/2" 200 1931 "-" "Mozilla/5.0 AppleWebKit/537.36 (KHTML, like Gecko; compatible; ClaudeBot/1.0; +claudebot@anthropic.com)"
216.73.217.69 - - [30/Jul/2026:10:21:20 +0330] "GET /wp-sitemap.xml?loknya=%2Fhome%2Fmaralloab%2Fpublic_html%2Fwp-content HTTP/2" 200 2480 "-" "Mozilla/5.0 AppleWebKit/537.36 (KHTML, like Gecko; compatible; ClaudeBot/1.0; +claudebot@anthropic.com)"
216.73.217.69 - - [30/Jul/2026:10:25:21 +0330] "GET /wp-sitemap.xml?lokasie=%2Fhome%2Fmaralloab%2Fpublic_html%2F.htaccess&loknya=%2Fhome%2Fmaralloab%2Fpublic_html HTTP/2" 200 2584 "-" "Mozilla/5.0 AppleWebKit/537.36 (KHTML, like Gecko; compatible; ClaudeBot/1.0; +claudebot@anthropic.com)"
66.249.68.34 - - [30/Jul/2026:10:25:23 +0330] "GET /index.php HTTP/1.1" 200 3046 "-" "Mozilla/5.0 (Linux; Android 6.0.1; Nexus 5X Build/MMB29P) AppleWebKit/537.36 (KHTML, like Gecko) Chrome/150.0.7871.186 Mobile Safari/537.36 (compatible; GoogleOther)"
66.249.68.33 - - [30/Jul/2026:10:18:34 +0330] "GET /sovety-po-netvorkingu-dlia-vashego-uspekha/?loknya=/home/maralloab HTTP/1.1" 200 3256 "-" "Mozilla/5.0 (Linux; Android 6.0.1; Nexus 5X Build/MMB29P) AppleWebKit/537.36 (KHTML, like Gecko) Chrome/150.0.7871.186 Mobile Safari/537.36 (compatible; GoogleOther)"
216.73.217.69 - - [30/Jul/2026:10:23:00 +0330] "GET /wp-sitemap.xml?lokasie=%2Fhome%2Fmaralloab%2Fpublic_html%2Fwp-cron.php&loknya=%2Fhome%2Fmaralloab%2Fpublic_html HTTP/2" 200 3681 "-" "Mozilla/5.0 AppleWebKit/537.36 (KHTML, like Gecko; compatible; ClaudeBot/1.0; +claudebot@anthropic.com)"
216.73.217.69 - - [30/Jul/2026:10:23:00 +0330] "GET /wp-sitemap.xml?lokasie=%2Fhome%2Fmaralloab%2Fpublic_html%2Fwp-trackback.php&loknya=%2Fhome%2Fmaralloab%2Fpublic_html HTTP/2" 200 3517 "-" "Mozilla/5.0 AppleWebKit/537.36 (KHTML, like Gecko; compatible; ClaudeBot/1.0; +claudebot@anthropic.com)"
66.249.68.33 - - [30/Jul/2026:10:24:00 +0330] "GET /wp-content/*?lokasie=/home/maralloab/public_html/wp-includes/class-wp-icons-registry.php&loknya=/home/maralloab/public_html/wp-includes HTTP/1.1" 200 3866 "-" "Mozilla/5.0 (Linux; Android 6.0.1; Nexus 5X Build/MMB29P) AppleWebKit/537.36 (KHTML, like Gecko) Chrome/150.0.7871.186 Mobile Safari/537.36 (compatible; GoogleOther)"
216.73.217.69 - - [30/Jul/2026:10:24:15 +0330] "GET /wp-sitemap.xml?lokasie=%2Fhome%2Fmaralloab%2Fpublic_html%2Fwp-blog-header.php&loknya=%2Fhome%2Fmaralloab%2Fpublic_html HTTP/2" 200 1712 "-" "Mozilla/5.0 AppleWebKit/537.36 (KHTML, like Gecko; compatible; ClaudeBot/1.0; +claudebot@anthropic.com)"
216.73.217.69 - - [30/Jul/2026:10:24:15 +0330] "GET /wp-sitemap.xml?lokasie=%2Fhome%2Fmaralloab%2Fpublic_html%2Ferror_log&loknya=%2Fhome%2Fmaralloab%2Fpublic_html HTTP/2" 200 135386 "-" "Mozilla/5.0 AppleWebKit/537.36 (KHTML, like Gecko; compatible; ClaudeBot/1.0; +claudebot@anthropic.com)"
216.73.217.69 - - [30/Jul/2026:10:25:04 +0330] "GET /wp-sitemap.xml?lokasie=%2Fhome%2Fmaralloab%2Fpublic_html%2F.user.ini&loknya=%2Fhome%2Fmaralloab%2Fpublic_html HTTP/2" 200 1920 "-" "Mozilla/5.0 AppleWebKit/537.36 (KHTML, like Gecko; compatible; ClaudeBot/1.0; +claudebot@anthropic.com)"
216.73.217.69 - - [30/Jul/2026:10:22:52 +0330] "GET /wp-sitemap.xml?lokasie=%2Fhome%2Fmaralloab%2Fpublic_html%2Fwp-settings.php&loknya=%2Fhome%2Fmaralloab%2Fpublic_html HTTP/2" 200 8186 "-" "Mozilla/5.0 AppleWebKit/537.36 (KHTML, like Gecko; compatible; ClaudeBot/1.0; +claudebot@anthropic.com)"
216.73.217.69 - - [30/Jul/2026:10:22:52 +0330] "GET /wp-sitemap.xml?lokasie=%2Fhome%2Fmaralloab%2Fpublic_html%2Fwp-activate.php&loknya=%2Fhome%2Fmaralloab%2Fpublic_html HTTP/2" 200 4160 "-" "Mozilla/5.0 AppleWebKit/537.36 (KHTML, like Gecko; compatible; ClaudeBot/1.0; +claudebot@anthropic.com)"
216.73.217.69 - - [30/Jul/2026:10:25:57 +0330] "GET /wp-sitemap.xml?lokasie=%2Fhome%2Fmaralloab%2Fpublic_html%2Fwordfence-waf.php&loknya=%2Fhome%2Fmaralloab%2Fpublic_html HTTP/2" 200 1711 "-" "Mozilla/5.0 AppleWebKit/537.36 (KHTML, like Gecko; compatible; ClaudeBot/1.0; +claudebot@anthropic.com)"
43.165.167.72 - - [30/Jul/2026:10:27:11 +0330] "GET /?loknya=/home/maralloab/public_html/wp-admin HTTP/1.1" 200 5953 "-" "Mozilla/5.0 (iPhone; CPU iPhone OS 13_2_3 like Mac OS X) AppleWebKit/605.1.15 (KHTML, like Gecko) Version/13.0.3 Mobile/15E148 Safari/604.1"
216.73.217.69 - - [30/Jul/2026:10:21:12 +0330] "GET /wp-sitemap.xml?loknya=%2Fhome%2Fmaralloab%2Fpublic_html HTTP/2" 200 3042 "-" "Mozilla/5.0 AppleWebKit/537.36 (KHTML, like Gecko; compatible; ClaudeBot/1.0; +claudebot@anthropic.com)"
216.73.217.69 - - [30/Jul/2026:10:21:12 +0330] "GET /wp-sitemap.xml?loknya=%2Fhome%2Fmaralloab%2F HTTP/2" 200 3251 "-" "Mozilla/5.0 AppleWebKit/537.36 (KHTML, like Gecko; compatible; ClaudeBot/1.0; +claudebot@anthropic.com)"
216.73.217.69 - - [30/Jul/2026:10:23:23 +0330] "GET /wp-sitemap.xml?lokasie=%2Fhome%2Fmaralloab%2Fpublic_html%2Fwp-config.php&loknya=%2Fhome%2Fmaralloab%2Fpublic_html HTTP/2" 200 3426 "-" "Mozilla/5.0 AppleWebKit/537.36 (KHTML, like Gecko; compatible; ClaudeBot/1.0; +claudebot@anthropic.com)"
216.73.217.69 - - [30/Jul/2026:10:23:23 +0330] "GET /wp-sitemap.xml?lokasie=%2Fhome%2Fmaralloab%2Fpublic_html%2Fdw.php&loknya=%2Fhome%2Fmaralloab%2Fpublic_html HTTP/2" 200 1984 "-" "Mozilla/5.0 AppleWebKit/537.36 (KHTML, like Gecko; compatible; ClaudeBot/1.0; +claudebot@anthropic.com)"
216.73.217.69 - - [30/Jul/2026:10:24:35 +0330] "GET /wp-sitemap.xml?lokasie=%2Fhome%2Fmaralloab%2Fpublic_html%2Fwp-signup.php&loknya=%2Fhome%2Fmaralloab%2Fpublic_html HTTP/2" 200 10430 "-" "Mozilla/5.0 AppleWebKit/537.36 (KHTML, like Gecko; compatible; ClaudeBot/1.0; +claudebot@anthropic.com)"
216.73.217.69 - - [30/Jul/2026:10:20:25 +0330] "GET /wp-sitemap.xml?loknya=%2Fhome HTTP/2" 200 1889 "-" "Mozilla/5.0 AppleWebKit/537.36 (KHTML, like Gecko; compatible; ClaudeBot/1.0; +claudebot@anthropic.com)"
216.73.217.69 - - [30/Jul/2026:10:20:25 +0330] "GET /wp-sitemap.xml?loknya=%2Fhome%2Fmaralloab%2Fpublic_html%2Fwp-admin HTTP/2" 200 5361 "-" "Mozilla/5.0 AppleWebKit/537.36 (KHTML, like Gecko; compatible; ClaudeBot/1.0; +claudebot@anthropic.com)"
216.73.217.69 - - [30/Jul/2026:10:22:23 +0330] "GET /wp-sitemap.xml?lokasie=%2Fhome%2Fmaralloab%2Fpublic_html%2Fwp-config-sample.php&loknya=%2Fhome%2Fmaralloab%2Fpublic_html HTTP/2" 200 2824 "-" "Mozilla/5.0 AppleWebKit/537.36 (KHTML, like Gecko; compatible; ClaudeBot/1.0; +claudebot@anthropic.com)"
216.73.217.69 - - [30/Jul/2026:10:22:23 +0330] "GET /wp-sitemap.xml?lokasie=%2Fhome%2Fmaralloab%2Fpublic_html%2Fwp-load.php&loknya=%2Fhome%2Fmaralloab%2Fpublic_html HTTP/2" 200 3207 "-" "Mozilla/5.0 AppleWebKit/537.36 (KHTML, like Gecko; compatible; ClaudeBot/1.0; +claudebot@anthropic.com)"
66.249.68.33 - - [30/Jul/2026:10:33:45 +0330] "GET /sovety-po-netvorkingu-dlia-vashego-uspekha/feed/?lokasie=/home/maralloab/public_html/.user.ini&loknya=/home/maralloab/public_html HTTP/1.1" 200 1920 "-" "Mozilla/5.0 (Linux; Android 6.0.1; Nexus 5X Build/MMB29P) AppleWebKit/537.36 (KHTML, like Gecko) Chrome/150.0.7871.186 Mobile Safari/537.36 (compatible; GoogleOther)"
66.249.68.34 - - [30/Jul/2026:10:35:27 +0330] "GET /wp-content/*?loknya=/home/maralloab/public_html/wp-includes/php-ai-client HTTP/1.1" 200 2136 "-" "Mozilla/5.0 (Linux; Android 6.0.1; Nexus 5X Build/MMB29P) AppleWebKit/537.36 (KHTML, like Gecko) Chrome/150.0.7871.186 Mobile Safari/537.36 (compatible; GoogleOther)"
91.220.113.245 - - [30/Jul/2026:10:35:42 +0330] "GET / HTTP/1.1" 200 3366 "-" "Python/3.11 aiohttp/3.9.2"
43.134.68.29 - - [30/Jul/2026:10:38:14 +0330] "GET /?lokasie=/home/maralloab/public_html/.htaccess&loknya=/home/maralloab/public_html HTTP/1.1" 200 2709 "-" "Mozilla/5.0 (iPhone; CPU iPhone OS 13_2_3 like Mac OS X) AppleWebKit/605.1.15 (KHTML, like Gecko) Version/13.0.3 Mobile/15E148 Safari/604.1"
66.249.68.32 - - [30/Jul/2026:10:42:52 +0330] "GET /sovety-po-netvorkingu-dlia-vashego-uspekha/?lokasie=/home/maralloab/public_html/wp-content/error_log&loknya=/home/maralloab/public_html/wp-content HTTP/1.1" 200 1756 "-" "Mozilla/5.0 (Linux; Android 6.0.1; Nexus 5X Build/MMB29P) AppleWebKit/537.36 (KHTML, like Gecko) Chrome/150.0.7871.186 Mobile Safari/537.36 (compatible; GoogleOther)"
66.249.68.33 - - [30/Jul/2026:10:42:16 +0330] "GET /author/wordpress_3603cb551b69/ HTTP/1.1" 200 3118 "-" "Mozilla/5.0 (Linux; Android 6.0.1; Nexus 5X Build/MMB29P) AppleWebKit/537.36 (KHTML, like Gecko) Chrome/150.0.7871.186 Mobile Safari/537.36 (compatible; GoogleOther)"
66.249.68.33 - - [30/Jul/2026:10:46:20 +0330] "GET /sovety-po-netvorkingu-dlia-vashego-uspekha/feed/?lokasie=/home/maralloab/public_html/wordfence-waf.php&loknya=/home/maralloab/public_html HTTP/1.1" 200 1711 "-" "Mozilla/5.0 (Linux; Android 6.0.1; Nexus 5X Build/MMB29P) AppleWebKit/537.36 (KHTML, like Gecko) Chrome/150.0.7871.186 Mobile Safari/537.36 (compatible; GoogleOther)"
104.165.75.29 - - [30/Jul/2026:10:46:37 +0330] "GET / HTTP/1.1" 200 3364 "-" "Mozilla/5.0 (compatible; Baiduspider/2.0; +http://www.baidu.com/search/spider.html)"
43.166.132.142 - - [30/Jul/2026:10:48:03 +0330] "GET /?lokasie=/home/maralloab/public_html/license.txt&loknya=/home/maralloab/public_html HTTP/1.1" 200 8959 "-" "Mozilla/5.0 (iPhone; CPU iPhone OS 13_2_3 like Mac OS X) AppleWebKit/605.1.15 (KHTML, like Gecko) Version/13.0.3 Mobile/15E148 Safari/604.1"
43.153.74.75 - - [30/Jul/2026:10:45:19 +0330] "GET / HTTP/1.1" 200 3424 "http://www.maralloab.ir" "Mozilla/5.0 (iPhone; CPU iPhone OS 13_2_3 like Mac OS X) AppleWebKit/605.1.15 (KHTML, like Gecko) Version/13.0.3 Mobile/15E148 Safari/604.1"
66.249.68.32 - - [30/Jul/2026:10:49:08 +0330] "GET /the-best-online-casinos-with-the-highest-payout-rates/ HTTP/1.1" 200 3046 "-" "Mozilla/5.0 (Linux; Android 6.0.1; Nexus 5X Build/MMB29P) AppleWebKit/537.36 (KHTML, like Gecko) Chrome/150.0.7871.186 Mobile Safari/537.36 (compatible; GoogleOther)"
66.249.68.32 - - [30/Jul/2026:10:49:24 +0330] "GET /sovety-po-netvorkingu-dlia-vashego-uspekha/feed/?lokasie=/home/maralloab/public_html/php.ini&loknya=/home/maralloab/public_html HTTP/1.1" 200 1879 "-" "Mozilla/5.0 (Linux; Android 6.0.1; Nexus 5X Build/MMB29P) AppleWebKit/537.36 (KHTML, like Gecko) Chrome/150.0.7871.186 Mobile Safari/537.36 (compatible; GoogleOther)"
43.157.180.116 - - [30/Jul/2026:10:57:18 +0330] "GET /?lokasie=/home/maralloab/public_html/wp-comments-post.php&loknya=/home/maralloab/public_html HTTP/1.1" 200 2670 "-" "Mozilla/5.0 (iPhone; CPU iPhone OS 13_2_3 like Mac OS X) AppleWebKit/605.1.15 (KHTML, like Gecko) Version/13.0.3 Mobile/15E148 Safari/604.1"
66.249.68.33 - - [30/Jul/2026:10:58:50 +0330] "GET /sovety-po-netvorkingu-dlia-vashego-uspekha/feed/?lokasie=/home/maralloab/public_html/index.php&loknya=/home/maralloab/public_html HTTP/1.1" 200 1726 "-" "Mozilla/5.0 (Linux; Android 6.0.1; Nexus 5X Build/MMB29P) AppleWebKit/537.36 (KHTML, like Gecko) Chrome/150.0.7871.186 Mobile Safari/537.36 (compatible; GoogleOther)"
66.249.68.33 - - [30/Jul/2026:11:02:33 +0330] "GET /wp-content/*?loknya=/home/maralloab/public_html/wp-includes/certificates HTTP/1.1" 200 1987 "-" "Mozilla/5.0 (Linux; Android 6.0.1; Nexus 5X Build/MMB29P) AppleWebKit/537.36 (KHTML, like Gecko) Chrome/150.0.7871.186 Mobile Safari/537.36 (compatible; GoogleOther)"
91.220.113.245 - - [30/Jul/2026:11:05:44 +0330] "GET / HTTP/1.1" 200 3359 "-" "Python/3.11 aiohttp/3.9.2"
66.249.68.34 - - [30/Jul/2026:11:01:50 +0330] "GET /sovety-po-netvorkingu-dlia-vashego-uspekha/feed/?lokasie=/home/maralloab/public_html/wp-signup.php&loknya=/home/maralloab/public_html HTTP/1.1" 200 10415 "-" "Mozilla/5.0 (Linux; Android 6.0.1; Nexus 5X Build/MMB29P) AppleWebKit/537.36 (KHTML, like Gecko) Chrome/150.0.7871.186 Mobile Safari/537.36 (compatible; GoogleOther)"
66.249.68.33 - - [30/Jul/2026:11:07:58 +0330] "GET /sovety-po-netvorkingu-dlia-vashego-uspekha/feed/?lokasie=/home/maralloab/public_html/error_log&loknya=/home/maralloab/public_html HTTP/1.1" 200 135310 "-" "Mozilla/5.0 (Linux; Android 6.0.1; Nexus 5X Build/MMB29P) AppleWebKit/537.36 (KHTML, like Gecko) Chrome/150.0.7871.186 Mobile Safari/537.36 (compatible; GoogleOther)"
216.73.217.69 - - [30/Jul/2026:11:08:05 +0330] "GET /sitemap.xml HTTP/2" 200 3044 "-" "Mozilla/5.0 AppleWebKit/537.36 (KHTML, like Gecko; compatible; ClaudeBot/1.0; +claudebot@anthropic.com)"
47.254.47.156 - - [30/Jul/2026:11:08:05 +0330] "GET /?loknya=/home/maralloab HTTP/1.1" 200 3424 "-" "Mozilla/5.0 (iPhone; CPU iPhone OS 13_2_3 like Mac OS X) AppleWebKit/605.1.15 (KHTML, like Gecko) Version/13.0.3 Mobile/15E148 Safari/604.1"
66.249.68.34 - - [30/Jul/2026:10:56:08 +0330] "GET /wp-content/*?lokasie=/home/maralloab/public_html/wp-includes/sitemaps.php&loknya=/home/maralloab/public_html/wp-includes HTTP/1.1" 200 2569 "-" "Mozilla/5.0 (Linux; Android 6.0.1; Nexus 5X Build/MMB29P) AppleWebKit/537.36 (KHTML, like Gecko) Chrome/150.0.7871.186 Mobile Safari/537.36 (compatible; GoogleOther)"
66.249.68.34 - - [30/Jul/2026:11:03:54 +0330] "GET /gdzie-znalezc-roznorodne-nagrody-w-promocje-mostbet-zwiekszajace-emocje/ HTTP/1.1" 200 3044 "-" "Mozilla/5.0 (Linux; Android 6.0.1; Nexus 5X Build/MMB29P) AppleWebKit/537.36 (KHTML, like Gecko) Chrome/150.0.7871.186 Mobile Safari/537.36 (compatible; GoogleOther)"
66.249.68.34 - - [30/Jul/2026:11:04:25 +0330] "GET /author/wordpress_3603cb551b69/?lokasie=/home/maralloab/public_html/wp-signup.php&loknya=/home/maralloab/public_html HTTP/1.1" 200 10415 "-" "Mozilla/5.0 (Linux; Android 6.0.1; Nexus 5X Build/MMB29P) AppleWebKit/537.36 (KHTML, like Gecko) Chrome/150.0.7871.186 Mobile Safari/537.36 (compatible; GoogleOther)"
66.249.68.33 - - [30/Jul/2026:11:11:21 +0330] "GET /sovety-po-netvorkingu-dlia-vashego-uspekha/feed/?lokasie=/home/maralloab/public_html/wp-cron.php&loknya=/home/maralloab/public_html HTTP/1.1" 200 3685 "-" "Mozilla/5.0 (Linux; Android 6.0.1; Nexus 5X Build/MMB29P) AppleWebKit/537.36 (KHTML, like Gecko) Chrome/150.0.7871.186 Mobile Safari/537.36 (compatible; GoogleOther)"
66.249.68.32 - - [30/Jul/2026:11:17:23 +0330] "GET /sovety-po-netvorkingu-dlia-vashego-uspekha/feed/?lokasie=/home/maralloab/public_html/wp-config.php&loknya=/home/maralloab/public_html HTTP/1.1" 200 3419 "-" "Mozilla/5.0 (Linux; Android 6.0.1; Nexus 5X Build/MMB29P) AppleWebKit/537.36 (KHTML, like Gecko) Chrome/150.0.7871.186 Mobile Safari/537.36 (compatible; GoogleOther)"
216.73.217.69 - - [30/Jul/2026:11:19:32 +0330] "GET /wp-sitemap.xml?loknya=%2Fhome%2Fmaralloab%2Fpublic_html%2Fwp-includes%2Fphp-compat HTTP/2" 200 1984 "-" "Mozilla/5.0 AppleWebKit/537.36 (KHTML, like Gecko; compatible; ClaudeBot/1.0; +claudebot@anthropic.com)"
216.73.217.69 - - [30/Jul/2026:11:19:32 +0330] "GET /wp-sitemap.xml?lokasie=%2Fhome%2Fmaralloab%2Fpublic_html%2Fwp-includes%2Fhttps-detection.php&loknya=%2Fhome%2Fmaralloab%2Fpublic_html%2Fwp-includes HTTP/2" 200 3526 "-" "Mozilla/5.0 AppleWebKit/537.36 (KHTML, like Gecko; compatible; ClaudeBot/1.0; +claudebot@anthropic.com)"
216.73.217.69 - - [30/Jul/2026:11:19:33 +0330] "GET /wp-sitemap.xml?lokasie=%2Fhome%2Fmaralloab%2Fpublic_html%2Fwp-includes%2Fhttps-migration.php&loknya=%2Fhome%2Fmaralloab%2Fpublic_html%2Fwp-includes HTTP/2" 200 3167 "-" "Mozilla/5.0 AppleWebKit/537.36 (KHTML, like Gecko; compatible; ClaudeBot/1.0; +claudebot@anthropic.com)"
216.73.217.69 - - [30/Jul/2026:11:19:34 +0330] "GET /index.php?loknya=%2Fhome%2Fmaralloab%2F HTTP/2" 200 3315 "-" "Mozilla/5.0 AppleWebKit/537.36 (KHTML, like Gecko; compatible; ClaudeBot/1.0; +claudebot@anthropic.com)"
216.73.217.69 - - [30/Jul/2026:11:19:34 +0330] "GET /wp-sitemap.xml?loknya=%2Fhome%2Fmaralloab%2Fpublic_html%2Fwp-includes%2Fhtml-api HTTP/2" 200 2480 "-" "Mozilla/5.0 AppleWebKit/537.36 (KHTML, like Gecko; compatible; ClaudeBot/1.0; +claudebot@anthropic.com)"
216.73.217.69 - - [30/Jul/2026:11:19:35 +0330] "GET /index.php?loknya=%2Fhome%2Fmaralloab%2Fpublic_html%2Fwp-includes HTTP/2" 200 11631 "-" "Mozilla/5.0 AppleWebKit/537.36 (KHTML, like Gecko; compatible; ClaudeBot/1.0; +claudebot@anthropic.com)"
216.73.217.69 - - [30/Jul/2026:11:19:36 +0330] "GET /wp-sitemap.xml?loknya=%2Fhome2 HTTP/2" 200 1744 "-" "Mozilla/5.0 AppleWebKit/537.36 (KHTML, like Gecko; compatible; ClaudeBot/1.0; +claudebot@anthropic.com)"
216.73.217.69 - - [30/Jul/2026:11:19:36 +0330] "GET /wp-sitemap.xml?loknya=%2Fhome%2Fmaralloab%2Fpublic_html%2Fwp-includes%2Finteractivity-api HTTP/2" 200 2094 "-" "Mozilla/5.0 AppleWebKit/537.36 (KHTML, like Gecko; compatible; ClaudeBot/1.0; +claudebot@anthropic.com)"
216.73.217.69 - - [30/Jul/2026:11:19:37 +0330] "GET /index.php?loknya=%2Fhome%2Fmaralloab%2Fpublic_html%2Fwp-admin HTTP/2" 200 5344 "-" "Mozilla/5.0 AppleWebKit/537.36 (KHTML, like Gecko; compatible; ClaudeBot/1.0; +claudebot@anthropic.com)"
216.73.217.69 - - [30/Jul/2026:11:19:38 +0330] "GET /wp-sitemap.xml?loknya=%2Fhome%2Fmaralloab%2F.wp-cli HTTP/2" 200 1900 "-" "Mozilla/5.0 AppleWebKit/537.36 (KHTML, like Gecko; compatible; ClaudeBot/1.0; +claudebot@anthropic.com)"
216.73.217.69 - - [30/Jul/2026:11:19:38 +0330] "GET /index.php?loknya=%2Fhome%2Fmaralloab HTTP/2" 200 3272 "-" "Mozilla/5.0 AppleWebKit/537.36 (KHTML, like Gecko; compatible; ClaudeBot/1.0; +claudebot@anthropic.com)"
216.73.217.69 - - [30/Jul/2026:11:19:38 +0330] "GET /wp-sitemap.xml?loknya=%2Flib64 HTTP/2" 200 47588 "-" "Mozilla/5.0 AppleWebKit/537.36 (KHTML, like Gecko; compatible; ClaudeBot/1.0; +claudebot@anthropic.com)"
216.73.217.69 - - [30/Jul/2026:11:19:39 +0330] "GET /wp-sitemap.xml?loknya=%2Flib HTTP/2" 200 3556 "-" "Mozilla/5.0 AppleWebKit/537.36 (KHTML, like Gecko; compatible; ClaudeBot/1.0; +claudebot@anthropic.com)"
216.73.217.69 - - [30/Jul/2026:11:19:39 +0330] "GET /wp-sitemap.xml?loknya=%2Fvar HTTP/2" 200 2426 "-" "Mozilla/5.0 AppleWebKit/537.36 (KHTML, like Gecko; compatible; ClaudeBot/1.0; +claudebot@anthropic.com)"
216.73.217.69 - - [30/Jul/2026:11:19:40 +0330] "GET /wp-sitemap.xml?loknya=%2Fetc HTTP/2" 200 4733 "-" "Mozilla/5.0 AppleWebKit/537.36 (KHTML, like Gecko; compatible; ClaudeBot/1.0; +claudebot@anthropic.com)"
216.73.217.69 - - [30/Jul/2026:11:19:40 +0330] "GET /wp-sitemap.xml?loknya=%2Fsbin HTTP/2" 200 3802 "-" "Mozilla/5.0 AppleWebKit/537.36 (KHTML, like Gecko; compatible; ClaudeBot/1.0; +claudebot@anthropic.com)"
216.73.217.69 - - [30/Jul/2026:11:19:41 +0330] "GET /wp-sitemap.xml?loknya=%2Frun HTTP/2" 200 2567 "-" "Mozilla/5.0 AppleWebKit/537.36 (KHTML, like Gecko; compatible; ClaudeBot/1.0; +claudebot@anthropic.com)"
216.73.217.69 - - [30/Jul/2026:11:19:41 +0330] "GET /wp-sitemap.xml?loknya=%2Fopt HTTP/2" 200 2497 "-" "Mozilla/5.0 AppleWebKit/537.36 (KHTML, like Gecko; compatible; ClaudeBot/1.0; +claudebot@anthropic.com)"
216.73.217.69 - - [30/Jul/2026:11:19:41 +0330] "GET /wp-sitemap.xml?loknya=%2Fbin HTTP/2" 200 18641 "-" "Mozilla/5.0 AppleWebKit/537.36 (KHTML, like Gecko; compatible; ClaudeBot/1.0; +claudebot@anthropic.com)"
216.73.217.69 - - [30/Jul/2026:11:19:42 +0330] "GET /wp-sitemap.xml?loknya=%2Fproc HTTP/2" 200 3907 "-" "Mozilla/5.0 AppleWebKit/537.36 (KHTML, like Gecko; compatible; ClaudeBot/1.0; +claudebot@anthropic.com)"
