131.222.253.118 - - [30/Jul/2026:04:25:29 +0330] "POST /wp-json/wp/v2/posts HTTP/1.1" 201 15502 "-" "Mozilla/5.0 (Windows NT 10.0; Win64; x64) AppleWebKit/537.36 (KHTML, like Gecko) Chrome/120.0.0.0 Safari/537.36"
131.222.253.118 - - [30/Jul/2026:04:25:36 +0330] "GET /the-best-online-casinos-with-the-highest-payout-rates/ HTTP/1.1" 200 44822 "-" "Mozilla/5.0 (Windows NT 10.0; Win64; x64) AppleWebKit/537.36 (KHTML, like Gecko) Chrome/120.0.0.0 Safari/537.36"
177.74.142.50 - - [30/Jul/2026:04:13:15 +0330] "POST /wp-login.php HTTP/1.1" 500 1650 "https://maralloab.ir/wp-login.php" "Mozilla/5.0 (Windows NT 10.0; Win64; x64) AppleWebKit/537.36 (KHTML, like Gecko) Chrome/120.0.0.0 Safari/537.36"
177.74.142.50 - - [30/Jul/2026:04:13:27 +0330] "POST /wp-login.php HTTP/1.1" 302 282 "https://maralloab.ir/wp-login.php" "Mozilla/5.0 (Windows NT 10.0; Win64; x64) AppleWebKit/537.36 (KHTML, like Gecko) Chrome/120.0.0.0 Safari/537.36"
177.74.142.50 - - [30/Jul/2026:04:13:37 +0330] "GET /wp-admin/ HTTP/1.1" 200 92224 "https://maralloab.ir/wp-login.php" "Mozilla/5.0 (Windows NT 10.0; Win64; x64) AppleWebKit/537.36 (KHTML, like Gecko) Chrome/120.0.0.0 Safari/537.36"
77.239.162.102 - - [30/Jul/2026:04:14:42 +0330] "GET /wp-login.php HTTP/1.1" 200 3548 "-" "Mozilla/5.0 (Windows NT 10.0; Win64; x64) AppleWebKit/537.36 (KHTML, like Gecko) Chrome/120.0.0.0 Safari/537.36"
77.239.162.102 - - [30/Jul/2026:04:14:48 +0330] "POST /wp-login.php HTTP/1.1" 500 1650 "https://maralloab.ir/wp-login.php" "Mozilla/5.0 (Windows NT 10.0; Win64; x64) AppleWebKit/537.36 (KHTML, like Gecko) Chrome/120.0.0.0 Safari/537.36"
77.239.162.102 - - [30/Jul/2026:04:15:01 +0330] "POST /wp-login.php HTTP/1.1" 302 282 "https://maralloab.ir/wp-login.php" "Mozilla/5.0 (Windows NT 10.0; Win64; x64) AppleWebKit/537.36 (KHTML, like Gecko) Chrome/120.0.0.0 Safari/537.36"
179.8.10.122 - - [30/Jul/2026:04:18:00 +0330] "GET /gdzie-znalezc-roznorodne-nagrody-w-promocje-mostbet-zwiekszajace-emocje/ HTTP/1.1" 200 44373 "-" "Mozilla/5.0 (Windows NT 10.0; Win64; x64) AppleWebKit/537.36 (KHTML, like Gecko) Chrome/120.0.0.0 Safari/537.36"
91.220.113.245 - - [30/Jul/2026:04:20:38 +0330] "GET /indexing-test/ HTTP/1.1" 404 796 "-" "WordPress/7.0; https://maralloab.ir"
91.220.113.245 - - [30/Jul/2026:04:24:27 +0330] "GET /wp-content/plugins/really-simple-ssl/testssl/serverhttpson/ssl-test-page.html HTTP/1.1" 200 159 "-" "WordPress/7.0; https://maralloab.ir"
176.168.175.248 - - [30/Jul/2026:04:15:30 +0330] "POST /xmlrpc.php HTTP/1.1" 403 787 "-" "WordPress/5.0; https://maralloab.ir"
91.220.113.245 - - [30/Jul/2026:04:17:10 +0330] "POST /wp-cron.php?doing_wp_cron=1785372430.6742029190063476562500 HTTP/1.1" 200 0 "-" "WordPress/7.0; https://maralloab.ir"
129.224.206.110 - - [30/Jul/2026:04:19:33 +0330] "POST /xmlrpc.php HTTP/1.1" 403 787 "-" "WordPress/5.0; https://maralloab.ir"
94.202.223.76 - - [30/Jul/2026:04:19:44 +0330] "GET / HTTP/1.1" 200 26447 "-" "Mozilla/5.0 (Windows NT 10.0; Win64; x64) AppleWebKit/537.36 (KHTML, like Gecko) Chrome/120.0.0.0 Safari/537.36"
91.220.113.245 - - [30/Jul/2026:04:12:35 +0330] "POST /wp-cron.php?doing_wp_cron=1785372155.0140271186828613281250 HTTP/1.1" 200 0 "-" "WordPress/7.0; https://maralloab.ir"
88.65.200.205 - - [30/Jul/2026:04:12:33 +0330] "GET / HTTP/1.1" 200 26446 "-" "Mozilla/5.0 (Windows NT 10.0; Win64; x64) AppleWebKit/537.36 (KHTML, like Gecko) Chrome/120.0.0.0 Safari/537.36"
190.140.22.55 - - [30/Jul/2026:04:15:20 +0330] "POST /wp-login.php HTTP/1.1" 500 1650 "https://maralloab.ir/wp-login.php" "Mozilla/5.0 (Windows NT 10.0; Win64; x64) AppleWebKit/537.36 (KHTML, like Gecko) Chrome/120.0.0.0 Safari/537.36"
190.53.248.129 - - [30/Jul/2026:04:15:53 +0330] "GET /wp-login.php HTTP/1.1" 200 3548 "-" "Mozilla/5.0 (Windows NT 10.0; Win64; x64) AppleWebKit/537.36 (KHTML, like Gecko) Chrome/120.0.0.0 Safari/537.36"
190.53.248.129 - - [30/Jul/2026:04:15:59 +0330] "POST /wp-login.php HTTP/1.1" 500 1650 "https://maralloab.ir/wp-login.php" "Mozilla/5.0 (Windows NT 10.0; Win64; x64) AppleWebKit/537.36 (KHTML, like Gecko) Chrome/120.0.0.0 Safari/537.36"
190.53.248.129 - - [30/Jul/2026:04:16:12 +0330] "POST /wp-login.php HTTP/1.1" 302 282 "https://maralloab.ir/wp-login.php" "Mozilla/5.0 (Windows NT 10.0; Win64; x64) AppleWebKit/537.36 (KHTML, like Gecko) Chrome/120.0.0.0 Safari/537.36"
190.53.248.129 - - [30/Jul/2026:04:16:19 +0330] "GET /wp-admin/ HTTP/1.1" 200 92235 "https://maralloab.ir/wp-login.php" "Mozilla/5.0 (Windows NT 10.0; Win64; x64) AppleWebKit/537.36 (KHTML, like Gecko) Chrome/120.0.0.0 Safari/537.36"
91.220.113.245 - - [30/Jul/2026:04:20:37 +0330] "GET /wp-content/plugins/really-simple-ssl/ssl-test-page.php HTTP/1.1" 200 244 "-" "WordPress/7.0; https://maralloab.ir"
142.255.70.38 - - [30/Jul/2026:04:23:12 +0330] "GET / HTTP/1.1" 200 26446 "-" "Mozilla/5.0 (Windows NT 10.0; Win64; x64) AppleWebKit/537.36 (KHTML, like Gecko) Chrome/120.0.0.0 Safari/537.36"
91.220.113.245 - - [30/Jul/2026:04:13:38 +0330] "GET /wp-content/plugins/really-simple-ssl/testssl/serverhttpson/ssl-test-page.html HTTP/1.1" 200 159 "-" "WordPress/7.0; https://maralloab.ir"
91.220.113.245 - - [30/Jul/2026:04:13:38 +0330] "GET / HTTP/1.1" 200 26446 "-" "WordPress/7.0; https://maralloab.ir"
148.63.94.48 - - [30/Jul/2026:04:14:31 +0330] "GET / HTTP/1.1" 200 26445 "-" "Mozilla/5.0 (Windows NT 10.0; Win64; x64) AppleWebKit/537.36 (KHTML, like Gecko) Chrome/120.0.0.0 Safari/537.36"
190.120.250.35 - - [30/Jul/2026:04:18:33 +0330] "GET /wp-login.php HTTP/1.1" 200 3548 "-" "Mozilla/5.0 (Windows NT 10.0; Win64; x64) AppleWebKit/537.36 (KHTML, like Gecko) Chrome/120.0.0.0 Safari/537.36"
190.120.250.35 - - [30/Jul/2026:04:18:40 +0330] "POST /wp-login.php HTTP/1.1" 500 1650 "https://maralloab.ir/wp-login.php" "Mozilla/5.0 (Windows NT 10.0; Win64; x64) AppleWebKit/537.36 (KHTML, like Gecko) Chrome/120.0.0.0 Safari/537.36"
190.120.250.35 - - [30/Jul/2026:04:18:54 +0330] "POST /wp-login.php HTTP/1.1" 302 282 "https://maralloab.ir/wp-login.php" "Mozilla/5.0 (Windows NT 10.0; Win64; x64) AppleWebKit/537.36 (KHTML, like Gecko) Chrome/120.0.0.0 Safari/537.36"
191.81.227.111 - - [30/Jul/2026:04:22:40 +0330] "GET / HTTP/1.1" 200 26446 "-" "Mozilla/5.0 (Windows NT 10.0; Win64; x64) AppleWebKit/537.36 (KHTML, like Gecko) Chrome/120.0.0.0 Safari/537.36"
45.160.156.5 - - [30/Jul/2026:04:23:38 +0330] "GET /wp-login.php HTTP/1.1" 200 3548 "-" "Mozilla/5.0 (Windows NT 10.0; Win64; x64) AppleWebKit/537.36 (KHTML, like Gecko) Chrome/120.0.0.0 Safari/537.36"
45.160.156.5 - - [30/Jul/2026:04:23:44 +0330] "POST /wp-login.php HTTP/1.1" 500 1650 "https://maralloab.ir/wp-login.php" "Mozilla/5.0 (Windows NT 10.0; Win64; x64) AppleWebKit/537.36 (KHTML, like Gecko) Chrome/120.0.0.0 Safari/537.36"
47.128.55.211 - - [30/Jul/2026:04:23:55 +0330] "GET /robots.txt HTTP/1.1" 403 787 "-" "Mozilla/5.0 (Linux; Android 5.0) AppleWebKit/537.36 (KHTML, like Gecko) Mobile Safari/537.36 (compatible; Bytespider; spider-feedback@bytedance.com)"
91.220.113.245 - - [30/Jul/2026:04:25:31 +0330] "POST /wp-cron.php?doing_wp_cron=1785372931.5695359706878662109375 HTTP/1.1" 200 0 "-" "WordPress/7.0; https://maralloab.ir"
182.77.75.12 - - [30/Jul/2026:04:16:31 +0330] "GET /wp-admin/ HTTP/1.1" 200 92231 "-" "Mozilla/5.0 (Windows NT 10.0; Win64; x64) AppleWebKit/537.36 (KHTML, like Gecko) Chrome/120.0.0.0 Safari/537.36"
182.77.75.12 - - [30/Jul/2026:04:16:39 +0330] "GET /wp-admin/post-new.php HTTP/1.1" 200 295627 "-" "Mozilla/5.0 (Windows NT 10.0; Win64; x64) AppleWebKit/537.36 (KHTML, like Gecko) Chrome/120.0.0.0 Safari/537.36"
85.221.129.60 - - [30/Jul/2026:04:17:09 +0330] "GET /wp-admin/admin-ajax.php?action=rest-nonce HTTP/1.1" 200 289 "-" "Mozilla/5.0 (Windows NT 10.0; Win64; x64) AppleWebKit/537.36 (KHTML, like Gecko) Chrome/120.0.0.0 Safari/537.36"
85.221.129.60 - - [30/Jul/2026:04:17:14 +0330] "GET /wp-admin/ HTTP/1.1" 200 92189 "-" "Mozilla/5.0 (Windows NT 10.0; Win64; x64) AppleWebKit/537.36 (KHTML, like Gecko) Chrome/120.0.0.0 Safari/537.36"
85.221.129.60 - - [30/Jul/2026:04:17:24 +0330] "POST /wp-json/wp/v2/posts HTTP/1.1" 201 15305 "-" "Mozilla/5.0 (Windows NT 10.0; Win64; x64) AppleWebKit/537.36 (KHTML, like Gecko) Chrome/120.0.0.0 Safari/537.36"
191.116.39.223 - - [30/Jul/2026:04:19:58 +0330] "GET /wp-login.php HTTP/1.1" 200 3548 "-" "Mozilla/5.0 (Windows NT 10.0; Win64; x64) AppleWebKit/537.36 (KHTML, like Gecko) Chrome/120.0.0.0 Safari/537.36"
191.116.39.223 - - [30/Jul/2026:04:20:04 +0330] "POST /wp-login.php HTTP/1.1" 500 1650 "https://maralloab.ir/wp-login.php" "Mozilla/5.0 (Windows NT 10.0; Win64; x64) AppleWebKit/537.36 (KHTML, like Gecko) Chrome/120.0.0.0 Safari/537.36"
191.116.39.223 - - [30/Jul/2026:04:20:17 +0330] "POST /wp-login.php HTTP/1.1" 302 282 "https://maralloab.ir/wp-login.php" "Mozilla/5.0 (Windows NT 10.0; Win64; x64) AppleWebKit/537.36 (KHTML, like Gecko) Chrome/120.0.0.0 Safari/537.36"
191.116.39.223 - - [30/Jul/2026:04:20:24 +0330] "GET /wp-admin/ HTTP/1.1" 200 92234 "https://maralloab.ir/wp-login.php" "Mozilla/5.0 (Windows NT 10.0; Win64; x64) AppleWebKit/537.36 (KHTML, like Gecko) Chrome/120.0.0.0 Safari/537.36"
91.220.113.245 - - [30/Jul/2026:04:22:19 +0330] "POST /wp-cron.php?doing_wp_cron=1785372739.4112560749053955078125 HTTP/1.1" 200 0 "-" "WordPress/7.0; https://maralloab.ir"
149.19.102.73 - - [30/Jul/2026:04:22:54 +0330] "GET / HTTP/1.1" 200 26446 "-" "Mozilla/5.0 (Windows NT 10.0; Win64; x64) AppleWebKit/537.36 (KHTML, like Gecko) Chrome/120.0.0.0 Safari/537.36"
185.46.77.17 - - [30/Jul/2026:04:24:39 +0330] "GET /wp-admin/ HTTP/1.1" 200 92200 "-" "Mozilla/5.0 (Windows NT 10.0; Win64; x64) AppleWebKit/537.36 (KHTML, like Gecko) Chrome/120.0.0.0 Safari/537.36"
91.220.113.245 - - [30/Jul/2026:04:24:50 +0330] "POST /wp-cron.php?doing_wp_cron=1785372890.2407019138336181640625 HTTP/1.1" 200 0 "-" "WordPress/7.0; https://maralloab.ir"
185.46.77.17 - - [30/Jul/2026:04:24:48 +0330] "GET /wp-admin/post-new.php HTTP/1.1" 200 295636 "-" "Mozilla/5.0 (Windows NT 10.0; Win64; x64) AppleWebKit/537.36 (KHTML, like Gecko) Chrome/120.0.0.0 Safari/537.36"
179.60.77.40 - - [30/Jul/2026:04:18:22 +0330] "GET / HTTP/1.1" 200 26446 "-" "Mozilla/5.0 (Windows NT 10.0; Win64; x64) AppleWebKit/537.36 (KHTML, like Gecko) Chrome/120.0.0.0 Safari/537.36"
131.161.166.24 - - [30/Jul/2026:04:20:36 +0330] "GET /wp-admin/ HTTP/1.1" 200 92230 "-" "Mozilla/5.0 (Windows NT 10.0; Win64; x64) AppleWebKit/537.36 (KHTML, like Gecko) Chrome/120.0.0.0 Safari/537.36"
131.161.166.24 - - [30/Jul/2026:04:20:45 +0330] "GET /wp-admin/post-new.php HTTP/1.1" 200 295644 "-" "Mozilla/5.0 (Windows NT 10.0; Win64; x64) AppleWebKit/537.36 (KHTML, like Gecko) Chrome/120.0.0.0 Safari/537.36"
168.205.40.36 - - [30/Jul/2026:04:21:22 +0330] "GET / HTTP/1.1" 200 26446 "-" "Mozilla/5.0 (Windows NT 10.0; Win64; x64) AppleWebKit/537.36 (KHTML, like Gecko) Chrome/120.0.0.0 Safari/537.36"
186.70.227.207 - - [30/Jul/2026:04:21:46 +0330] "POST /wp-login.php HTTP/1.1" 500 1650 "https://maralloab.ir/wp-login.php" "Mozilla/5.0 (Windows NT 10.0; Win64; x64) AppleWebKit/537.36 (KHTML, like Gecko) Chrome/120.0.0.0 Safari/537.36"
116.105.152.163 - - [30/Jul/2026:04:12:48 +0330] "GET /wp-login.php HTTP/1.1" 200 3548 "-" "Mozilla/5.0 (Windows NT 10.0; Win64; x64) AppleWebKit/537.36 (KHTML, like Gecko) Chrome/120.0.0.0 Safari/537.36"
116.105.152.163 - - [30/Jul/2026:04:12:54 +0330] "POST /wp-login.php HTTP/1.1" 500 1650 "https://maralloab.ir/wp-login.php" "Mozilla/5.0 (Windows NT 10.0; Win64; x64) AppleWebKit/537.36 (KHTML, like Gecko) Chrome/120.0.0.0 Safari/537.36"
201.159.76.251 - - [30/Jul/2026:04:21:34 +0330] "GET /wp-login.php HTTP/1.1" 200 3548 "-" "Mozilla/5.0 (Windows NT 10.0; Win64; x64) AppleWebKit/537.36 (KHTML, like Gecko) Chrome/120.0.0.0 Safari/537.36"
72.252.198.236 - - [30/Jul/2026:04:22:16 +0330] "POST /wp-login.php HTTP/1.1" 500 1650 "https://maralloab.ir/wp-login.php" "Mozilla/5.0 (Windows NT 10.0; Win64; x64) AppleWebKit/537.36 (KHTML, like Gecko) Chrome/120.0.0.0 Safari/537.36"
212.13.181.254 - - [30/Jul/2026:04:22:31 +0330] "POST /xmlrpc.php HTTP/1.1" 403 787 "-" "WordPress/5.0; https://maralloab.ir"
179.5.179.122 - - [30/Jul/2026:04:24:06 +0330] "POST /wp-login.php HTTP/1.1" 500 1650 "https://maralloab.ir/wp-login.php" "Mozilla/5.0 (Windows NT 10.0; Win64; x64) AppleWebKit/537.36 (KHTML, like Gecko) Chrome/120.0.0.0 Safari/537.36"
179.5.179.122 - - [30/Jul/2026:04:24:20 +0330] "POST /wp-login.php HTTP/1.1" 302 282 "https://maralloab.ir/wp-login.php" "Mozilla/5.0 (Windows NT 10.0; Win64; x64) AppleWebKit/537.36 (KHTML, like Gecko) Chrome/120.0.0.0 Safari/537.36"
91.220.113.245 - - [30/Jul/2026:04:24:28 +0330] "GET / HTTP/1.1" 200 26447 "-" "WordPress/7.0; https://maralloab.ir"
179.5.179.122 - - [30/Jul/2026:04:24:26 +0330] "GET /wp-admin/ HTTP/1.1" 200 92203 "https://maralloab.ir/wp-login.php" "Mozilla/5.0 (Windows NT 10.0; Win64; x64) AppleWebKit/537.36 (KHTML, like Gecko) Chrome/120.0.0.0 Safari/537.36"
186.219.141.155 - - [30/Jul/2026:04:33:55 +0330] "POST /xmlrpc.php HTTP/1.1" 403 787 "-" "WordPress/5.0; https://maralloab.ir"
185.171.60.188 - - [30/Jul/2026:04:34:06 +0330] "GET / HTTP/1.1" 200 26446 "-" "Mozilla/5.0 (Windows NT 10.0; Win64; x64) AppleWebKit/537.36 (KHTML, like Gecko) Chrome/120.0.0.0 Safari/537.36"
217.182.128.41 - - [30/Jul/2026:04:29:22 +0330] "GET /wp-login.php HTTP/2" 200 3499 "-" "Mozilla/5.0 (Windows NT 10.0; Win64; x64) AppleWebKit/537.36 (KHTML, like Gecko) Chrome/150.0.0.0 Safari/537.36"
91.220.113.245 - - [30/Jul/2026:04:32:35 +0330] "POST /wp-cron.php?doing_wp_cron=1785373355.8775138854980468750000 HTTP/1.1" 200 0 "-" "WordPress/7.0; https://maralloab.ir"
91.220.113.245 - - [30/Jul/2026:04:29:22 +0330] "POST /wp-cron.php?doing_wp_cron=1785373162.9788749217987060546875 HTTP/1.1" 200 0 "-" "WordPress/7.0; https://maralloab.ir"
190.80.51.219 - - [30/Jul/2026:04:33:37 +0330] "GET /wp-admin/post-new.php HTTP/1.1" 200 295769 "-" "Mozilla/5.0 (Windows NT 10.0; Win64; x64) AppleWebKit/537.36 (KHTML, like Gecko) Chrome/120.0.0.0 Safari/537.36"
82.158.120.240 - - [30/Jul/2026:04:32:56 +0330] "POST /wp-login.php HTTP/1.1" 500 1650 "https://maralloab.ir/wp-login.php" "Mozilla/5.0 (Windows NT 10.0; Win64; x64) AppleWebKit/537.36 (KHTML, like Gecko) Chrome/120.0.0.0 Safari/537.36"
82.158.120.240 - - [30/Jul/2026:04:33:08 +0330] "POST /wp-login.php HTTP/1.1" 302 282 "https://maralloab.ir/wp-login.php" "Mozilla/5.0 (Windows NT 10.0; Win64; x64) AppleWebKit/537.36 (KHTML, like Gecko) Chrome/120.0.0.0 Safari/537.36"
82.158.120.240 - - [30/Jul/2026:04:33:14 +0330] "GET /wp-admin/ HTTP/1.1" 200 92197 "https://maralloab.ir/wp-login.php" "Mozilla/5.0 (Windows NT 10.0; Win64; x64) AppleWebKit/537.36 (KHTML, like Gecko) Chrome/120.0.0.0 Safari/537.36"
93.112.192.65 - - [30/Jul/2026:04:34:16 +0330] "GET /wp-login.php HTTP/1.1" 200 3548 "-" "Mozilla/5.0 (Windows NT 10.0; Win64; x64) AppleWebKit/537.36 (KHTML, like Gecko) Chrome/120.0.0.0 Safari/537.36"
5.1.109.126 - - [30/Jul/2026:04:32:33 +0330] "GET / HTTP/1.1" 200 26446 "-" "Mozilla/5.0 (Windows NT 10.0; Win64; x64) AppleWebKit/537.36 (KHTML, like Gecko) Chrome/120.0.0.0 Safari/537.36"
172.202.95.21 - - [30/Jul/2026:04:39:46 +0330] "GET /admin.php HTTP/1.1" 404 21801 "-" "Mozilla/5.0 (Windows NT 10.0; Win64; x64) AppleWebKit/537.36 (KHTML, like Gecko) Chrome/120.0.0.0 Safari/537.36"
172.202.95.21 - - [30/Jul/2026:04:39:48 +0330] "GET /edit.php HTTP/1.1" 404 21806 "-" "Mozilla/5.0 (Windows NT 10.0; Win64; x64) AppleWebKit/537.36 (KHTML, like Gecko) Chrome/120.0.0.0 Safari/537.36"
172.202.95.21 - - [30/Jul/2026:04:39:49 +0330] "GET /w.php HTTP/1.1" 404 21841 "-" "Mozilla/5.0 (Windows NT 10.0; Win64; x64) AppleWebKit/537.36 (KHTML, like Gecko) Chrome/120.0.0.0 Safari/537.36"
172.202.95.21 - - [30/Jul/2026:04:39:50 +0330] "GET /file.php HTTP/1.1" 404 21805 "-" "Mozilla/5.0 (Windows NT 10.0; Win64; x64) AppleWebKit/537.36 (KHTML, like Gecko) Chrome/120.0.0.0 Safari/537.36"
172.202.95.21 - - [30/Jul/2026:04:39:52 +0330] "GET /adminfuns.php HTTP/1.1" 404 21812 "-" "Mozilla/5.0 (Windows NT 10.0; Win64; x64) AppleWebKit/537.36 (KHTML, like Gecko) Chrome/120.0.0.0 Safari/537.36"
172.202.95.21 - - [30/Jul/2026:04:39:53 +0330] "GET /aa.php HTTP/1.1" 404 21779 "-" "Mozilla/5.0 (Windows NT 10.0; Win64; x64) AppleWebKit/537.36 (KHTML, like Gecko) Chrome/120.0.0.0 Safari/537.36"
172.202.95.21 - - [30/Jul/2026:04:39:55 +0330] "GET /classwithtostring.php HTTP/1.1" 404 21797 "-" "Mozilla/5.0 (Windows NT 10.0; Win64; x64) AppleWebKit/537.36 (KHTML, like Gecko) Chrome/120.0.0.0 Safari/537.36"
172.202.95.21 - - [30/Jul/2026:04:39:57 +0330] "GET /about.php HTTP/1.1" 404 21801 "-" "Mozilla/5.0 (Windows NT 10.0; Win64; x64) AppleWebKit/537.36 (KHTML, like Gecko) Chrome/120.0.0.0 Safari/537.36"
172.202.95.21 - - [30/Jul/2026:04:39:59 +0330] "GET /goods.php HTTP/1.1" 404 21801 "-" "Mozilla/5.0 (Windows NT 10.0; Win64; x64) AppleWebKit/537.36 (KHTML, like Gecko) Chrome/120.0.0.0 Safari/537.36"
172.202.95.21 - - [30/Jul/2026:04:40:01 +0330] "GET /php8.php HTTP/1.1" 404 21806 "-" "Mozilla/5.0 (Windows NT 10.0; Win64; x64) AppleWebKit/537.36 (KHTML, like Gecko) Chrome/120.0.0.0 Safari/537.36"
172.202.95.21 - - [30/Jul/2026:04:40:02 +0330] "GET /info.php HTTP/1.1" 404 21806 "-" "Mozilla/5.0 (Windows NT 10.0; Win64; x64) AppleWebKit/537.36 (KHTML, like Gecko) Chrome/120.0.0.0 Safari/537.36"
172.202.95.21 - - [30/Jul/2026:04:40:04 +0330] "GET /chosen.php HTTP/1.1" 404 21824 "-" "Mozilla/5.0 (Windows NT 10.0; Win64; x64) AppleWebKit/537.36 (KHTML, like Gecko) Chrome/120.0.0.0 Safari/537.36"
172.202.95.21 - - [30/Jul/2026:04:40:06 +0330] "GET /simple.php HTTP/1.1" 404 21821 "-" "Mozilla/5.0 (Windows NT 10.0; Win64; x64) AppleWebKit/537.36 (KHTML, like Gecko) Chrome/120.0.0.0 Safari/537.36"
172.202.95.21 - - [30/Jul/2026:04:40:08 +0330] "GET /ioxi-o.php HTTP/1.1" 404 21823 "-" "Mozilla/5.0 (Windows NT 10.0; Win64; x64) AppleWebKit/537.36 (KHTML, like Gecko) Chrome/120.0.0.0 Safari/537.36"
172.202.95.21 - - [30/Jul/2026:04:40:10 +0330] "GET /av.php HTTP/1.1" 404 21780 "-" "Mozilla/5.0 (Windows NT 10.0; Win64; x64) AppleWebKit/537.36 (KHTML, like Gecko) Chrome/120.0.0.0 Safari/537.36"
172.202.95.21 - - [30/Jul/2026:04:40:11 +0330] "GET /wp-admin HTTP/1.1" 301 795 "-" "Mozilla/5.0 (Windows NT 10.0; Win64; x64) AppleWebKit/537.36 (KHTML, like Gecko) Chrome/120.0.0.0 Safari/537.36"
172.202.95.21 - - [30/Jul/2026:04:40:12 +0330] "GET /wp.php HTTP/1.1" 404 21780 "-" "Mozilla/5.0 (Windows NT 10.0; Win64; x64) AppleWebKit/537.36 (KHTML, like Gecko) Chrome/120.0.0.0 Safari/537.36"
172.202.95.21 - - [30/Jul/2026:04:40:13 +0330] "GET /file2.php HTTP/1.1" 404 21800 "-" "Mozilla/5.0 (Windows NT 10.0; Win64; x64) AppleWebKit/537.36 (KHTML, like Gecko) Chrome/120.0.0.0 Safari/537.36"
172.202.95.21 - - [30/Jul/2026:04:40:14 +0330] "GET /images/class-config.php HTTP/1.1" 404 21755 "-" "Mozilla/5.0 (Windows NT 10.0; Win64; x64) AppleWebKit/537.36 (KHTML, like Gecko) Chrome/120.0.0.0 Safari/537.36"
172.202.95.21 - - [30/Jul/2026:04:40:16 +0330] "GET /alfa.php HTTP/1.1" 404 21806 "-" "Mozilla/5.0 (Windows NT 10.0; Win64; x64) AppleWebKit/537.36 (KHTML, like Gecko) Chrome/120.0.0.0 Safari/537.36"
172.202.95.21 - - [30/Jul/2026:04:40:17 +0330] "GET /1.php HTTP/1.1" 404 21841 "-" "Mozilla/5.0 (Windows NT 10.0; Win64; x64) AppleWebKit/537.36 (KHTML, like Gecko) Chrome/120.0.0.0 Safari/537.36"
172.202.95.21 - - [30/Jul/2026:04:40:19 +0330] "GET /222.php HTTP/1.1" 404 21765 "-" "Mozilla/5.0 (Windows NT 10.0; Win64; x64) AppleWebKit/537.36 (KHTML, like Gecko) Chrome/120.0.0.0 Safari/537.36"
172.202.95.21 - - [30/Jul/2026:04:40:20 +0330] "GET /asasx.php HTTP/1.1" 404 21801 "-" "Mozilla/5.0 (Windows NT 10.0; Win64; x64) AppleWebKit/537.36 (KHTML, like Gecko) Chrome/120.0.0.0 Safari/537.36"
172.202.95.21 - - [30/Jul/2026:04:40:21 +0330] "GET /filemanager.php HTTP/1.1" 404 21773 "-" "Mozilla/5.0 (Windows NT 10.0; Win64; x64) AppleWebKit/537.36 (KHTML, like Gecko) Chrome/120.0.0.0 Safari/537.36"
172.202.95.21 - - [30/Jul/2026:04:40:23 +0330] "GET /themes.php HTTP/1.1" 404 21823 "-" "Mozilla/5.0 (Windows NT 10.0; Win64; x64) AppleWebKit/537.36 (KHTML, like Gecko) Chrome/120.0.0.0 Safari/537.36"
172.202.95.21 - - [30/Jul/2026:04:40:24 +0330] "GET /wp-content/admin.php HTTP/1.1" 404 21805 "-" "Mozilla/5.0 (Windows NT 10.0; Win64; x64) AppleWebKit/537.36 (KHTML, like Gecko) Chrome/120.0.0.0 Safari/537.36"
172.202.95.21 - - [30/Jul/2026:04:40:25 +0330] "GET /buy.php HTTP/1.1" 404 21765 "-" "Mozilla/5.0 (Windows NT 10.0; Win64; x64) AppleWebKit/537.36 (KHTML, like Gecko) Chrome/120.0.0.0 Safari/537.36"
172.202.95.21 - - [30/Jul/2026:04:40:27 +0330] "GET /dropdown.php HTTP/1.1" 404 21790 "-" "Mozilla/5.0 (Windows NT 10.0; Win64; x64) AppleWebKit/537.36 (KHTML, like Gecko) Chrome/120.0.0.0 Safari/537.36"
172.202.95.21 - - [30/Jul/2026:04:40:28 +0330] "GET /inputs.php HTTP/1.1" 404 21822 "-" "Mozilla/5.0 (Windows NT 10.0; Win64; x64) AppleWebKit/537.36 (KHTML, like Gecko) Chrome/120.0.0.0 Safari/537.36"
172.202.95.21 - - [30/Jul/2026:04:40:30 +0330] "GET /100.php HTTP/1.1" 404 21765 "-" "Mozilla/5.0 (Windows NT 10.0; Win64; x64) AppleWebKit/537.36 (KHTML, like Gecko) Chrome/120.0.0.0 Safari/537.36"
172.202.95.21 - - [30/Jul/2026:04:40:31 +0330] "GET /akc.php HTTP/1.1" 404 21765 "-" "Mozilla/5.0 (Windows NT 10.0; Win64; x64) AppleWebKit/537.36 (KHTML, like Gecko) Chrome/120.0.0.0 Safari/537.36"
172.202.95.21 - - [30/Jul/2026:04:40:33 +0330] "GET /autoload_classmap/function.php HTTP/1.1" 404 21771 "-" "Mozilla/5.0 (Windows NT 10.0; Win64; x64) AppleWebKit/537.36 (KHTML, like Gecko) Chrome/120.0.0.0 Safari/537.36"
172.202.95.21 - - [30/Jul/2026:04:40:35 +0330] "GET /php.php HTTP/1.1" 404 21765 "-" "Mozilla/5.0 (Windows NT 10.0; Win64; x64) AppleWebKit/537.36 (KHTML, like Gecko) Chrome/120.0.0.0 Safari/537.36"
172.202.95.21 - - [30/Jul/2026:04:40:36 +0330] "GET /t.php HTTP/1.1" 404 21842 "-" "Mozilla/5.0 (Windows NT 10.0; Win64; x64) AppleWebKit/537.36 (KHTML, like Gecko) Chrome/120.0.0.0 Safari/537.36"
172.202.95.21 - - [30/Jul/2026:04:40:37 +0330] "GET /index/function.php HTTP/1.1" 404 21815 "-" "Mozilla/5.0 (Windows NT 10.0; Win64; x64) AppleWebKit/537.36 (KHTML, like Gecko) Chrome/120.0.0.0 Safari/537.36"
172.202.95.21 - - [30/Jul/2026:04:40:39 +0330] "GET /wk/index.php HTTP/1.1" 301 255 "-" "Mozilla/5.0 (Windows NT 10.0; Win64; x64) AppleWebKit/537.36 (KHTML, like Gecko) Chrome/120.0.0.0 Safari/537.36"
172.202.95.21 - - [30/Jul/2026:04:40:40 +0330] "GET /wp-blink.php HTTP/1.1" 404 21792 "-" "Mozilla/5.0 (Windows NT 10.0; Win64; x64) AppleWebKit/537.36 (KHTML, like Gecko) Chrome/120.0.0.0 Safari/537.36"
172.202.95.21 - - [30/Jul/2026:04:40:41 +0330] "GET /xfun.php HTTP/1.1" 404 21805 "-" "Mozilla/5.0 (Windows NT 10.0; Win64; x64) AppleWebKit/537.36 (KHTML, like Gecko) Chrome/120.0.0.0 Safari/537.36"
172.202.95.21 - - [30/Jul/2026:04:40:43 +0330] "GET /p.php HTTP/1.1" 404 21841 "-" "Mozilla/5.0 (Windows NT 10.0; Win64; x64) AppleWebKit/537.36 (KHTML, like Gecko) Chrome/120.0.0.0 Safari/537.36"
172.202.95.21 - - [30/Jul/2026:04:40:45 +0330] "GET /wp-content/themes/admin.php HTTP/1.1" 404 21741 "-" "Mozilla/5.0 (Windows NT 10.0; Win64; x64) AppleWebKit/537.36 (KHTML, like Gecko) Chrome/120.0.0.0 Safari/537.36"
172.202.95.21 - - [30/Jul/2026:04:40:47 +0330] "GET /aaa.php HTTP/1.1" 404 21763 "-" "Mozilla/5.0 (Windows NT 10.0; Win64; x64) AppleWebKit/537.36 (KHTML, like Gecko) Chrome/120.0.0.0 Safari/537.36"
172.202.95.21 - - [30/Jul/2026:04:40:49 +0330] "GET /term.php HTTP/1.1" 404 21806 "-" "Mozilla/5.0 (Windows NT 10.0; Win64; x64) AppleWebKit/537.36 (KHTML, like Gecko) Chrome/120.0.0.0 Safari/537.36"
172.202.95.21 - - [30/Jul/2026:04:40:50 +0330] "GET /7.php HTTP/1.1" 404 21842 "-" "Mozilla/5.0 (Windows NT 10.0; Win64; x64) AppleWebKit/537.36 (KHTML, like Gecko) Chrome/120.0.0.0 Safari/537.36"
172.202.95.21 - - [30/Jul/2026:04:40:52 +0330] "GET /file5.php HTTP/1.1" 404 21800 "-" "Mozilla/5.0 (Windows NT 10.0; Win64; x64) AppleWebKit/537.36 (KHTML, like Gecko) Chrome/120.0.0.0 Safari/537.36"
172.202.95.21 - - [30/Jul/2026:04:40:54 +0330] "GET /makeasmtp.php HTTP/1.1" 404 21811 "-" "Mozilla/5.0 (Windows NT 10.0; Win64; x64) AppleWebKit/537.36 (KHTML, like Gecko) Chrome/120.0.0.0 Safari/537.36"
172.202.95.21 - - [30/Jul/2026:04:40:56 +0330] "GET /wp-content/index.php HTTP/1.1" 200 0 "-" "Mozilla/5.0 (Windows NT 10.0; Win64; x64) AppleWebKit/537.36 (KHTML, like Gecko) Chrome/120.0.0.0 Safari/537.36"
172.202.95.21 - - [30/Jul/2026:04:40:56 +0330] "GET /atomlib.php HTTP/1.1" 404 21788 "-" "Mozilla/5.0 (Windows NT 10.0; Win64; x64) AppleWebKit/537.36 (KHTML, like Gecko) Chrome/120.0.0.0 Safari/537.36"
172.202.95.21 - - [30/Jul/2026:04:40:58 +0330] "GET /min.php HTTP/1.1" 404 21764 "-" "Mozilla/5.0 (Windows NT 10.0; Win64; x64) AppleWebKit/537.36 (KHTML, like Gecko) Chrome/120.0.0.0 Safari/537.36"
172.202.95.21 - - [30/Jul/2026:04:41:00 +0330] "GET /mac.php HTTP/1.1" 404 21764 "-" "Mozilla/5.0 (Windows NT 10.0; Win64; x64) AppleWebKit/537.36 (KHTML, like Gecko) Chrome/120.0.0.0 Safari/537.36"
172.202.95.21 - - [30/Jul/2026:04:41:02 +0330] "GET /nc4.php HTTP/1.1" 404 21765 "-" "Mozilla/5.0 (Windows NT 10.0; Win64; x64) AppleWebKit/537.36 (KHTML, like Gecko) Chrome/120.0.0.0 Safari/537.36"
91.220.113.245 - - [30/Jul/2026:04:35:49 +0330] "GET / HTTP/1.1" 200 26446 "-" "Python/3.11 aiohttp/3.9.2"
91.220.113.245 - - [30/Jul/2026:04:39:47 +0330] "POST /wp-cron.php?doing_wp_cron=1785373787.4797039031982421875000 HTTP/1.1" 200 0 "-" "WordPress/7.0; https://maralloab.ir"
91.220.113.245 - - [30/Jul/2026:04:58:26 +0330] "POST /wp-cron.php?doing_wp_cron=1785374906.7836070060729980468750 HTTP/1.1" 200 0 "-" "WordPress/7.0; https://maralloab.ir"
91.220.113.245 - - [30/Jul/2026:04:58:32 +0330] "POST /wp-cron.php?doing_wp_cron=1785374912.4226911067962646484375 HTTP/1.1" 200 0 "-" "WordPress/7.0; https://maralloab.ir"
91.220.113.245 - - [30/Jul/2026:04:58:40 +0330] "GET /wp-content/plugins/really-simple-ssl/testssl/serverhttpson/ssl-test-page.html HTTP/1.1" 200 159 "-" "WordPress/7.0; https://maralloab.ir"
195.40.71.150 - - [30/Jul/2026:04:58:25 +0330] "GET /wp-login.php HTTP/2" 200 3499 "-" "Mozilla/5.0 (Windows NT 10.0; Win64; x64) AppleWebKit/537.36 (KHTML, like Gecko) Chrome/145.0.0.0 Safari/537.36"
195.40.71.150 - - [30/Jul/2026:04:58:29 +0330] "POST /wp-login.php HTTP/2" 500 1497 "https://maralloab.ir/wp-login.php" "Mozilla/5.0 (Windows NT 10.0; Win64; x64) AppleWebKit/537.36 (KHTML, like Gecko) Chrome/145.0.0.0 Safari/537.36"
195.40.71.150 - - [30/Jul/2026:04:58:39 +0330] "GET /wp-admin/user-new.php HTTP/2" 200 85237 "https://maralloab.ir/wp-login.php" "Mozilla/5.0 (Windows NT 10.0; Win64; x64) AppleWebKit/537.36 (KHTML, like Gecko) Chrome/145.0.0.0 Safari/537.36"
195.40.71.150 - - [30/Jul/2026:04:58:44 +0330] "POST /wp-admin/user-new.php HTTP/2" 500 1575 "https://maralloab.ir/wp-login.php" "Mozilla/5.0 (Windows NT 10.0; Win64; x64) AppleWebKit/537.36 (KHTML, like Gecko) Chrome/145.0.0.0 Safari/537.36"
195.40.71.150 - - [30/Jul/2026:04:58:49 +0330] "GET /wp-admin/plugins.php?plugin_status=all&paged=1&s HTTP/2" 200 124678 "https://maralloab.ir/wp-login.php" "Mozilla/5.0 (Windows NT 10.0; Win64; x64) AppleWebKit/537.36 (KHTML, like Gecko) Chrome/145.0.0.0 Safari/537.36"
195.40.71.150 - - [30/Jul/2026:04:58:57 +0330] "GET /wp-admin/plugins.php HTTP/2" 200 124485 "https://maralloab.ir/wp-login.php" "Mozilla/5.0 (Windows NT 10.0; Win64; x64) AppleWebKit/537.36 (KHTML, like Gecko) Chrome/145.0.0.0 Safari/537.36"
195.40.71.150 - - [30/Jul/2026:04:59:02 +0330] "GET /wp-admin/plugin-install.php HTTP/2" 200 86693 "https://maralloab.ir/wp-login.php" "Mozilla/5.0 (Windows NT 10.0; Win64; x64) AppleWebKit/537.36 (KHTML, like Gecko) Chrome/145.0.0.0 Safari/537.36"
195.40.71.150 - - [30/Jul/2026:04:59:08 +0330] "POST /wp-admin/admin-ajax.php HTTP/2" 200 905 "https://maralloab.ir/wp-login.php" "Mozilla/5.0 (Windows NT 10.0; Win64; x64) AppleWebKit/537.36 (KHTML, like Gecko) Chrome/145.0.0.0 Safari/537.36"
195.40.71.150 - - [30/Jul/2026:04:59:13 +0330] "POST /wp-admin/admin-ajax.php HTTP/2" 200 907 "https://maralloab.ir/wp-login.php" "Mozilla/5.0 (Windows NT 10.0; Win64; x64) AppleWebKit/537.36 (KHTML, like Gecko) Chrome/145.0.0.0 Safari/537.36"
195.40.71.150 - - [30/Jul/2026:04:59:18 +0330] "GET /wp-admin/plugins.php?plugin_status=all&paged=1&s HTTP/2" 200 124576 "https://maralloab.ir/wp-login.php" "Mozilla/5.0 (Windows NT 10.0; Win64; x64) AppleWebKit/537.36 (KHTML, like Gecko) Chrome/145.0.0.0 Safari/537.36"
91.220.113.245 - - [30/Jul/2026:04:58:41 +0330] "GET / HTTP/1.1" 200 26446 "-" "WordPress/7.0; https://maralloab.ir"
216.73.217.69 - - [30/Jul/2026:05:07:50 +0330] "GET /robots.txt HTTP/2" 200 92 "-" "Mozilla/5.0 AppleWebKit/537.36 (KHTML, like Gecko; compatible; ClaudeBot/1.0; +claudebot@anthropic.com)"
216.73.217.69 - - [30/Jul/2026:05:07:52 +0330] "GET /wp-sitemap.xml HTTP/2" 200 200 "-" "Mozilla/5.0 AppleWebKit/537.36 (KHTML, like Gecko; compatible; ClaudeBot/1.0; +claudebot@anthropic.com)"
91.220.113.245 - - [30/Jul/2026:05:04:49 +0330] "POST /wp-cron.php?doing_wp_cron=1785375289.6977140903472900390625 HTTP/1.1" 200 0 "-" "WordPress/7.0; https://maralloab.ir"
91.220.113.245 - - [30/Jul/2026:05:05:37 +0330] "GET / HTTP/1.1" 200 26213 "-" "Python/3.11 aiohttp/3.9.2"
91.220.113.245 - - [30/Jul/2026:05:07:51 +0330] "POST /wp-cron.php?doing_wp_cron=1785375471.9557120800018310546875 HTTP/1.1" 200 0 "-" "WordPress/7.0; https://maralloab.ir"
45.114.15.220 - - [30/Jul/2026:05:04:48 +0330] "GET /wp-login.php HTTP/2" 200 3278 "-" "Mozilla/5.0 (Windows NT 10.0; Win64; x64) AppleWebKit/537.36 (KHTML, like Gecko) Chrome/145.0.0.0 Safari/537.36"
45.114.15.220 - - [30/Jul/2026:05:04:54 +0330] "POST /wp-login.php HTTP/2" 500 1342 "https://maralloab.ir/wp-login.php" "Mozilla/5.0 (Windows NT 10.0; Win64; x64) AppleWebKit/537.36 (KHTML, like Gecko) Chrome/145.0.0.0 Safari/537.36"
45.114.15.220 - - [30/Jul/2026:05:05:04 +0330] "GET /wp-admin/user-new.php HTTP/2" 200 85018 "https://maralloab.ir/wp-login.php" "Mozilla/5.0 (Windows NT 10.0; Win64; x64) AppleWebKit/537.36 (KHTML, like Gecko) Chrome/145.0.0.0 Safari/537.36"
45.114.15.220 - - [30/Jul/2026:05:05:09 +0330] "POST /wp-admin/user-new.php HTTP/2" 200 85034 "https://maralloab.ir/wp-login.php" "Mozilla/5.0 (Windows NT 10.0; Win64; x64) AppleWebKit/537.36 (KHTML, like Gecko) Chrome/145.0.0.0 Safari/537.36"
45.114.15.220 - - [30/Jul/2026:05:05:16 +0330] "GET /wp-admin/plugins.php?plugin_status=all&paged=1&s HTTP/2" 200 124605 "https://maralloab.ir/wp-login.php" "Mozilla/5.0 (Windows NT 10.0; Win64; x64) AppleWebKit/537.36 (KHTML, like Gecko) Chrome/145.0.0.0 Safari/537.36"
45.114.15.220 - - [30/Jul/2026:05:05:24 +0330] "GET /wp-admin/plugins.php HTTP/2" 200 124419 "https://maralloab.ir/wp-login.php" "Mozilla/5.0 (Windows NT 10.0; Win64; x64) AppleWebKit/537.36 (KHTML, like Gecko) Chrome/145.0.0.0 Safari/537.36"
45.114.15.220 - - [30/Jul/2026:05:05:31 +0330] "GET /wp-admin/plugin-install.php HTTP/2" 200 86742 "https://maralloab.ir/wp-login.php" "Mozilla/5.0 (Windows NT 10.0; Win64; x64) AppleWebKit/537.36 (KHTML, like Gecko) Chrome/145.0.0.0 Safari/537.36"
43.162.114.69 - - [30/Jul/2026:05:05:32 +0330] "GET / HTTP/1.1" 200 26212 "http://maralloab.ir" "Mozilla/5.0 (iPhone; CPU iPhone OS 13_2_3 like Mac OS X) AppleWebKit/605.1.15 (KHTML, like Gecko) Version/13.0.3 Mobile/15E148 Safari/604.1"
45.114.15.220 - - [30/Jul/2026:05:05:41 +0330] "POST /wp-admin/admin-ajax.php HTTP/2" 200 905 "https://maralloab.ir/wp-login.php" "Mozilla/5.0 (Windows NT 10.0; Win64; x64) AppleWebKit/537.36 (KHTML, like Gecko) Chrome/145.0.0.0 Safari/537.36"
45.114.15.220 - - [30/Jul/2026:05:05:45 +0330] "POST /wp-admin/admin-ajax.php HTTP/2" 200 907 "https://maralloab.ir/wp-login.php" "Mozilla/5.0 (Windows NT 10.0; Win64; x64) AppleWebKit/537.36 (KHTML, like Gecko) Chrome/145.0.0.0 Safari/537.36"
45.114.15.220 - - [30/Jul/2026:05:05:50 +0330] "GET /wp-admin/plugins.php?plugin_status=all&paged=1&s HTTP/2" 200 124343 "https://maralloab.ir/wp-login.php" "Mozilla/5.0 (Windows NT 10.0; Win64; x64) AppleWebKit/537.36 (KHTML, like Gecko) Chrome/145.0.0.0 Safari/537.36"
89.124.8.34 - - [30/Jul/2026:05:25:01 +0330] "GET /wp-admin/about.php HTTP/2" 200 0 "-" "Mozilla/5.0 (Windows NT 10.0; Win64; x64) AppleWebKit/537.36 (KHTML, like Gecko) Chrome/150.0.0.0 Safari/537.36"
89.124.8.34 - - [30/Jul/2026:05:25:03 +0330] "GET /wp-admin/about.php HTTP/2" 302 0 "-" "Mozilla/5.0 (Windows NT 10.0; Win64; x64) AppleWebKit/537.36 (KHTML, like Gecko) Chrome/150.0.0.0 Safari/537.36"
89.124.8.34 - - [30/Jul/2026:05:25:06 +0330] "GET /wp-login.php?redirect_to=https%3A%2F%2Fmaralloab.ir%2Fwp-admin%2Fabout.php&reauth=1 HTTP/2" 200 3287 "-" "Mozilla/5.0 (Windows NT 10.0; Win64; x64) AppleWebKit/537.36 (KHTML, like Gecko) Chrome/150.0.0.0 Safari/537.36"
89.124.8.34 - - [30/Jul/2026:05:25:07 +0330] "GET /wp-includes/css/dashicons.min.css?ver=7.0 HTTP/2" 200 35101 "https://maralloab.ir/wp-login.php?redirect_to=https%3A%2F%2Fmaralloab.ir%2Fwp-admin%2Fabout.php&reauth=1" "Mozilla/5.0 (Windows NT 10.0; Win64; x64) AppleWebKit/537.36 (KHTML, like Gecko) Chrome/150.0.0.0 Safari/537.36"
89.124.8.34 - - [30/Jul/2026:05:25:07 +0330] "GET /wp-includes/css/buttons-rtl.min.css?ver=7.0 HTTP/2" 200 1456 "https://maralloab.ir/wp-login.php?redirect_to=https%3A%2F%2Fmaralloab.ir%2Fwp-admin%2Fabout.php&reauth=1" "Mozilla/5.0 (Windows NT 10.0; Win64; x64) AppleWebKit/537.36 (KHTML, like Gecko) Chrome/150.0.0.0 Safari/537.36"
89.124.8.34 - - [30/Jul/2026:05:25:08 +0330] "GET /wp-admin/css/forms-rtl.min.css?ver=7.0 HTTP/2" 200 6485 "https://maralloab.ir/wp-login.php?redirect_to=https%3A%2F%2Fmaralloab.ir%2Fwp-admin%2Fabout.php&reauth=1" "Mozilla/5.0 (Windows NT 10.0; Win64; x64) AppleWebKit/537.36 (KHTML, like Gecko) Chrome/150.0.0.0 Safari/537.36"
89.124.8.34 - - [30/Jul/2026:05:25:11 +0330] "GET /wp-includes/css/dist/base-styles/admin-schemes.min.css?ver=7.0 HTTP/2" 200 725 "https://maralloab.ir/wp-login.php?redirect_to=https%3A%2F%2Fmaralloab.ir%2Fwp-admin%2Fabout.php&reauth=1" "Mozilla/5.0 (Windows NT 10.0; Win64; x64) AppleWebKit/537.36 (KHTML, like Gecko) Chrome/150.0.0.0 Safari/537.36"
89.124.8.34 - - [30/Jul/2026:05:25:11 +0330] "GET /wp-admin/css/l10n-rtl.min.css?ver=7.0 HTTP/2" 200 672 "https://maralloab.ir/wp-login.php?redirect_to=https%3A%2F%2Fmaralloab.ir%2Fwp-admin%2Fabout.php&reauth=1" "Mozilla/5.0 (Windows NT 10.0; Win64; x64) AppleWebKit/537.36 (KHTML, like Gecko) Chrome/150.0.0.0 Safari/537.36"
89.124.8.34 - - [30/Jul/2026:05:25:11 +0330] "GET /wp-admin/css/login-rtl.min.css?ver=7.0 HTTP/2" 200 2012 "https://maralloab.ir/wp-login.php?redirect_to=https%3A%2F%2Fmaralloab.ir%2Fwp-admin%2Fabout.php&reauth=1" "Mozilla/5.0 (Windows NT 10.0; Win64; x64) AppleWebKit/537.36 (KHTML, like Gecko) Chrome/150.0.0.0 Safari/537.36"
89.124.8.34 - - [30/Jul/2026:05:25:11 +0330] "GET /wp-includes/js/clipboard.min.js?ver=2.0.11 HTTP/2" 200 2989 "https://maralloab.ir/wp-login.php?redirect_to=https%3A%2F%2Fmaralloab.ir%2Fwp-admin%2Fabout.php&reauth=1" "Mozilla/5.0 (Windows NT 10.0; Win64; x64) AppleWebKit/537.36 (KHTML, like Gecko) Chrome/150.0.0.0 Safari/537.36"
89.124.8.34 - - [30/Jul/2026:05:25:11 +0330] "GET /wp-includes/js/jquery/jquery.min.js?ver=3.7.1 HTTP/2" 200 29744 "https://maralloab.ir/wp-login.php?redirect_to=https%3A%2F%2Fmaralloab.ir%2Fwp-admin%2Fabout.php&reauth=1" "Mozilla/5.0 (Windows NT 10.0; Win64; x64) AppleWebKit/537.36 (KHTML, like Gecko) Chrome/150.0.0.0 Safari/537.36"
89.124.8.34 - - [30/Jul/2026:05:25:11 +0330] "GET /wp-includes/js/jquery/jquery-migrate.min.js?ver=3.4.1 HTTP/2" 200 4678 "https://maralloab.ir/wp-login.php?redirect_to=https%3A%2F%2Fmaralloab.ir%2Fwp-admin%2Fabout.php&reauth=1" "Mozilla/5.0 (Windows NT 10.0; Win64; x64) AppleWebKit/537.36 (KHTML, like Gecko) Chrome/150.0.0.0 Safari/537.36"
89.124.8.34 - - [30/Jul/2026:05:25:12 +0330] "GET /wp-includes/js/zxcvbn-async.min.js?ver=1.0 HTTP/2" 200 187 "https://maralloab.ir/wp-login.php?redirect_to=https%3A%2F%2Fmaralloab.ir%2Fwp-admin%2Fabout.php&reauth=1" "Mozilla/5.0 (Windows NT 10.0; Win64; x64) AppleWebKit/537.36 (KHTML, like Gecko) Chrome/150.0.0.0 Safari/537.36"
91.220.113.245 - - [30/Jul/2026:05:20:39 +0330] "POST /wp-cron.php?doing_wp_cron=1785376239.1118710041046142578125 HTTP/1.1" 200 0 "-" "WordPress/7.0; https://maralloab.ir"
160.191.139.115 - - [30/Jul/2026:05:20:37 +0330] "GET /wp-login.php HTTP/2" 200 3278 "-" "Mozilla/5.0 (Windows NT 10.0; Win64; x64) AppleWebKit/537.36 (KHTML, like Gecko) Chrome/120.0.0.0 Safari/537.36"
160.191.139.115 - - [30/Jul/2026:05:20:39 +0330] "POST /wp-login.php HTTP/2" 503 7253 "https://maralloab.ir/wp-login.php" "Mozilla/5.0 (Windows NT 10.0; Win64; x64) AppleWebKit/537.36 (KHTML, like Gecko) Chrome/120.0.0.0 Safari/537.36"
91.220.113.245 - - [30/Jul/2026:05:25:02 +0330] "POST /wp-cron.php?doing_wp_cron=1785376502.8519968986511230468750 HTTP/1.1" 200 0 "-" "WordPress/7.0; https://maralloab.ir"
89.124.8.34 - - [30/Jul/2026:05:25:12 +0330] "GET /wp-admin/images/wordpress-logo-gray.svg?ver=20260303 HTTP/2" 200 759 "https://maralloab.ir/wp-admin/css/login-rtl.min.css?ver=7.0" "Mozilla/5.0 (Windows NT 10.0; Win64; x64) AppleWebKit/537.36 (KHTML, like Gecko) Chrome/150.0.0.0 Safari/537.36"
89.124.8.34 - - [30/Jul/2026:05:25:12 +0330] "GET /wp-includes/js/dist/hooks.min.js?ver=7496969728ca0f95732d HTTP/2" 200 1712 "https://maralloab.ir/wp-login.php?redirect_to=https%3A%2F%2Fmaralloab.ir%2Fwp-admin%2Fabout.php&reauth=1" "Mozilla/5.0 (Windows NT 10.0; Win64; x64) AppleWebKit/537.36 (KHTML, like Gecko) Chrome/150.0.0.0 Safari/537.36"
89.124.8.34 - - [30/Jul/2026:05:25:13 +0330] "GET /wp-includes/js/dist/i18n.min.js?ver=781d11515ad3d91786ec HTTP/2" 200 2330 "https://maralloab.ir/wp-login.php?redirect_to=https%3A%2F%2Fmaralloab.ir%2Fwp-admin%2Fabout.php&reauth=1" "Mozilla/5.0 (Windows NT 10.0; Win64; x64) AppleWebKit/537.36 (KHTML, like Gecko) Chrome/150.0.0.0 Safari/537.36"
89.124.8.34 - - [30/Jul/2026:05:25:13 +0330] "GET /wp-admin/js/password-strength-meter.min.js?ver=7.0 HTTP/2" 200 558 "https://maralloab.ir/wp-login.php?redirect_to=https%3A%2F%2Fmaralloab.ir%2Fwp-admin%2Fabout.php&reauth=1" "Mozilla/5.0 (Windows NT 10.0; Win64; x64) AppleWebKit/537.36 (KHTML, like Gecko) Chrome/150.0.0.0 Safari/537.36"
89.124.8.34 - - [30/Jul/2026:05:25:13 +0330] "GET /wp-includes/js/underscore.min.js?ver=1.13.8 HTTP/2" 200 7228 "https://maralloab.ir/wp-login.php?redirect_to=https%3A%2F%2Fmaralloab.ir%2Fwp-admin%2Fabout.php&reauth=1" "Mozilla/5.0 (Windows NT 10.0; Win64; x64) AppleWebKit/537.36 (KHTML, like Gecko) Chrome/150.0.0.0 Safari/537.36"
89.124.8.34 - - [30/Jul/2026:05:25:13 +0330] "GET /wp-includes/js/wp-util.min.js?ver=7.0 HTTP/2" 200 693 "https://maralloab.ir/wp-login.php?redirect_to=https%3A%2F%2Fmaralloab.ir%2Fwp-admin%2Fabout.php&reauth=1" "Mozilla/5.0 (Windows NT 10.0; Win64; x64) AppleWebKit/537.36 (KHTML, like Gecko) Chrome/150.0.0.0 Safari/537.36"
89.124.8.34 - - [30/Jul/2026:05:25:13 +0330] "GET /wp-includes/js/dist/dom-ready.min.js?ver=a06281ae5cf5500e9317 HTTP/2" 200 397 "https://maralloab.ir/wp-login.php?redirect_to=https%3A%2F%2Fmaralloab.ir%2Fwp-admin%2Fabout.php&reauth=1" "Mozilla/5.0 (Windows NT 10.0; Win64; x64) AppleWebKit/537.36 (KHTML, like Gecko) Chrome/150.0.0.0 Safari/537.36"
89.124.8.34 - - [30/Jul/2026:05:25:13 +0330] "GET /wp-includes/js/dist/a11y.min.js?ver=af934e5259bc51b8718e HTTP/2" 200 912 "https://maralloab.ir/wp-login.php?redirect_to=https%3A%2F%2Fmaralloab.ir%2Fwp-admin%2Fabout.php&reauth=1" "Mozilla/5.0 (Windows NT 10.0; Win64; x64) AppleWebKit/537.36 (KHTML, like Gecko) Chrome/150.0.0.0 Safari/537.36"
89.124.8.34 - - [30/Jul/2026:05:25:14 +0330] "GET /wp-admin/js/user-profile.min.js?ver=7.0 HTTP/2" 200 2889 "https://maralloab.ir/wp-login.php?redirect_to=https%3A%2F%2Fmaralloab.ir%2Fwp-admin%2Fabout.php&reauth=1" "Mozilla/5.0 (Windows NT 10.0; Win64; x64) AppleWebKit/537.36 (KHTML, like Gecko) Chrome/150.0.0.0 Safari/537.36"
89.124.8.34 - - [30/Jul/2026:05:25:14 +0330] "GET /wp-content/uploads/2022/06/favicon-maral-50x50.jpg HTTP/2" 200 1404 "https://maralloab.ir/wp-login.php?redirect_to=https%3A%2F%2Fmaralloab.ir%2Fwp-admin%2Fabout.php&reauth=1" "Mozilla/5.0 (Windows NT 10.0; Win64; x64) AppleWebKit/537.36 (KHTML, like Gecko) Chrome/150.0.0.0 Safari/537.36"
89.124.8.34 - - [30/Jul/2026:05:25:14 +0330] "GET /wp-includes/js/zxcvbn.min.js HTTP/2" 200 389493 "https://maralloab.ir/wp-login.php?redirect_to=https%3A%2F%2Fmaralloab.ir%2Fwp-admin%2Fabout.php&reauth=1" "Mozilla/5.0 (Windows NT 10.0; Win64; x64) AppleWebKit/537.36 (KHTML, like Gecko) Chrome/150.0.0.0 Safari/537.36"
173.208.148.34 - - [30/Jul/2026:05:26:21 +0330] "GET / HTTP/1.1" 200 123989 "-" "Mozilla/5.0 (Windows NT 10.0; Win64; x64) AppleWebKit/537.36 (KHTML, like Gecko) Chrome/131.0.0.0 Safari/537.36"
173.208.148.34 - - [30/Jul/2026:05:26:30 +0330] "GET /index.php?params=1 HTTP/1.1" 301 0 "-" "Mozilla/5.0 (Windows NT 10.0; Win64; x64) AppleWebKit/537.36 (KHTML, like Gecko) Chrome/131.0.0.0 Safari/537.36"
173.208.148.34 - - [30/Jul/2026:05:26:31 +0330] "GET /?params=1 HTTP/1.1" 200 123998 "-" "Mozilla/5.0 (Windows NT 10.0; Win64; x64) AppleWebKit/537.36 (KHTML, like Gecko) Chrome/131.0.0.0 Safari/537.36"
173.208.148.34 - - [30/Jul/2026:05:26:24 +0330] "GET / HTTP/1.1" 200 123989 "-" "Mozilla/5.0 (compatible; Googlebot/2.1; +http://www.google.com/bot.html)"
91.220.113.245 - - [30/Jul/2026:05:39:20 +0330] "POST /wp-cron.php?doing_wp_cron=1785377360.7925360202789306640625 HTTP/1.1" 200 0 "-" "WordPress/7.0; https://maralloab.ir"
190.129.103.203 - - [30/Jul/2026:05:50:31 +0330] "GET /wp-login.php HTTP/1.1" 200 3333 "-" "Mozilla/5.0 (Windows NT 10.0; Win64; x64) AppleWebKit/537.36 (KHTML, like Gecko) Chrome/120.0.0.0 Safari/537.36"
190.129.103.203 - - [30/Jul/2026:05:50:34 +0330] "POST /wp-login.php HTTP/1.1" 500 1414 "https://maralloab.ir/wp-login.php" "Mozilla/5.0 (Windows NT 10.0; Win64; x64) AppleWebKit/537.36 (KHTML, like Gecko) Chrome/120.0.0.0 Safari/537.36"
190.129.103.203 - - [30/Jul/2026:05:50:44 +0330] "POST /wp-login.php HTTP/1.1" 302 0 "https://maralloab.ir/wp-login.php" "Mozilla/5.0 (Windows NT 10.0; Win64; x64) AppleWebKit/537.36 (KHTML, like Gecko) Chrome/120.0.0.0 Safari/537.36"
190.129.103.203 - - [30/Jul/2026:05:50:47 +0330] "GET /wp-admin/ HTTP/1.1" 200 91974 "https://maralloab.ir/wp-login.php" "Mozilla/5.0 (Windows NT 10.0; Win64; x64) AppleWebKit/537.36 (KHTML, like Gecko) Chrome/120.0.0.0 Safari/537.36"
91.220.113.245 - - [30/Jul/2026:05:35:40 +0330] "GET / HTTP/1.1" 200 26212 "-" "Python/3.11 aiohttp/3.9.2"
91.220.113.245 - - [30/Jul/2026:05:49:17 +0330] "POST /wp-cron.php?doing_wp_cron=1785377957.8235900402069091796875 HTTP/1.1" 200 0 "-" "WordPress/7.0; https://maralloab.ir"
91.220.113.245 - - [30/Jul/2026:05:35:42 +0330] "POST /wp-cron.php?doing_wp_cron=1785377142.0255279541015625000000 HTTP/1.1" 200 0 "-" "WordPress/7.0; https://maralloab.ir"
158.106.137.107 - - [30/Jul/2026:05:39:19 +0330] "GET /wp-login.php HTTP/2" 200 3278 "-" "Mozilla/5.0 (Windows NT 10.0; Win64; x64) AppleWebKit/537.36 (KHTML, like Gecko) Chrome/150.0.0.0 Safari/537.36"
158.106.137.107 - - [30/Jul/2026:05:39:22 +0330] "POST /wp-login.php HTTP/2" 503 7254 "https://maralloab.ir/wp-login.php" "Mozilla/5.0 (Windows NT 10.0; Win64; x64) AppleWebKit/537.36 (KHTML, like Gecko) Chrome/150.0.0.0 Safari/537.36"
191.189.10.255 - - [30/Jul/2026:05:49:16 +0330] "GET / HTTP/1.1" 200 26213 "-" "Mozilla/5.0 (Windows NT 10.0; Win64; x64) AppleWebKit/537.36 (KHTML, like Gecko) Chrome/120.0.0.0 Safari/537.36"
103.126.219.38 - - [30/Jul/2026:05:49:23 +0330] "GET /wp-login.php HTTP/1.1" 200 3333 "-" "Mozilla/5.0 (Windows NT 10.0; Win64; x64) AppleWebKit/537.36 (KHTML, like Gecko) Chrome/120.0.0.0 Safari/537.36"
103.126.219.38 - - [30/Jul/2026:05:49:26 +0330] "POST /wp-login.php HTTP/1.1" 500 0 "https://maralloab.ir/wp-login.php" "Mozilla/5.0 (Windows NT 10.0; Win64; x64) AppleWebKit/537.36 (KHTML, like Gecko) Chrome/120.0.0.0 Safari/537.36"
91.220.113.245 - - [30/Jul/2026:05:50:49 +0330] "GET / HTTP/1.1" 200 26212 "-" "WordPress/7.0; https://maralloab.ir"
190.122.66.19 - - [30/Jul/2026:05:50:27 +0330] "GET / HTTP/1.1" 200 26212 "-" "Mozilla/5.0 (Windows NT 10.0; Win64; x64) AppleWebKit/537.36 (KHTML, like Gecko) Chrome/120.0.0.0 Safari/537.36"
65.98.12.160 - - [30/Jul/2026:05:39:27 +0330] "GET /wp-login.php HTTP/2" 200 3278 "-" "Mozilla/5.0 (Windows NT 10.0; Win64; x64) AppleWebKit/537.36 (KHTML, like Gecko) Chrome/150.0.0.0 Safari/537.36"
65.98.12.160 - - [30/Jul/2026:05:39:29 +0330] "POST /wp-login.php HTTP/2" 503 7254 "https://maralloab.ir/wp-login.php" "Mozilla/5.0 (Windows NT 10.0; Win64; x64) AppleWebKit/537.36 (KHTML, like Gecko) Chrome/150.0.0.0 Safari/537.36"
37.130.67.254 - - [30/Jul/2026:05:50:12 +0330] "POST /wp-login.php HTTP/1.1" 500 1414 "https://maralloab.ir/wp-login.php" "Mozilla/5.0 (Windows NT 10.0; Win64; x64) AppleWebKit/537.36 (KHTML, like Gecko) Chrome/120.0.0.0 Safari/537.36"
37.130.67.254 - - [30/Jul/2026:05:50:18 +0330] "POST /xmlrpc.php HTTP/1.1" 403 787 "-" "WordPress/5.0; https://maralloab.ir"
103.134.27.168 - - [30/Jul/2026:05:49:49 +0330] "POST /wp-login.php HTTP/1.1" 500 1414 "https://maralloab.ir/wp-login.php" "Mozilla/5.0 (Windows NT 10.0; Win64; x64) AppleWebKit/537.36 (KHTML, like Gecko) Chrome/120.0.0.0 Safari/537.36"
91.220.113.245 - - [30/Jul/2026:05:50:48 +0330] "GET /wp-content/plugins/really-simple-ssl/testssl/serverhttpson/ssl-test-page.html HTTP/1.1" 200 159 "-" "WordPress/7.0; https://maralloab.ir"
195.172.211.152 - - [30/Jul/2026:05:51:08 +0330] "GET /wp-login.php HTTP/2" 200 3278 "-" "Mozilla/5.0 (Windows NT 10.0; Win64; x64) AppleWebKit/537.36 (KHTML, like Gecko) Chrome/145.0.0.0 Safari/537.36"
195.172.211.152 - - [30/Jul/2026:05:51:13 +0330] "POST /wp-login.php HTTP/2" 500 1342 "https://maralloab.ir/wp-login.php" "Mozilla/5.0 (Windows NT 10.0; Win64; x64) AppleWebKit/537.36 (KHTML, like Gecko) Chrome/145.0.0.0 Safari/537.36"
195.172.211.152 - - [30/Jul/2026:05:51:23 +0330] "GET /wp-admin/user-new.php HTTP/2" 200 84981 "https://maralloab.ir/wp-login.php" "Mozilla/5.0 (Windows NT 10.0; Win64; x64) AppleWebKit/537.36 (KHTML, like Gecko) Chrome/145.0.0.0 Safari/537.36"
190.60.57.154 - - [30/Jul/2026:05:51:28 +0330] "GET / HTTP/1.1" 200 26213 "-" "Mozilla/5.0 (Windows NT 10.0; Win64; x64) AppleWebKit/537.36 (KHTML, like Gecko) Chrome/120.0.0.0 Safari/537.36"
195.172.211.152 - - [30/Jul/2026:05:51:30 +0330] "POST /wp-admin/user-new.php HTTP/2" 200 85007 "https://maralloab.ir/wp-login.php" "Mozilla/5.0 (Windows NT 10.0; Win64; x64) AppleWebKit/537.36 (KHTML, like Gecko) Chrome/145.0.0.0 Safari/537.36"
195.172.211.152 - - [30/Jul/2026:05:51:38 +0330] "GET /wp-admin/plugins.php?plugin_status=all&paged=1&s HTTP/2" 200 124188 "https://maralloab.ir/wp-login.php" "Mozilla/5.0 (Windows NT 10.0; Win64; x64) AppleWebKit/537.36 (KHTML, like Gecko) Chrome/145.0.0.0 Safari/537.36"
195.172.211.152 - - [30/Jul/2026:05:51:44 +0330] "GET /wp-admin/plugins.php HTTP/2" 200 124574 "https://maralloab.ir/wp-login.php" "Mozilla/5.0 (Windows NT 10.0; Win64; x64) AppleWebKit/537.36 (KHTML, like Gecko) Chrome/145.0.0.0 Safari/537.36"
195.172.211.152 - - [30/Jul/2026:05:51:50 +0330] "GET /wp-admin/plugin-install.php HTTP/2" 200 86735 "https://maralloab.ir/wp-login.php" "Mozilla/5.0 (Windows NT 10.0; Win64; x64) AppleWebKit/537.36 (KHTML, like Gecko) Chrome/145.0.0.0 Safari/537.36"
176.98.224.140 - - [30/Jul/2026:05:51:57 +0330] "GET /wp-admin/ HTTP/1.1" 200 91974 "-" "Mozilla/5.0 (Windows NT 10.0; Win64; x64) AppleWebKit/537.36 (KHTML, like Gecko) Chrome/120.0.0.0 Safari/537.36"
195.172.211.152 - - [30/Jul/2026:05:52:00 +0330] "POST /wp-admin/admin-ajax.php HTTP/2" 200 905 "https://maralloab.ir/wp-login.php" "Mozilla/5.0 (Windows NT 10.0; Win64; x64) AppleWebKit/537.36 (KHTML, like Gecko) Chrome/145.0.0.0 Safari/537.36"
176.98.224.140 - - [30/Jul/2026:05:52:00 +0330] "GET /wp-admin/post-new.php HTTP/1.1" 200 295443 "-" "Mozilla/5.0 (Windows NT 10.0; Win64; x64) AppleWebKit/537.36 (KHTML, like Gecko) Chrome/120.0.0.0 Safari/537.36"
195.172.211.152 - - [30/Jul/2026:05:52:05 +0330] "POST /wp-admin/admin-ajax.php HTTP/2" 200 907 "https://maralloab.ir/wp-login.php" "Mozilla/5.0 (Windows NT 10.0; Win64; x64) AppleWebKit/537.36 (KHTML, like Gecko) Chrome/145.0.0.0 Safari/537.36"
176.98.224.140 - - [30/Jul/2026:05:52:07 +0330] "POST /xmlrpc.php HTTP/1.1" 403 787 "-" "WordPress/5.0; https://maralloab.ir"
195.172.211.152 - - [30/Jul/2026:05:52:07 +0330] "GET /wp-admin/plugins.php?plugin_status=all&paged=1&s HTTP/2" 200 124630 "https://maralloab.ir/wp-login.php" "Mozilla/5.0 (Windows NT 10.0; Win64; x64) AppleWebKit/537.36 (KHTML, like Gecko) Chrome/145.0.0.0 Safari/537.36"
176.98.224.140 - - [30/Jul/2026:05:52:08 +0330] "GET /wp-admin/admin-ajax.php?action=rest-nonce HTTP/1.1" 200 30 "-" "Mozilla/5.0 (Windows NT 10.0; Win64; x64) AppleWebKit/537.36 (KHTML, like Gecko) Chrome/120.0.0.0 Safari/537.36"
176.98.224.140 - - [30/Jul/2026:05:52:11 +0330] "GET /wp-json/wp/v2/plugins HTTP/1.1" 200 20540 "-" "Mozilla/5.0 (Windows NT 10.0; Win64; x64) AppleWebKit/537.36 (KHTML, like Gecko) Chrome/120.0.0.0 Safari/537.36"
176.98.224.140 - - [30/Jul/2026:05:52:13 +0330] "GET /wp-json/wp/v2/settings HTTP/1.1" 200 672 "-" "Mozilla/5.0 (Windows NT 10.0; Win64; x64) AppleWebKit/537.36 (KHTML, like Gecko) Chrome/120.0.0.0 Safari/537.36"
176.98.224.140 - - [30/Jul/2026:05:52:15 +0330] "GET /wp-json/wp/v2/pages/7 HTTP/1.1" 200 1528 "-" "Mozilla/5.0 (Windows NT 10.0; Win64; x64) AppleWebKit/537.36 (KHTML, like Gecko) Chrome/120.0.0.0 Safari/537.36"
109.122.18.102 - - [30/Jul/2026:05:56:12 +0330] "GET /wp-content/uploads/2026/07/ugkzaiui.php HTTP/1.1" 404 21146 "-" "Mozilla/5.0 (Windows NT 10.0; Win64; x64) AppleWebKit/537.36 (KHTML, like Gecko) Chrome/112.0.0.0 Safari/537.36"
