216.73.217.64 - - [03/Aug/2026:22:12:47 +0330] "GET /?lokasie=%2Fhome%2Fmaralloab%2Fpublic_html%2Fwp-includes%2Fjs%2Ftinymce%2Ftinymce.min.js&loknya=%2Fhome%2Fmaralloab%2Fpublic_html%2Fwp-includes%2Fjs%2Ftinymce HTTP/2" 200 133347 "-" "Mozilla/5.0 AppleWebKit/537.36 (KHTML, like Gecko; compatible; ClaudeBot/1.0; +claudebot@anthropic.com)"
216.73.217.64 - - [03/Aug/2026:22:12:49 +0330] "GET /?lokasie=%2Fhome%2Fmaralloab%2Fpublic_html%2Fwp-includes%2Fjs%2Ftinymce%2Ftiny_mce_popup.js&loknya=%2Fhome%2Fmaralloab%2Fpublic_html%2Fwp-includes%2Fjs%2Ftinymce HTTP/2" 429 0 "-" "Mozilla/5.0 AppleWebKit/537.36 (KHTML, like Gecko; compatible; ClaudeBot/1.0; +claudebot@anthropic.com)"
216.73.217.64 - - [03/Aug/2026:22:13:33 +0330] "GET /?lokasie=%2Fhome%2Fmaralloab%2Fpublic_html%2Fwp-includes%2Fjs%2Ftinymce%2Flicense.txt&loknya=%2Fhome%2Fmaralloab%2Fpublic_html%2Fwp-includes%2Fjs%2Ftinymce HTTP/2" 200 10973 "-" "Mozilla/5.0 AppleWebKit/537.36 (KHTML, like Gecko; compatible; ClaudeBot/1.0; +claudebot@anthropic.com)"
216.73.217.64 - - [03/Aug/2026:22:15:14 +0330] "GET /?loknya=%2Fhome%2Fmaralloab%2Fpublic_html%2Fwp-includes%2Fjs%2Fdist HTTP/2" 200 6152 "-" "Mozilla/5.0 AppleWebKit/537.36 (KHTML, like Gecko; compatible; ClaudeBot/1.0; +claudebot@anthropic.com)"
216.73.217.64 - - [03/Aug/2026:22:15:19 +0330] "GET /index.php?lokasie=%2Fusr%2Fbin%2Fperlbug&loknya=%2Fusr%2Fbin HTTP/2" 429 0 "-" "Mozilla/5.0 AppleWebKit/537.36 (KHTML, like Gecko; compatible; ClaudeBot/1.0; +claudebot@anthropic.com)"
188.40.21.48 - - [03/Aug/2026:22:15:53 +0330] "GET /?lokasie=/proc/stat&loknya=/proc HTTP/1.1" 200 3727 "-" "Mozilla/5.0 (compatible; SERankingBacklinksBot/1.0; +https://seranking.com/backlinks-crawler)"
188.40.21.48 - - [03/Aug/2026:22:16:05 +0330] "GET /?loknya=/etc/environment-modules HTTP/1.1" 200 2122 "-" "Mozilla/5.0 (compatible; SERankingBacklinksBot/1.0; +https://seranking.com/backlinks-crawler)"
216.73.217.64 - - [03/Aug/2026:22:16:57 +0330] "GET /index.php?lokasie=%2Fusr%2Fbin%2Fgpg-agent&loknya=%2Fusr%2Fbin HTTP/2" 200 186058 "-" "Mozilla/5.0 AppleWebKit/537.36 (KHTML, like Gecko; compatible; ClaudeBot/1.0; +claudebot@anthropic.com)"
216.73.217.64 - - [03/Aug/2026:22:17:01 +0330] "GET /index.php?lokasie=%2Fusr%2Fbin%2Fsha384sum&loknya=%2Fusr%2Fbin HTTP/2" 429 0 "-" "Mozilla/5.0 AppleWebKit/537.36 (KHTML, like Gecko; compatible; ClaudeBot/1.0; +claudebot@anthropic.com)"
216.73.217.64 - - [03/Aug/2026:22:17:06 +0330] "GET /index.php?lokasie=%2Fusr%2Fbin%2Fispell&loknya=%2Fusr%2Fbin HTTP/2" 429 0 "-" "Mozilla/5.0 AppleWebKit/537.36 (KHTML, like Gecko; compatible; ClaudeBot/1.0; +claudebot@anthropic.com)"
216.73.217.64 - - [03/Aug/2026:22:17:11 +0330] "GET /index.php?lokasie=%2Fusr%2Fbin%2Fpdf2dsc&loknya=%2Fusr%2Fbin HTTP/2" 429 0 "-" "Mozilla/5.0 AppleWebKit/537.36 (KHTML, like Gecko; compatible; ClaudeBot/1.0; +claudebot@anthropic.com)"
216.73.217.64 - - [03/Aug/2026:22:17:16 +0330] "GET /index.php?lokasie=%2Flib%2Frpm%2Fplatform%2Falpha-linux%2Fmacros&loknya=%2Flib%2Frpm%2Fplatform%2Falpha-linux HTTP/2" 429 0 "-" "Mozilla/5.0 AppleWebKit/537.36 (KHTML, like Gecko; compatible; ClaudeBot/1.0; +claudebot@anthropic.com)"
216.73.217.64 - - [03/Aug/2026:22:16:05 +0330] "GET /index.php?lokasie=%2Fusr%2Fbin%2Ficonv&loknya=%2Fusr%2Fbin HTTP/2" 429 0 "-" "Mozilla/5.0 AppleWebKit/537.36 (KHTML, like Gecko; compatible; ClaudeBot/1.0; +claudebot@anthropic.com)"
216.73.217.64 - - [03/Aug/2026:22:06:17 +0330] "GET /wp-sitemap.xml?lokasie=%2Flib%2F.build-id%2F6d%2Fb649d8ca09fa56b1fe94cb7ba684b109c0b3ba&loknya=%2Flib%2F.build-id%2F6d HTTP/2" 404 796 "-" "Mozilla/5.0 AppleWebKit/537.36 (KHTML, like Gecko; compatible; ClaudeBot/1.0; +claudebot@anthropic.com)"
216.73.217.64 - - [03/Aug/2026:22:06:22 +0330] "GET /index.php?lokasie=%2Flib%2F.build-id%2F62%2F54ea54520f48936a96b8b0c376ca21ad03442f&loknya=%2Flib%2F.build-id%2F62 HTTP/2" 429 0 "-" "Mozilla/5.0 AppleWebKit/537.36 (KHTML, like Gecko; compatible; ClaudeBot/1.0; +claudebot@anthropic.com)"
216.73.217.64 - - [03/Aug/2026:22:11:01 +0330] "GET /?loknya=%2Fhome%2Fmaralloab%2Fpublic_html%2Fwp-includes%2Fjs%2Ftinymce%2Fthemes HTTP/2" 200 1963 "-" "Mozilla/5.0 AppleWebKit/537.36 (KHTML, like Gecko; compatible; ClaudeBot/1.0; +claudebot@anthropic.com)"
216.73.217.64 - - [03/Aug/2026:22:13:40 +0330] "GET /wp-sitemap.xml?loknya=%2Fusr%2Fshare%2Fperl5%2FTime HTTP/2" 404 796 "-" "Mozilla/5.0 AppleWebKit/537.36 (KHTML, like Gecko; compatible; ClaudeBot/1.0; +claudebot@anthropic.com)"
216.73.217.64 - - [03/Aug/2026:22:13:45 +0330] "GET /index.php?lokasie=%2Fusr%2Fbin%2Fsplit&loknya=%2Fusr%2Fbin HTTP/2" 200 25867 "-" "Mozilla/5.0 AppleWebKit/537.36 (KHTML, like Gecko; compatible; ClaudeBot/1.0; +claudebot@anthropic.com)"
216.73.217.64 - - [03/Aug/2026:22:13:50 +0330] "GET /index.php?lokasie=%2Fusr%2Fbin%2Fbash&loknya=%2Fusr%2Fbin HTTP/2" 429 0 "-" "Mozilla/5.0 AppleWebKit/537.36 (KHTML, like Gecko; compatible; ClaudeBot/1.0; +claudebot@anthropic.com)"
216.73.217.64 - - [03/Aug/2026:22:13:55 +0330] "GET /wp-sitemap.xml?loknya=%2Fproc%2Fthread-self%2Froot%2Fvar%2Fsoftaculous%2Fwolf HTTP/2" 404 796 "-" "Mozilla/5.0 AppleWebKit/537.36 (KHTML, like Gecko; compatible; ClaudeBot/1.0; +claudebot@anthropic.com)"
216.73.217.64 - - [03/Aug/2026:22:15:25 +0330] "GET /index.php?lokasie=%2Fusr%2Fbin%2Fcaptoinfo&loknya=%2Fusr%2Fbin HTTP/2" 200 35687 "-" "Mozilla/5.0 AppleWebKit/537.36 (KHTML, like Gecko; compatible; ClaudeBot/1.0; +claudebot@anthropic.com)"
188.40.21.48 - - [03/Aug/2026:22:15:28 +0330] "GET /?lokasie=/proc/kmsg&loknya=/proc HTTP/1.1" 200 1578 "-" "Mozilla/5.0 (compatible; SERankingBacklinksBot/1.0; +https://seranking.com/backlinks-crawler)"
216.73.217.64 - - [03/Aug/2026:22:15:30 +0330] "GET /index.php?lokasie=%2Fusr%2Fbin%2Fexpand&loknya=%2Fusr%2Fbin HTTP/2" 429 0 "-" "Mozilla/5.0 AppleWebKit/537.36 (KHTML, like Gecko; compatible; ClaudeBot/1.0; +claudebot@anthropic.com)"
216.73.217.64 - - [03/Aug/2026:22:11:14 +0330] "GET /?loknya=%2Fhome%2Fmaralloab%2Fpublic_html%2Fwp-includes%2Fjs%2F HTTP/2" 200 5012 "-" "Mozilla/5.0 AppleWebKit/537.36 (KHTML, like Gecko; compatible; ClaudeBot/1.0; +claudebot@anthropic.com)"
216.73.217.64 - - [03/Aug/2026:22:14:10 +0330] "GET /wp-sitemap.xml?lokasie=%2Flib64%2Fpython3.12%2Fwsgiref%2F__pycache__%2Fvalidate.cpython-312.opt-1.pyc&loknya=%2Flib64%2Fpython3.12%2Fwsgiref%2F__pycache__ HTTP/2" 404 796 "-" "Mozilla/5.0 AppleWebKit/537.36 (KHTML, like Gecko; compatible; ClaudeBot/1.0; +claudebot@anthropic.com)"
216.73.217.64 - - [03/Aug/2026:22:14:14 +0330] "GET /wp-sitemap.xml?loknya=%2Fusr%2Flocal%2Flsws%2Fadmin%2Fhtml.6.3.4%2Fstatic HTTP/2" 404 796 "-" "Mozilla/5.0 AppleWebKit/537.36 (KHTML, like Gecko; compatible; ClaudeBot/1.0; +claudebot@anthropic.com)"
216.73.217.64 - - [03/Aug/2026:22:14:47 +0330] "GET /index.php?lokasie=%2Fusr%2Fbin%2Flogin&loknya=%2Fusr%2Fbin HTTP/2" 200 17083 "-" "Mozilla/5.0 AppleWebKit/537.36 (KHTML, like Gecko; compatible; ClaudeBot/1.0; +claudebot@anthropic.com)"
216.73.217.64 - - [03/Aug/2026:22:14:51 +0330] "GET /index.php?lokasie=%2Fusr%2Fbin%2Fautoupdate&loknya=%2Fusr%2Fbin HTTP/2" 429 0 "-" "Mozilla/5.0 AppleWebKit/537.36 (KHTML, like Gecko; compatible; ClaudeBot/1.0; +claudebot@anthropic.com)"
188.40.21.48 - - [03/Aug/2026:22:15:24 +0330] "GET /?lokasie=/proc/keys&loknya=/proc HTTP/1.1" 200 1578 "-" "Mozilla/5.0 (compatible; SERankingBacklinksBot/1.0; +https://seranking.com/backlinks-crawler)"
216.73.217.64 - - [03/Aug/2026:22:15:28 +0330] "GET /index.php?lokasie=%2Fusr%2Fbin%2Fzipinfo&loknya=%2Fusr%2Fbin HTTP/2" 429 0 "-" "Mozilla/5.0 AppleWebKit/537.36 (KHTML, like Gecko; compatible; ClaudeBot/1.0; +claudebot@anthropic.com)"
216.73.217.64 - - [03/Aug/2026:22:16:10 +0330] "GET /index.php?lokasie=%2Fusr%2Fbin%2FMail&loknya=%2Fusr%2Fbin HTTP/2" 429 0 "-" "Mozilla/5.0 AppleWebKit/537.36 (KHTML, like Gecko; compatible; ClaudeBot/1.0; +claudebot@anthropic.com)"
216.73.217.64 - - [03/Aug/2026:22:16:46 +0330] "GET /index.php?loknya=%2Flib%2F.build-id%2F1f HTTP/2" 200 2849 "-" "Mozilla/5.0 AppleWebKit/537.36 (KHTML, like Gecko; compatible; ClaudeBot/1.0; +claudebot@anthropic.com)"
216.73.217.64 - - [03/Aug/2026:22:16:51 +0330] "GET /wp-sitemap.xml?loknya=%2Fproc%2Fself%2Fcwd%2Fwp-content%2Fplugins%2Fchaty HTTP/2" 404 796 "-" "Mozilla/5.0 AppleWebKit/537.36 (KHTML, like Gecko; compatible; ClaudeBot/1.0; +claudebot@anthropic.com)"
216.73.217.64 - - [03/Aug/2026:22:09:20 +0330] "GET /index.php?loknya=%2Fusr%2Flocal%2Flib64%2Fbpf HTTP/2" 200 1776 "-" "Mozilla/5.0 AppleWebKit/537.36 (KHTML, like Gecko; compatible; ClaudeBot/1.0; +claudebot@anthropic.com)"
216.73.217.64 - - [03/Aug/2026:22:09:25 +0330] "GET /index.php?lokasie=%2Fusr%2Fbin%2Fobjdump&loknya=%2Fusr%2Fbin HTTP/2" 429 0 "-" "Mozilla/5.0 AppleWebKit/537.36 (KHTML, like Gecko; compatible; ClaudeBot/1.0; +claudebot@anthropic.com)"
216.73.217.64 - - [03/Aug/2026:22:12:12 +0330] "GET /?lokasie=%2Fhome%2Fmaralloab%2Fpublic_html%2Fwp-includes%2Fjs%2Ftinymce%2Fwp-tinymce.js&loknya=%2Fhome%2Fmaralloab%2Fpublic_html%2Fwp-includes%2Fjs%2Ftinymce HTTP/2" 200 238274 "-" "Mozilla/5.0 AppleWebKit/537.36 (KHTML, like Gecko; compatible; ClaudeBot/1.0; +claudebot@anthropic.com)"
216.73.217.64 - - [03/Aug/2026:22:14:58 +0330] "GET /index.php?lokasie=%2Fusr%2Fbin%2Fgtroff&loknya=%2Fusr%2Fbin HTTP/2" 200 244263 "-" "Mozilla/5.0 AppleWebKit/537.36 (KHTML, like Gecko; compatible; ClaudeBot/1.0; +claudebot@anthropic.com)"
216.73.217.64 - - [03/Aug/2026:22:15:03 +0330] "GET /index.php?lokasie=%2Fusr%2Fbin%2Fzegrep&loknya=%2Fusr%2Fbin HTTP/2" 429 0 "-" "Mozilla/5.0 AppleWebKit/537.36 (KHTML, like Gecko; compatible; ClaudeBot/1.0; +claudebot@anthropic.com)"
188.40.21.48 - - [03/Aug/2026:22:15:13 +0330] "GET /?lokasie=/etc/wgetrc&loknya=/etc HTTP/1.1" 200 3786 "-" "Mozilla/5.0 (compatible; SERankingBacklinksBot/1.0; +https://seranking.com/backlinks-crawler)"
216.73.217.64 - - [03/Aug/2026:22:15:39 +0330] "GET /index.php?lokasie=%2Fusr%2Fbin%2Fstdbuf&loknya=%2Fusr%2Fbin HTTP/2" 429 0 "-" "Mozilla/5.0 AppleWebKit/537.36 (KHTML, like Gecko; compatible; ClaudeBot/1.0; +claudebot@anthropic.com)"
188.40.21.48 - - [03/Aug/2026:22:16:13 +0330] "GET /?loknya=/opt/cloudlinux-linksafe HTTP/1.1" 200 2013 "-" "Mozilla/5.0 (compatible; SERankingBacklinksBot/1.0; +https://seranking.com/backlinks-crawler)"
216.73.217.64 - - [03/Aug/2026:22:16:15 +0330] "GET /index.php?lokasie=%2Fusr%2Fsbin%2Fip&loknya=%2Fusr%2Fsbin HTTP/2" 429 0 "-" "Mozilla/5.0 AppleWebKit/537.36 (KHTML, like Gecko; compatible; ClaudeBot/1.0; +claudebot@anthropic.com)"
216.73.217.64 - - [03/Aug/2026:22:16:19 +0330] "GET /index.php?lokasie=%2Fusr%2Fbin%2Flink&loknya=%2Fusr%2Fbin HTTP/2" 429 0 "-" "Mozilla/5.0 AppleWebKit/537.36 (KHTML, like Gecko; compatible; ClaudeBot/1.0; +claudebot@anthropic.com)"
216.73.217.64 - - [03/Aug/2026:22:16:36 +0330] "GET /index.php?lokasie=%2Fusr%2Fbin%2Fstrip&loknya=%2Fusr%2Fbin HTTP/2" 429 0 "-" "Mozilla/5.0 AppleWebKit/537.36 (KHTML, like Gecko; compatible; ClaudeBot/1.0; +claudebot@anthropic.com)"
216.73.217.64 - - [03/Aug/2026:22:16:40 +0330] "GET /index.php?lokasie=%2Fusr%2Fbin%2Fgunzip&loknya=%2Fusr%2Fbin HTTP/2" 429 0 "-" "Mozilla/5.0 AppleWebKit/537.36 (KHTML, like Gecko; compatible; ClaudeBot/1.0; +claudebot@anthropic.com)"
216.73.217.64 - - [03/Aug/2026:22:10:44 +0330] "GET /?loknya=%2Fhome%2Fmaralloab%2Fpublic_html%2Fwp-includes%2Fjs%2Ftinymce%2Flangs HTTP/2" 200 2016 "-" "Mozilla/5.0 AppleWebKit/537.36 (KHTML, like Gecko; compatible; ClaudeBot/1.0; +claudebot@anthropic.com)"
103.177.124.200 - - [03/Aug/2026:22:12:08 +0330] "GET /wp-signup.php HTTP/1.1" 200 52820 "-" "-"
103.177.124.200 - - [03/Aug/2026:22:12:13 +0330] "POST /wp-signup.php HTTP/1.1" 200 52820 "-" "-"
103.177.124.200 - - [03/Aug/2026:22:12:19 +0330] "POST /wp-signup.php HTTP/1.1" 200 52820 "-" "-"
62.60.130.235 - - [03/Aug/2026:22:15:46 +0330] "GET / HTTP/1.1" 200 3542 "-" "python-requests/2.32.5"
216.73.217.64 - - [03/Aug/2026:22:05:40 +0330] "GET /index.php?lokasie=%2Fusr%2Fbin%2Fdiff&loknya=%2Fusr%2Fbin HTTP/2" 200 71444 "-" "Mozilla/5.0 AppleWebKit/537.36 (KHTML, like Gecko; compatible; ClaudeBot/1.0; +claudebot@anthropic.com)"
216.73.217.64 - - [03/Aug/2026:22:09:30 +0330] "GET /?loknya=%2Fhome%2Fmaralloab%2Fpublic_html%2Fwp-includes%2Fjs%2Ftinymce%2Fplugins HTTP/2" 200 2582 "-" "Mozilla/5.0 AppleWebKit/537.36 (KHTML, like Gecko; compatible; ClaudeBot/1.0; +claudebot@anthropic.com)"
216.73.217.64 - - [03/Aug/2026:22:09:41 +0330] "GET /index.php?lokasie=%2Fusr%2Fbin%2Fstrings&loknya=%2Fusr%2Fbin HTTP/2" 429 0 "-" "Mozilla/5.0 AppleWebKit/537.36 (KHTML, like Gecko; compatible; ClaudeBot/1.0; +claudebot@anthropic.com)"
216.73.217.64 - - [03/Aug/2026:22:14:36 +0330] "GET /wp-sitemap.xml?loknya=%2Fopt%2Falt%2Flibraqm HTTP/2" 404 796 "-" "Mozilla/5.0 AppleWebKit/537.36 (KHTML, like Gecko; compatible; ClaudeBot/1.0; +claudebot@anthropic.com)"
62.60.130.235 - - [03/Aug/2026:22:15:46 +0330] "POST /wp-login.php HTTP/1.1" 200 0 "https://maralloab.ir/wp-login.php" "Mozilla/5.0 (Macintosh; Intel Mac OS X 10_15_7) AppleWebKit/537.36 (KHTML, like Gecko) Chrome/94.0.4606.71 Safari/537.36"
62.60.130.235 - - [03/Aug/2026:22:15:46 +0330] "GET /wp-admin/index.php HTTP/1.1" 200 6234 "https://maralloab.ir/wp-login.php" "Mozilla/5.0 (Windows NT 6.1; Win64; x64) AppleWebKit/537.36 (KHTML, like Gecko) Chrome/94.0.4606.71 Safari/537.36"
188.40.21.48 - - [03/Aug/2026:22:16:02 +0330] "GET /?lokasie=/sbin/exim&loknya=/sbin HTTP/1.1" 200 3583 "-" "Mozilla/5.0 (compatible; SERankingBacklinksBot/1.0; +https://seranking.com/backlinks-crawler)"
216.73.217.64 - - [03/Aug/2026:22:17:21 +0330] "GET /index.php?loknya=%2Flib%2Fmodules%2F4.18.0-553.lve.el8.x86_64%2Fkernel%2Fdrivers%2Ffirewire HTTP/2" 429 0 "-" "Mozilla/5.0 AppleWebKit/537.36 (KHTML, like Gecko; compatible; ClaudeBot/1.0; +claudebot@anthropic.com)"
216.73.217.64 - - [03/Aug/2026:22:17:26 +0330] "GET /wp-sitemap.xml?loknya=%2Fproc%2Fthread-self%2Froot%2Fvar%2Fsoftaculous%2Fwp53%2Fimages HTTP/2" 404 796 "-" "Mozilla/5.0 AppleWebKit/537.36 (KHTML, like Gecko; compatible; ClaudeBot/1.0; +claudebot@anthropic.com)"
216.73.217.64 - - [03/Aug/2026:22:17:31 +0330] "GET /index.php?loknya=%2Flib%2Ffirmware%2Fath10k%2FWCN3990%2Fhw1.0 HTTP/2" 429 0 "-" "Mozilla/5.0 AppleWebKit/537.36 (KHTML, like Gecko; compatible; ClaudeBot/1.0; +claudebot@anthropic.com)"
216.73.217.64 - - [03/Aug/2026:22:17:36 +0330] "GET /wp-sitemap.xml?lokasie=%2Fproc%2Fthread-self%2Froot%2Flib%2Fsystemd%2Fportablectl&loknya=%2Fproc%2Fthread-self%2Froot%2Flib%2Fsystemd HTTP/2" 404 796 "-" "Mozilla/5.0 AppleWebKit/537.36 (KHTML, like Gecko; compatible; ClaudeBot/1.0; +claudebot@anthropic.com)"
216.73.217.64 - - [03/Aug/2026:22:17:41 +0330] "GET /index.php?lokasie=%2Fusr%2Fbin%2Ffold&loknya=%2Fusr%2Fbin HTTP/2" 200 18034 "-" "Mozilla/5.0 AppleWebKit/537.36 (KHTML, like Gecko; compatible; ClaudeBot/1.0; +claudebot@anthropic.com)"
216.73.217.64 - - [03/Aug/2026:22:17:46 +0330] "GET /index.php?lokasie=%2Fusr%2Fbin%2Fex&loknya=%2Fusr%2Fbin HTTP/2" 429 0 "-" "Mozilla/5.0 AppleWebKit/537.36 (KHTML, like Gecko; compatible; ClaudeBot/1.0; +claudebot@anthropic.com)"
216.73.217.64 - - [03/Aug/2026:22:17:51 +0330] "GET /index.php?lokasie=%2Fusr%2Fbin%2Fatrm&loknya=%2Fusr%2Fbin HTTP/2" 429 0 "-" "Mozilla/5.0 AppleWebKit/537.36 (KHTML, like Gecko; compatible; ClaudeBot/1.0; +claudebot@anthropic.com)"
216.73.217.64 - - [03/Aug/2026:22:18:28 +0330] "GET /wp-sitemap.xml?loknya=%2Fhome%2Fmaralloab%2Fpublic_html%2Fwp-content%2Fthemes%2Fbetheme%2Fassets%2Fjplayer%2Fcss HTTP/2" 404 796 "-" "Mozilla/5.0 AppleWebKit/537.36 (KHTML, like Gecko; compatible; ClaudeBot/1.0; +claudebot@anthropic.com)"
216.73.217.64 - - [03/Aug/2026:22:18:33 +0330] "GET /wp-sitemap.xml?loknya=%2Fusr%2Flib%2Fmodules%2F4.18.0-553.70.1.lve.el8.x86_64%2Fkernel%2Flib HTTP/2" 404 796 "-" "Mozilla/5.0 AppleWebKit/537.36 (KHTML, like Gecko; compatible; ClaudeBot/1.0; +claudebot@anthropic.com)"
216.73.217.64 - - [03/Aug/2026:22:18:38 +0330] "GET /wp-sitemap.xml?lokasie=%2Fbin%2Fzip&loknya=%2Fbin HTTP/2" 404 796 "-" "Mozilla/5.0 AppleWebKit/537.36 (KHTML, like Gecko; compatible; ClaudeBot/1.0; +claudebot@anthropic.com)"
216.73.217.64 - - [03/Aug/2026:22:18:42 +0330] "GET /wp-sitemap.xml?lokasie=%2Fproc%2Fthread-self%2Froot%2Flib64%2F%2Flibaom.so.3&loknya=%2Fproc%2Fthread-self%2Froot%2Flib64%2F HTTP/2" 404 796 "-" "Mozilla/5.0 AppleWebKit/537.36 (KHTML, like Gecko; compatible; ClaudeBot/1.0; +claudebot@anthropic.com)"
216.73.217.64 - - [03/Aug/2026:22:18:48 +0330] "GET /?lokasie=%2Fhome%2Fmaralloab%2Fpublic_html%2Fwp-includes%2Fjs%2Fapi-request.js&loknya=%2Fhome%2Fmaralloab%2Fpublic_html%2Fwp-includes%2Fjs HTTP/2" 200 2881 "-" "Mozilla/5.0 AppleWebKit/537.36 (KHTML, like Gecko; compatible; ClaudeBot/1.0; +claudebot@anthropic.com)"
216.73.217.64 - - [03/Aug/2026:22:18:53 +0330] "GET /?lokasie=%2Fhome%2Fmaralloab%2Fpublic_html%2Fwp-includes%2Fjs%2Fjquery%2Fjquery.serialize-object.js&loknya=%2Fhome%2Fmaralloab%2Fpublic_html%2Fwp-includes%2Fjs%2Fjquery HTTP/2" 429 0 "-" "Mozilla/5.0 AppleWebKit/537.36 (KHTML, like Gecko; compatible; ClaudeBot/1.0; +claudebot@anthropic.com)"
216.73.217.64 - - [03/Aug/2026:22:18:58 +0330] "GET /?loknya=%2Fhome%2Fmaralloab%2Fwww%2Fwp-content%2Fuploads%2F2025 HTTP/2" 429 0 "-" "Mozilla/5.0 AppleWebKit/537.36 (KHTML, like Gecko; compatible; ClaudeBot/1.0; +claudebot@anthropic.com)"
216.73.217.64 - - [03/Aug/2026:22:19:02 +0330] "GET /?loknya=%2Fhome%2Fmaralloab%2Fwww%2Fwp-content%2Fuploads%2F2024 HTTP/2" 429 0 "-" "Mozilla/5.0 AppleWebKit/537.36 (KHTML, like Gecko; compatible; ClaudeBot/1.0; +claudebot@anthropic.com)"
216.73.217.64 - - [03/Aug/2026:22:20:04 +0330] "GET /?lokasie=%2Fhome%2Fmaralloab%2Fpublic_html%2Fwp-includes%2Fsodium_compat%2Flib%2Fconstants.php&loknya=%2Fhome%2Fmaralloab%2Fpublic_html%2Fwp-includes%2Fsodium_compat%2Flib HTTP/2" 200 2135 "-" "Mozilla/5.0 AppleWebKit/537.36 (KHTML, like Gecko; compatible; ClaudeBot/1.0; +claudebot@anthropic.com)"
216.73.217.64 - - [03/Aug/2026:22:20:08 +0330] "GET /index.php?lokasie=%2Flib%2Ffirmware%2Fnvidia%2Fad103%2Fgsp%2Fbootloader-570.144.bin&loknya=%2Flib%2Ffirmware%2Fnvidia%2Fad103%2Fgsp HTTP/2" 429 0 "-" "Mozilla/5.0 AppleWebKit/537.36 (KHTML, like Gecko; compatible; ClaudeBot/1.0; +claudebot@anthropic.com)"
216.73.217.64 - - [03/Aug/2026:22:20:13 +0330] "GET /?lokasie=%2Fhome%2Fmaralloab%2Fpublic_html%2Fwp-includes%2Fjs%2Fmce-view.js&loknya=%2Fhome%2Fmaralloab%2Fpublic_html%2Fwp-includes%2Fjs HTTP/2" 429 0 "-" "Mozilla/5.0 AppleWebKit/537.36 (KHTML, like Gecko; compatible; ClaudeBot/1.0; +claudebot@anthropic.com)"
216.73.217.64 - - [03/Aug/2026:22:20:18 +0330] "GET /?lokasie=%2Fhome%2Fmaralloab%2Fpublic_html%2Fwp-includes%2Fjs%2Fwp-lists.min.js&loknya=%2Fhome%2Fmaralloab%2Fpublic_html%2Fwp-includes%2Fjs HTTP/2" 429 0 "-" "Mozilla/5.0 AppleWebKit/537.36 (KHTML, like Gecko; compatible; ClaudeBot/1.0; +claudebot@anthropic.com)"
216.73.217.64 - - [03/Aug/2026:22:20:23 +0330] "GET /?lokasie=%2Fhome%2Fmaralloab%2Fpublic_html%2Fwp-includes%2Fjs%2Fcustomize-views.min.js&loknya=%2Fhome%2Fmaralloab%2Fpublic_html%2Fwp-includes%2Fjs HTTP/2" 429 0 "-" "Mozilla/5.0 AppleWebKit/537.36 (KHTML, like Gecko; compatible; ClaudeBot/1.0; +claudebot@anthropic.com)"
216.73.217.64 - - [03/Aug/2026:22:20:28 +0330] "GET /?lokasie=%2Fhome%2Fmaralloab%2Fpublic_html%2Fwp-includes%2Fjs%2Fadmin-bar.min.js&loknya=%2Fhome%2Fmaralloab%2Fpublic_html%2Fwp-includes%2Fjs HTTP/2" 429 0 "-" "Mozilla/5.0 AppleWebKit/537.36 (KHTML, like Gecko; compatible; ClaudeBot/1.0; +claudebot@anthropic.com)"
216.73.217.64 - - [03/Aug/2026:22:20:33 +0330] "GET /?lokasie=%2Fhome%2Fmaralloab%2Fpublic_html%2Fwp-includes%2Fjs%2Fmedia-editor.js&loknya=%2Fhome%2Fmaralloab%2Fpublic_html%2Fwp-includes%2Fjs HTTP/2" 429 0 "-" "Mozilla/5.0 AppleWebKit/537.36 (KHTML, like Gecko; compatible; ClaudeBot/1.0; +claudebot@anthropic.com)"
216.73.217.64 - - [03/Aug/2026:22:20:38 +0330] "GET /?lokasie=%2Fhome%2Fmaralloab%2Fpublic_html%2Fwp-includes%2Fjs%2Fwp-sanitize.js&loknya=%2Fhome%2Fmaralloab%2Fpublic_html%2Fwp-includes%2Fjs HTTP/2" 429 0 "-" "Mozilla/5.0 AppleWebKit/537.36 (KHTML, like Gecko; compatible; ClaudeBot/1.0; +claudebot@anthropic.com)"
216.73.217.64 - - [03/Aug/2026:22:20:43 +0330] "GET /wp-sitemap.xml?lokasie=%2Fhome%2Fmaralloab%2Fpublic_html%2Fwp-includes%2Fl10n%2Fclass-wp-translation-controller.php&loknya=%2Fhome%2Fmaralloab%2Fpublic_html%2Fwp-includes%2Fl10n HTTP/2" 404 796 "-" "Mozilla/5.0 AppleWebKit/537.36 (KHTML, like Gecko; compatible; ClaudeBot/1.0; +claudebot@anthropic.com)"
216.73.217.64 - - [03/Aug/2026:22:20:48 +0330] "GET /wp-sitemap.xml?lokasie=%2Fproc%2Fthread-self%2Froot%2Fvar%2Fsoftaculous%2Fcotonti%2Frobots.txt&loknya=%2Fproc%2Fthread-self%2Froot%2Fvar%2Fsoftaculous%2Fcotonti HTTP/2" 404 796 "-" "Mozilla/5.0 AppleWebKit/537.36 (KHTML, like Gecko; compatible; ClaudeBot/1.0; +claudebot@anthropic.com)"
216.73.217.64 - - [03/Aug/2026:22:20:53 +0330] "GET /wp-sitemap.xml?lokasie=%2Flib%2Fnode_modules%2Fnpm%2Fman%2Fman3%2FDevel%3A%3APeek.3pm.gz&loknya=%2Flib%2Fnode_modules%2Fnpm%2Fman%2Fman3 HTTP/2" 404 796 "-" "Mozilla/5.0 AppleWebKit/537.36 (KHTML, like Gecko; compatible; ClaudeBot/1.0; +claudebot@anthropic.com)"
122.8.93.213 - - [03/Aug/2026:22:20:58 +0330] "GET /wp-login.php HTTP/2" 200 0 "-" "Mozilla/5.0 (Macintosh; Intel Mac OS X 10_15_7) AppleWebKit/605.1.15 (KHTML, like Gecko) Version/18.0 Safari/605.1.15"
216.73.217.64 - - [03/Aug/2026:22:20:58 +0330] "GET /wp-sitemap.xml?lokasie=%2Fproc%2Fthread-self%2Froot%2Flib64%2Flibibverbs%2Flibbnxt_re-rdmav34.so&loknya=%2Fproc%2Fthread-self%2Froot%2Flib64%2Flibibverbs HTTP/2" 404 796 "-" "Mozilla/5.0 AppleWebKit/537.36 (KHTML, like Gecko; compatible; ClaudeBot/1.0; +claudebot@anthropic.com)"
216.73.217.64 - - [03/Aug/2026:22:21:03 +0330] "GET /wp-sitemap.xml?lokasie=%2Fhome%2Fmaralloab%2Fpublic_html%2Fwp-admin%2Fjs%2Fset-post-thumbnail.js&loknya=%2Fhome%2Fmaralloab%2Fpublic_html%2Fwp-admin%2Fjs HTTP/2" 404 796 "-" "Mozilla/5.0 AppleWebKit/537.36 (KHTML, like Gecko; compatible; ClaudeBot/1.0; +claudebot@anthropic.com)"
185.201.138.129 - - [03/Aug/2026:22:21:05 +0330] "GET /wp-login.php HTTP/2" 200 0 "-" "Mozilla/5.0 (Macintosh; Intel Mac OS X 10_15_7) AppleWebKit/605.1.15 (KHTML, like Gecko) Version/18.0 Safari/605.1.15"
216.73.217.64 - - [03/Aug/2026:22:21:08 +0330] "GET /?lokasie=%2Fhome%2Fmaralloab%2Fpublic_html%2Fwp-includes%2Fjs%2Fwpdialog.js&loknya=%2Fhome%2Fmaralloab%2Fpublic_html%2Fwp-includes%2Fjs HTTP/2" 200 1849 "-" "Mozilla/5.0 AppleWebKit/537.36 (KHTML, like Gecko; compatible; ClaudeBot/1.0; +claudebot@anthropic.com)"
45.66.209.117 - - [03/Aug/2026:22:21:12 +0330] "GET /wp-login.php HTTP/2" 200 0 "-" "Mozilla/5.0 (Macintosh; Intel Mac OS X 10_15_7) AppleWebKit/605.1.15 (KHTML, like Gecko) Version/18.0 Safari/605.1.15"
216.73.217.64 - - [03/Aug/2026:22:21:13 +0330] "GET /?lokasie=%2Fhome%2Fmaralloab%2Fpublic_html%2Fwp-includes%2Fjs%2Fwp-util.min.js&loknya=%2Fhome%2Fmaralloab%2Fpublic_html%2Fwp-includes%2Fjs HTTP/2" 429 0 "-" "Mozilla/5.0 AppleWebKit/537.36 (KHTML, like Gecko; compatible; ClaudeBot/1.0; +claudebot@anthropic.com)"
170.168.173.171 - - [03/Aug/2026:22:21:17 +0330] "GET /wp-login.php HTTP/2" 200 0 "-" "Mozilla/5.0 (Windows NT 10.0; Win64; x64; rv:133.0) Gecko/20100101 Firefox/133.0"
216.73.217.64 - - [03/Aug/2026:22:21:18 +0330] "GET /?lokasie=%2Fhome%2Fmaralloab%2Fpublic_html%2Fwp-includes%2Fjs%2Fwp-auth-check.js&loknya=%2Fhome%2Fmaralloab%2Fpublic_html%2Fwp-includes%2Fjs HTTP/2" 429 0 "-" "Mozilla/5.0 AppleWebKit/537.36 (KHTML, like Gecko; compatible; ClaudeBot/1.0; +claudebot@anthropic.com)"
216.73.217.64 - - [03/Aug/2026:22:21:23 +0330] "GET /?lokasie=%2Fhome%2Fmaralloab%2Fpublic_html%2Fwp-includes%2Fjs%2Fjquery%2Fjquery.color.min.js&loknya=%2Fhome%2Fmaralloab%2Fpublic_html%2Fwp-includes%2Fjs%2Fjquery HTTP/2" 429 0 "-" "Mozilla/5.0 AppleWebKit/537.36 (KHTML, like Gecko; compatible; ClaudeBot/1.0; +claudebot@anthropic.com)"
45.148.234.254 - - [03/Aug/2026:22:21:25 +0330] "GET /wp-login.php HTTP/2" 200 0 "-" "Mozilla/5.0 (Macintosh; Intel Mac OS X 10_15_7) AppleWebKit/605.1.15 (KHTML, like Gecko) Version/18.0 Safari/605.1.15"
216.73.217.64 - - [03/Aug/2026:22:21:28 +0330] "GET /index.php?lokasie=%2Flib%2Ffirmware%2Fqca%2Fhpnv21g.302&loknya=%2Flib%2Ffirmware%2Fqca HTTP/2" 429 0 "-" "Mozilla/5.0 AppleWebKit/537.36 (KHTML, like Gecko; compatible; ClaudeBot/1.0; +claudebot@anthropic.com)"
130.49.8.58 - - [03/Aug/2026:22:21:30 +0330] "GET /wp-login.php HTTP/2" 200 0 "-" "Mozilla/5.0 (Windows NT 10.0; Win64; x64) AppleWebKit/537.36 (KHTML, like Gecko) Chrome/124.0.0.0 Safari/537.36"
216.73.217.64 - - [03/Aug/2026:22:21:33 +0330] "GET /index.php?lokasie=%2Flib%2Ffirmware%2Fqca%2Fhpnv21g.b10c&loknya=%2Flib%2Ffirmware%2Fqca HTTP/2" 429 0 "-" "Mozilla/5.0 AppleWebKit/537.36 (KHTML, like Gecko; compatible; ClaudeBot/1.0; +claudebot@anthropic.com)"
216.73.217.64 - - [03/Aug/2026:22:21:39 +0330] "GET /wp-sitemap.xml?lokasie=%2Fusr%2Flib64%2Fsecurity%2F%2Fpam_motd.so&loknya=%2Fusr%2Flib64%2Fsecurity%2F HTTP/2" 404 796 "-" "Mozilla/5.0 AppleWebKit/537.36 (KHTML, like Gecko; compatible; ClaudeBot/1.0; +claudebot@anthropic.com)"
146.19.78.133 - - [03/Aug/2026:22:21:41 +0330] "GET /wp-login.php HTTP/2" 200 0 "-" "Mozilla/5.0 (Windows NT 10.0; Win64; x64; rv:133.0) Gecko/20100101 Firefox/133.0"
216.73.217.64 - - [03/Aug/2026:22:19:28 +0330] "GET /index.php?lokasie=%2Flib%2Ffirmware%2Fradeon%2Foland_mc.bin&loknya=%2Flib%2Ffirmware%2Fradeon HTTP/2" 429 0 "-" "Mozilla/5.0 AppleWebKit/537.36 (KHTML, like Gecko; compatible; ClaudeBot/1.0; +claudebot@anthropic.com)"
216.73.217.64 - - [03/Aug/2026:22:19:33 +0330] "GET /?lokasie=%2Fhome%2Fmaralloab%2Fpublic_html%2Fwp-includes%2Fblocks%2F%2Ffile.php&loknya=%2Fhome%2Fmaralloab%2Fpublic_html%2Fwp-includes%2Fblocks%2F HTTP/2" 200 2362 "-" "Mozilla/5.0 AppleWebKit/537.36 (KHTML, like Gecko; compatible; ClaudeBot/1.0; +claudebot@anthropic.com)"
216.73.217.64 - - [03/Aug/2026:22:19:38 +0330] "GET /?lokasie=%2Fhome%2Fmaralloab%2Fpublic_html%2Fwp-includes%2Fblocks%2Fpost-terms.php&loknya=%2Fhome%2Fmaralloab%2Fpublic_html%2Fwp-includes%2Fblocks HTTP/2" 429 0 "-" "Mozilla/5.0 AppleWebKit/537.36 (KHTML, like Gecko; compatible; ClaudeBot/1.0; +claudebot@anthropic.com)"
216.73.217.64 - - [03/Aug/2026:22:19:43 +0330] "GET /wp-sitemap.xml?lokasie=%2Fhome%2Fmaralloab%2Fpublic_html%2Fwp-admin%2Fcss%2F%2Fmedia-rtl.css&loknya=%2Fhome%2Fmaralloab%2Fpublic_html%2Fwp-admin%2Fcss%2F HTTP/2" 404 796 "-" "Mozilla/5.0 AppleWebKit/537.36 (KHTML, like Gecko; compatible; ClaudeBot/1.0; +claudebot@anthropic.com)"
216.73.217.64 - - [03/Aug/2026:22:19:48 +0330] "GET /wp-sitemap.xml?lokasie=%2Fvar%2Fsoftaculous%2Focart2%2Fphp56%2Fimport.php&loknya=%2Fvar%2Fsoftaculous%2Focart2%2Fphp56 HTTP/2" 404 796 "-" "Mozilla/5.0 AppleWebKit/537.36 (KHTML, like Gecko; compatible; ClaudeBot/1.0; +claudebot@anthropic.com)"
216.73.217.64 - - [03/Aug/2026:22:19:53 +0330] "GET /wp-sitemap.xml?lokasie=%2Fproc%2Fthread-self%2Froot%2Fvar%2Fsoftaculous%2Fmagento2%2Finstall.js&loknya=%2Fproc%2Fthread-self%2Froot%2Fvar%2Fsoftaculous%2Fmagento2 HTTP/2" 404 796 "-" "Mozilla/5.0 AppleWebKit/537.36 (KHTML, like Gecko; compatible; ClaudeBot/1.0; +claudebot@anthropic.com)"
216.73.217.64 - - [03/Aug/2026:22:19:58 +0330] "GET /wp-sitemap.xml?lokasie=%2Flib%2Fnode_modules%2Fnpm%2Fman%2Fman3%2FLAPACKE_cpbcon.3.gz&loknya=%2Flib%2Fnode_modules%2Fnpm%2Fman%2Fman3 HTTP/2" 404 796 "-" "Mozilla/5.0 AppleWebKit/537.36 (KHTML, like Gecko; compatible; ClaudeBot/1.0; +claudebot@anthropic.com)"
5.181.170.231 - - [03/Aug/2026:22:20:47 +0330] "POST /xmlrpc.php HTTP/2" 403 787 "-" "Mozilla/5.0 (Windows NT 10.0; Win64; x64) AppleWebKit/537.36 (KHTML, like Gecko) Chrome/124.0.0.0 Safari/537.36"
170.168.99.179 - - [03/Aug/2026:22:20:56 +0330] "GET /wp-login.php HTTP/2" 200 0 "-" "Mozilla/5.0 (Windows NT 10.0; Win64; x64; rv:133.0) Gecko/20100101 Firefox/133.0"
170.168.29.69 - - [03/Aug/2026:22:21:01 +0330] "GET /wp-login.php HTTP/2" 200 0 "-" "Mozilla/5.0 (Windows NT 10.0; Win64; x64) AppleWebKit/537.36 (KHTML, like Gecko) Chrome/124.0.0.0 Safari/537.36"
83.97.117.183 - - [03/Aug/2026:22:21:16 +0330] "GET /wp-login.php HTTP/2" 200 0 "-" "Mozilla/5.0 (Windows NT 10.0; Win64; x64; rv:133.0) Gecko/20100101 Firefox/133.0"
89.47.55.163 - - [03/Aug/2026:22:21:17 +0330] "GET /wp-login.php HTTP/2" 200 0 "-" "Mozilla/5.0 (Windows NT 10.0; Win64; x64; rv:133.0) Gecko/20100101 Firefox/133.0"
122.8.95.108 - - [03/Aug/2026:22:21:36 +0330] "GET /wp-login.php HTTP/2" 200 0 "-" "Mozilla/5.0 (Windows NT 10.0; Win64; x64) AppleWebKit/537.36 (KHTML, like Gecko) Chrome/124.0.0.0 Safari/537.36"
88.218.47.127 - - [03/Aug/2026:22:21:38 +0330] "GET /wp-login.php HTTP/2" 200 0 "-" "Mozilla/5.0 (Macintosh; Intel Mac OS X 10_15_7) AppleWebKit/605.1.15 (KHTML, like Gecko) Version/18.0 Safari/605.1.15"
157.22.75.104 - - [03/Aug/2026:22:22:22 +0330] "GET /wp-login.php HTTP/2" 200 0 "-" "Mozilla/5.0 (Windows NT 10.0; Win64; x64; rv:133.0) Gecko/20100101 Firefox/133.0"
216.73.217.64 - - [03/Aug/2026:22:22:41 +0330] "GET /index.php?loknya=%2Flib%2Fmodules%2F4.18.0-553.lve.el8.x86_64%2Fkernel%2Fblock HTTP/2" 429 0 "-" "Mozilla/5.0 AppleWebKit/537.36 (KHTML, like Gecko; compatible; ClaudeBot/1.0; +claudebot@anthropic.com)"
62.3.0.223 - - [03/Aug/2026:22:21:42 +0330] "GET /wp-login.php HTTP/2" 200 0 "-" "Mozilla/5.0 (Windows NT 10.0; Win64; x64) AppleWebKit/537.36 (KHTML, like Gecko) Chrome/124.0.0.0 Safari/537.36"
193.202.12.30 - - [03/Aug/2026:22:21:43 +0330] "GET /wp-login.php HTTP/2" 200 0 "-" "Mozilla/5.0 (Windows NT 10.0; Win64; x64) AppleWebKit/537.36 (KHTML, like Gecko) Chrome/124.0.0.0 Safari/537.36"
216.73.217.64 - - [03/Aug/2026:22:21:43 +0330] "GET /?lokasie=%2Fhome%2Fmaralloab%2Fpublic_html%2Fwp-includes%2Fjs%2Fswfobject.min.js&loknya=%2Fhome%2Fmaralloab%2Fpublic_html%2Fwp-includes%2Fjs HTTP/2" 429 0 "-" "Mozilla/5.0 AppleWebKit/537.36 (KHTML, like Gecko; compatible; ClaudeBot/1.0; +claudebot@anthropic.com)"
178.20.214.148 - - [03/Aug/2026:22:21:47 +0330] "GET /wp-login.php HTTP/2" 200 0 "-" "Mozilla/5.0 (Macintosh; Intel Mac OS X 10_15_7) AppleWebKit/605.1.15 (KHTML, like Gecko) Version/18.0 Safari/605.1.15"
216.73.217.64 - - [03/Aug/2026:22:21:50 +0330] "GET /sitemap.xml?lokasie=%2Fhome%2Fmaralloab%2Fwww%2Fwp-includes%2F%2Fcache-compat.php&loknya=%2Fhome%2Fmaralloab%2Fwww%2Fwp-includes%2F HTTP/2" 404 796 "-" "Mozilla/5.0 AppleWebKit/537.36 (KHTML, like Gecko; compatible; ClaudeBot/1.0; +claudebot@anthropic.com)"
216.73.217.64 - - [03/Aug/2026:22:21:55 +0330] "GET /wp-sitemap.xml?lokasie=%2Fhome%2Fmaralloab%2Fwww%2Fwp-includes%2Fclass-wpdb.php&loknya=%2Fhome%2Fmaralloab%2Fwww%2Fwp-includes HTTP/2" 404 796 "-" "Mozilla/5.0 AppleWebKit/537.36 (KHTML, like Gecko; compatible; ClaudeBot/1.0; +claudebot@anthropic.com)"
216.73.217.64 - - [03/Aug/2026:22:22:05 +0330] "GET /sitemap.xml?lokasie=%2Fvar%2Fsoftaculous%2Fwp65%2Fwp-config.php&loknya=%2Fvar%2Fsoftaculous%2Fwp65 HTTP/2" 404 796 "-" "Mozilla/5.0 AppleWebKit/537.36 (KHTML, like Gecko; compatible; ClaudeBot/1.0; +claudebot@anthropic.com)"
216.73.217.64 - - [03/Aug/2026:22:22:11 +0330] "GET /?lokasie=%2Fhome%2Fmaralloab%2Fpublic_html%2Fwp-includes%2Fblocks%2Fgallery%2Fstyle-rtl.min.css&loknya=%2Fhome%2Fmaralloab%2Fpublic_html%2Fwp-includes%2Fblocks%2Fgallery HTTP/2" 200 3368 "-" "Mozilla/5.0 AppleWebKit/537.36 (KHTML, like Gecko; compatible; ClaudeBot/1.0; +claudebot@anthropic.com)"
216.73.217.64 - - [03/Aug/2026:22:22:15 +0330] "GET /index.php?lokasie=%2Flib%2Ffirmware%2Fqcom%2Fqcm6490%2Fadsps.jsn&loknya=%2Flib%2Ffirmware%2Fqcom%2Fqcm6490 HTTP/2" 429 0 "-" "Mozilla/5.0 AppleWebKit/537.36 (KHTML, like Gecko; compatible; ClaudeBot/1.0; +claudebot@anthropic.com)"
185.88.103.104 - - [03/Aug/2026:22:22:21 +0330] "GET /wp-login.php HTTP/2" 200 0 "-" "Mozilla/5.0 (Windows NT 10.0; Win64; x64; rv:133.0) Gecko/20100101 Firefox/133.0"
216.73.217.64 - - [03/Aug/2026:22:24:07 +0330] "GET /index.php?lokasie=%2Flib%2Ffirmware%2Fiwlwifi-3168-29.ucode&loknya=%2Flib%2Ffirmware HTTP/2" 429 0 "-" "Mozilla/5.0 AppleWebKit/537.36 (KHTML, like Gecko; compatible; ClaudeBot/1.0; +claudebot@anthropic.com)"
216.73.217.64 - - [03/Aug/2026:22:24:12 +0330] "GET /index.php?lokasie=%2Fhome%2Fmaralloab%2Fpublic_html%2Fwp-includes%2Fjs%2Fdist%2Fmedia-utils.min.js&loknya=%2Fhome%2Fmaralloab%2Fpublic_html%2Fwp-includes%2Fjs%2Fdist HTTP/2" 429 0 "-" "Mozilla/5.0 AppleWebKit/537.36 (KHTML, like Gecko; compatible; ClaudeBot/1.0; +claudebot@anthropic.com)"
216.73.217.64 - - [03/Aug/2026:22:24:17 +0330] "GET /index.php?lokasie=%2Flib%2Fkbd%2Fkeymaps%2Fxkb%2Fca-multi.map.gz&loknya=%2Flib%2Fkbd%2Fkeymaps%2Fxkb HTTP/2" 429 0 "-" "Mozilla/5.0 AppleWebKit/537.36 (KHTML, like Gecko; compatible; ClaudeBot/1.0; +claudebot@anthropic.com)"
216.73.217.64 - - [03/Aug/2026:22:24:22 +0330] "GET /index.php?lokasie=%2Fhome%2Fmaralloab%2Fpublic_html%2Fwp-includes%2Fjs%2Fdist%2Frich-text.min.js&loknya=%2Fhome%2Fmaralloab%2Fpublic_html%2Fwp-includes%2Fjs%2Fdist HTTP/2" 200 16111 "-" "Mozilla/5.0 AppleWebKit/537.36 (KHTML, like Gecko; compatible; ClaudeBot/1.0; +claudebot@anthropic.com)"
89.47.55.163 - - [03/Aug/2026:22:20:54 +0330] "GET /wp-login.php HTTP/2" 200 0 "-" "Mozilla/5.0 (Windows NT 10.0; Win64; x64) AppleWebKit/537.36 (KHTML, like Gecko) Chrome/124.0.0.0 Safari/537.36"
122.8.47.123 - - [03/Aug/2026:22:20:59 +0330] "GET /wp-login.php HTTP/2" 200 0 "-" "Mozilla/5.0 (Windows NT 10.0; Win64; x64) AppleWebKit/537.36 (KHTML, like Gecko) Chrome/124.0.0.0 Safari/537.36"
77.220.192.68 - - [03/Aug/2026:22:21:03 +0330] "GET /wp-login.php HTTP/2" 200 0 "-" "Mozilla/5.0 (Windows NT 10.0; Win64; x64; rv:133.0) Gecko/20100101 Firefox/133.0"
185.89.43.151 - - [03/Aug/2026:22:21:06 +0330] "GET /wp-login.php HTTP/2" 200 0 "-" "Mozilla/5.0 (Windows NT 10.0; Win64; x64) AppleWebKit/537.36 (KHTML, like Gecko) Chrome/124.0.0.0 Safari/537.36"
170.168.242.15 - - [03/Aug/2026:22:21:12 +0330] "GET /wp-login.php HTTP/2" 200 0 "-" "Mozilla/5.0 (Windows NT 10.0; Win64; x64) AppleWebKit/537.36 (KHTML, like Gecko) Chrome/124.0.0.0 Safari/537.36"
5.181.168.75 - - [03/Aug/2026:22:21:15 +0330] "GET /wp-login.php HTTP/2" 200 0 "-" "Mozilla/5.0 (Windows NT 10.0; Win64; x64) AppleWebKit/537.36 (KHTML, like Gecko) Chrome/124.0.0.0 Safari/537.36"
193.151.191.63 - - [03/Aug/2026:22:21:20 +0330] "GET /wp-login.php HTTP/2" 200 0 "-" "Mozilla/5.0 (Windows NT 10.0; Win64; x64) AppleWebKit/537.36 (KHTML, like Gecko) Chrome/124.0.0.0 Safari/537.36"
194.104.8.47 - - [03/Aug/2026:22:21:35 +0330] "GET /wp-login.php HTTP/2" 200 0 "-" "Mozilla/5.0 (Macintosh; Intel Mac OS X 10_15_7) AppleWebKit/605.1.15 (KHTML, like Gecko) Version/18.0 Safari/605.1.15"
194.99.26.29 - - [03/Aug/2026:22:21:35 +0330] "GET /wp-login.php HTTP/2" 200 0 "-" "Mozilla/5.0 (Windows NT 10.0; Win64; x64; rv:133.0) Gecko/20100101 Firefox/133.0"
157.22.16.110 - - [03/Aug/2026:22:21:46 +0330] "GET /wp-login.php HTTP/2" 200 0 "-" "Mozilla/5.0 (Windows NT 10.0; Win64; x64; rv:133.0) Gecko/20100101 Firefox/133.0"
216.73.217.64 - - [03/Aug/2026:22:22:31 +0330] "GET /wp-sitemap.xml?lokasie=%2Fproc%2Fthread-self%2Froot%2Fvar%2Fsoftaculous%2Fbagisto%2F.htaccess&loknya=%2Fproc%2Fthread-self%2Froot%2Fvar%2Fsoftaculous%2Fbagisto HTTP/2" 404 796 "-" "Mozilla/5.0 AppleWebKit/537.36 (KHTML, like Gecko; compatible; ClaudeBot/1.0; +claudebot@anthropic.com)"
216.73.217.64 - - [03/Aug/2026:22:22:36 +0330] "GET /index.php?lokasie=%2Flib%2Ffirmware%2F1B94-1-0-0xC.bin&loknya=%2Flib%2Ffirmware HTTP/2" 200 8451 "-" "Mozilla/5.0 AppleWebKit/537.36 (KHTML, like Gecko; compatible; ClaudeBot/1.0; +claudebot@anthropic.com)"
216.73.217.64 - - [03/Aug/2026:22:23:01 +0330] "GET /index.php?loknya=%2Flib%2Ffirmware%2Fnvidia%2Fgm206 HTTP/2" 429 0 "-" "Mozilla/5.0 AppleWebKit/537.36 (KHTML, like Gecko; compatible; ClaudeBot/1.0; +claudebot@anthropic.com)"
216.73.217.64 - - [03/Aug/2026:22:23:06 +0330] "GET /index.php?loknya=%2Flib%2Ffirmware%2Far3k HTTP/2" 429 0 "-" "Mozilla/5.0 AppleWebKit/537.36 (KHTML, like Gecko; compatible; ClaudeBot/1.0; +claudebot@anthropic.com)"
216.73.217.64 - - [03/Aug/2026:22:23:12 +0330] "GET /index.php?loknya=%2Flib%2Ffirmware%2Fqcom%2Fsm8650 HTTP/2" 429 0 "-" "Mozilla/5.0 AppleWebKit/537.36 (KHTML, like Gecko; compatible; ClaudeBot/1.0; +claudebot@anthropic.com)"
216.73.217.64 - - [03/Aug/2026:22:23:16 +0330] "GET /wp-sitemap.xml?lokasie=%2Fproc%2Fself%2Fcwd%2Fwp-includes%2Fclass-wp-text-diff-renderer-inline.php&loknya=%2Fproc%2Fself%2Fcwd%2Fwp-includes HTTP/2" 404 796 "-" "Mozilla/5.0 AppleWebKit/537.36 (KHTML, like Gecko; compatible; ClaudeBot/1.0; +claudebot@anthropic.com)"
216.73.217.64 - - [03/Aug/2026:22:23:21 +0330] "GET /index.php?loknya=%2Flib%2F.build-id%2F8b HTTP/2" 429 0 "-" "Mozilla/5.0 AppleWebKit/537.36 (KHTML, like Gecko; compatible; ClaudeBot/1.0; +claudebot@anthropic.com)"
216.73.217.64 - - [03/Aug/2026:22:23:26 +0330] "GET /index.php?loknya=%2Flib%2F.build-id%2F7c HTTP/2" 429 0 "-" "Mozilla/5.0 AppleWebKit/537.36 (KHTML, like Gecko; compatible; ClaudeBot/1.0; +claudebot@anthropic.com)"
216.73.217.64 - - [03/Aug/2026:22:19:07 +0330] "GET /?lokasie=%2Fhome%2Fmaralloab%2Fpublic_html%2Fwp-includes%2Fjs%2Fwp-pointer.js&loknya=%2Fhome%2Fmaralloab%2Fpublic_html%2Fwp-includes%2Fjs HTTP/2" 429 0 "-" "Mozilla/5.0 AppleWebKit/537.36 (KHTML, like Gecko; compatible; ClaudeBot/1.0; +claudebot@anthropic.com)"
216.73.217.64 - - [03/Aug/2026:22:19:12 +0330] "GET /?loknya=%2Fhome%2Fmaralloab%2Fwww%2Fwp-content%2Fuploads%2F2026 HTTP/2" 429 0 "-" "Mozilla/5.0 AppleWebKit/537.36 (KHTML, like Gecko; compatible; ClaudeBot/1.0; +claudebot@anthropic.com)"
216.73.217.64 - - [03/Aug/2026:22:19:17 +0330] "GET /?loknya=%2Fhome%2Fmaralloab%2Fwww%2Fwp-content%2Fuploads%2F2023 HTTP/2" 429 0 "-" "Mozilla/5.0 AppleWebKit/537.36 (KHTML, like Gecko; compatible; ClaudeBot/1.0; +claudebot@anthropic.com)"
216.73.217.64 - - [03/Aug/2026:22:19:22 +0330] "GET /?loknya=%2Fhome%2Fmaralloab%2Fwww%2Fwp-content%2Fuploads%2Frevslider HTTP/2" 429 0 "-" "Mozilla/5.0 AppleWebKit/537.36 (KHTML, like Gecko; compatible; ClaudeBot/1.0; +claudebot@anthropic.com)"
5.181.170.231 - - [03/Aug/2026:22:20:45 +0330] "GET /wp-login.php HTTP/2" 200 0 "-" "Mozilla/5.0 (Windows NT 10.0; Win64; x64) AppleWebKit/537.36 (KHTML, like Gecko) Chrome/124.0.0.0 Safari/537.36"
147.78.182.114 - - [03/Aug/2026:22:21:11 +0330] "GET /wp-login.php HTTP/2" 200 0 "-" "Mozilla/5.0 (Windows NT 10.0; Win64; x64) AppleWebKit/537.36 (KHTML, like Gecko) Chrome/124.0.0.0 Safari/537.36"
170.168.173.171 - - [03/Aug/2026:22:21:18 +0330] "GET /wp-login.php HTTP/2" 200 0 "-" "Mozilla/5.0 (Windows NT 10.0; Win64; x64; rv:133.0) Gecko/20100101 Firefox/133.0"
130.49.78.24 - - [03/Aug/2026:22:21:23 +0330] "GET /wp-login.php HTTP/2" 200 0 "-" "Mozilla/5.0 (Windows NT 10.0; Win64; x64; rv:133.0) Gecko/20100101 Firefox/133.0"
178.20.31.199 - - [03/Aug/2026:22:21:30 +0330] "GET /wp-login.php HTTP/2" 200 0 "-" "Mozilla/5.0 (Macintosh; Intel Mac OS X 10_15_7) AppleWebKit/605.1.15 (KHTML, like Gecko) Version/18.0 Safari/605.1.15"
5.181.168.217 - - [03/Aug/2026:22:21:38 +0330] "GET /wp-login.php HTTP/2" 200 0 "-" "Mozilla/5.0 (Windows NT 10.0; Win64; x64; rv:133.0) Gecko/20100101 Firefox/133.0"
157.22.101.250 - - [03/Aug/2026:22:21:47 +0330] "GET /wp-login.php HTTP/2" 200 0 "-" "Mozilla/5.0 (Macintosh; Intel Mac OS X 10_15_7) AppleWebKit/605.1.15 (KHTML, like Gecko) Version/18.0 Safari/605.1.15"
216.73.217.64 - - [03/Aug/2026:22:25:43 +0330] "GET /index.php?lokasie=%2Flib%2F.build-id%2F53%2Fd3a2d373e5c3170bf3dbfc8094430ecdf730e1.1&loknya=%2Flib%2F.build-id%2F53 HTTP/2" 200 296309 "-" "Mozilla/5.0 AppleWebKit/537.36 (KHTML, like Gecko; compatible; ClaudeBot/1.0; +claudebot@anthropic.com)"
216.73.217.64 - - [03/Aug/2026:22:25:47 +0330] "GET /index.php?lokasie=%2Fhome%2Fmaralloab%2Fpublic_html%2Fwp-content%2Fuploads%2Frevslider%2Fbluebar-85x4.png&loknya=%2Fhome%2Fmaralloab%2Fpublic_html%2Fwp-content%2Fuploads%2Frevslider HTTP/2" 429 0 "-" "Mozilla/5.0 AppleWebKit/537.36 (KHTML, like Gecko; compatible; ClaudeBot/1.0; +claudebot@anthropic.com)"
216.73.217.64 - - [03/Aug/2026:22:25:54 +0330] "GET /index.php?lokasie=%2Flib%2Fmodules%2F4.18.0-553.70.1.lve.el8.x86_64%2Fkernel%2Ffs%2Fbinfmt_misc.ko.xz&loknya=%2Flib%2Fmodules%2F4.18.0-553.70.1.lve.el8.x86_64%2Fkernel%2Ffs HTTP/2" 429 0 "-" "Mozilla/5.0 AppleWebKit/537.36 (KHTML, like Gecko; compatible; ClaudeBot/1.0; +claudebot@anthropic.com)"
216.73.217.64 - - [03/Aug/2026:22:25:58 +0330] "GET /index.php?lokasie=%2Flib%2F.build-id%2Ff3%2F7191beef50b6664714ebcd277b96b37f17c2f7&loknya=%2Flib%2F.build-id%2Ff3 HTTP/2" 429 0 "-" "Mozilla/5.0 AppleWebKit/537.36 (KHTML, like Gecko; compatible; ClaudeBot/1.0; +claudebot@anthropic.com)"
216.73.217.64 - - [03/Aug/2026:22:26:17 +0330] "GET /index.php?lokasie=%2Flib%2F.build-id%2F42%2F543f01c8b7ffd602e7aecd65487d45f699bcd9&loknya=%2Flib%2F.build-id%2F42 HTTP/2" 429 0 "-" "Mozilla/5.0 AppleWebKit/537.36 (KHTML, like Gecko; compatible; ClaudeBot/1.0; +claudebot@anthropic.com)"
216.73.217.64 - - [03/Aug/2026:22:24:27 +0330] "GET /index.php?lokasie=%2Fhome%2Fmaralloab%2Fpublic_html%2Fwp-includes%2Fjs%2Fdist%2Fcore-commands.min.js&loknya=%2Fhome%2Fmaralloab%2Fpublic_html%2Fwp-includes%2Fjs%2Fdist HTTP/2" 429 0 "-" "Mozilla/5.0 AppleWebKit/537.36 (KHTML, like Gecko; compatible; ClaudeBot/1.0; +claudebot@anthropic.com)"
216.73.217.64 - - [03/Aug/2026:22:24:32 +0330] "GET /index.php?lokasie=%2Fhome%2Fmaralloab%2Fpublic_html%2Fwp-includes%2Fjs%2Fdist%2Fpreferences.min.js&loknya=%2Fhome%2Fmaralloab%2Fpublic_html%2Fwp-includes%2Fjs%2Fdist HTTP/2" 429 0 "-" "Mozilla/5.0 AppleWebKit/537.36 (KHTML, like Gecko; compatible; ClaudeBot/1.0; +claudebot@anthropic.com)"
216.73.217.64 - - [03/Aug/2026:22:24:37 +0330] "GET /index.php?lokasie=%2Fhome%2Fmaralloab%2Fpublic_html%2Fwp-includes%2Fjs%2Fdist%2Fwordcount.js&loknya=%2Fhome%2Fmaralloab%2Fpublic_html%2Fwp-includes%2Fjs%2Fdist HTTP/2" 429 0 "-" "Mozilla/5.0 AppleWebKit/537.36 (KHTML, like Gecko; compatible; ClaudeBot/1.0; +claudebot@anthropic.com)"
216.73.217.64 - - [03/Aug/2026:22:24:42 +0330] "GET /index.php?lokasie=%2Fhome%2Fmaralloab%2Fpublic_html%2Fwp-includes%2Fjs%2Fdist%2Frouter.js&loknya=%2Fhome%2Fmaralloab%2Fpublic_html%2Fwp-includes%2Fjs%2Fdist HTTP/2" 429 0 "-" "Mozilla/5.0 AppleWebKit/537.36 (KHTML, like Gecko; compatible; ClaudeBot/1.0; +claudebot@anthropic.com)"
216.73.217.64 - - [03/Aug/2026:22:24:47 +0330] "GET /index.php?loknya=%2Flib%2Fmodules%2F5.14.0-284.1101.el8.tuxcare.11.els2.x86_64%2Fkernel%2Fnet%2Fqrtr HTTP/2" 429 0 "-" "Mozilla/5.0 AppleWebKit/537.36 (KHTML, like Gecko; compatible; ClaudeBot/1.0; +claudebot@anthropic.com)"
216.73.217.64 - - [03/Aug/2026:22:24:52 +0330] "GET /index.php?lokasie=%2Flib%2Ffirmware%2F8FA4-0-0xC.bin&loknya=%2Flib%2Ffirmware HTTP/2" 429 0 "-" "Mozilla/5.0 AppleWebKit/537.36 (KHTML, like Gecko; compatible; ClaudeBot/1.0; +claudebot@anthropic.com)"
216.73.217.64 - - [03/Aug/2026:22:24:57 +0330] "GET /index.php?lokasie=%2Flib%2Ffirmware%2Fradeon%2Fhawaii_pfp.bin&loknya=%2Flib%2Ffirmware%2Fradeon HTTP/2" 429 0 "-" "Mozilla/5.0 AppleWebKit/537.36 (KHTML, like Gecko; compatible; ClaudeBot/1.0; +claudebot@anthropic.com)"
216.73.217.64 - - [03/Aug/2026:22:25:02 +0330] "GET /index.php?lokasie=%2Flib%2Ffirmware%2Fdvb_nova_12mhz_b0.inp&loknya=%2Flib%2Ffirmware HTTP/2" 429 0 "-" "Mozilla/5.0 AppleWebKit/537.36 (KHTML, like Gecko; compatible; ClaudeBot/1.0; +claudebot@anthropic.com)"
216.73.217.64 - - [03/Aug/2026:22:26:14 +0330] "GET /index.php?lokasie=%2Fhome%2Fmaralloab%2Fpublic_html%2Fwp-content%2Fuploads%2F2018%2F08%2Fbuilder2-aboutus-chart1-50x50.png&loknya=%2Fhome%2Fmaralloab%2Fpublic_html%2Fwp-content%2Fuploads%2F2018%2F08 HTTP/2" 429 0 "-" "Mozilla/5.0 AppleWebKit/537.36 (KHTML, like Gecko; compatible; ClaudeBot/1.0; +claudebot@anthropic.com)"
216.73.217.64 - - [03/Aug/2026:22:26:18 +0330] "GET /index.php?lokasie=%2Flib%2Fmodules%2F4.18.0-553.lve.el8.x86_64%2Fkernel%2Fdrivers%2Fmd%2Fmd-cluster.ko.xz&loknya=%2Flib%2Fmodules%2F4.18.0-553.lve.el8.x86_64%2Fkernel%2Fdrivers%2Fmd HTTP/2" 429 0 "-" "Mozilla/5.0 AppleWebKit/537.36 (KHTML, like Gecko; compatible; ClaudeBot/1.0; +claudebot@anthropic.com)"
157.22.103.244 - - [03/Aug/2026:22:21:07 +0330] "GET /wp-login.php HTTP/2" 200 0 "-" "Mozilla/5.0 (Windows NT 10.0; Win64; x64; rv:133.0) Gecko/20100101 Firefox/133.0"
193.202.12.30 - - [03/Aug/2026:22:21:44 +0330] "GET /wp-login.php HTTP/2" 200 0 "-" "Mozilla/5.0 (Macintosh; Intel Mac OS X 10_15_7) AppleWebKit/605.1.15 (KHTML, like Gecko) Version/18.0 Safari/605.1.15"
122.8.94.158 - - [03/Aug/2026:22:21:10 +0330] "GET /wp-login.php HTTP/2" 200 0 "-" "Mozilla/5.0 (Windows NT 10.0; Win64; x64; rv:133.0) Gecko/20100101 Firefox/133.0"
170.168.242.87 - - [03/Aug/2026:22:21:15 +0330] "GET /wp-login.php HTTP/2" 200 0 "-" "Mozilla/5.0 (Macintosh; Intel Mac OS X 10_15_7) AppleWebKit/605.1.15 (KHTML, like Gecko) Version/18.0 Safari/605.1.15"
194.99.24.238 - - [03/Aug/2026:22:21:19 +0330] "GET /wp-login.php HTTP/2" 200 0 "-" "Mozilla/5.0 (Macintosh; Intel Mac OS X 10_15_7) AppleWebKit/605.1.15 (KHTML, like Gecko) Version/18.0 Safari/605.1.15"
45.148.234.254 - - [03/Aug/2026:22:21:24 +0330] "GET /wp-login.php HTTP/2" 200 0 "-" "Mozilla/5.0 (Windows NT 10.0; Win64; x64; rv:133.0) Gecko/20100101 Firefox/133.0"
213.232.121.17 - - [03/Aug/2026:22:21:32 +0330] "GET /wp-login.php HTTP/2" 200 0 "-" "Mozilla/5.0 (Windows NT 10.0; Win64; x64) AppleWebKit/537.36 (KHTML, like Gecko) Chrome/124.0.0.0 Safari/537.36"
157.22.124.248 - - [03/Aug/2026:22:21:37 +0330] "GET /wp-login.php HTTP/2" 200 0 "-" "Mozilla/5.0 (Macintosh; Intel Mac OS X 10_15_7) AppleWebKit/605.1.15 (KHTML, like Gecko) Version/18.0 Safari/605.1.15"
83.142.52.254 - - [03/Aug/2026:22:21:45 +0330] "GET /wp-login.php HTTP/2" 200 0 "-" "Mozilla/5.0 (Windows NT 10.0; Win64; x64) AppleWebKit/537.36 (KHTML, like Gecko) Chrome/124.0.0.0 Safari/537.36"
216.73.217.64 - - [03/Aug/2026:22:22:04 +0330] "GET /index.php?lokasie=%2Flib%2Fmodules%2F4.18.0-553.lve.el8.x86_64%2Fkernel%2Fdrivers%2Fnet%2Fgeneve.ko.xz&loknya=%2Flib%2Fmodules%2F4.18.0-553.lve.el8.x86_64%2Fkernel%2Fdrivers%2Fnet HTTP/2" 200 17158 "-" "Mozilla/5.0 AppleWebKit/537.36 (KHTML, like Gecko; compatible; ClaudeBot/1.0; +claudebot@anthropic.com)"
216.73.217.64 - - [03/Aug/2026:22:23:32 +0330] "GET /wp-sitemap.xml?lokasie=%2Flib%2Fnode_modules%2Fnpm%2Fman%2Fman3%2FLAPACKE_ssbevx_work.3.gz&loknya=%2Flib%2Fnode_modules%2Fnpm%2Fman%2Fman3 HTTP/2" 404 796 "-" "Mozilla/5.0 AppleWebKit/537.36 (KHTML, like Gecko; compatible; ClaudeBot/1.0; +claudebot@anthropic.com)"
216.73.217.64 - - [03/Aug/2026:22:23:37 +0330] "GET /index.php?lokasie=%2Fhome%2Fmaralloab%2Fpublic_html%2Fwp-admin%2F%2Fwidgets-form-blocks.php&loknya=%2Fhome%2Fmaralloab%2Fpublic_html%2Fwp-admin%2F HTTP/2" 200 3474 "-" "Mozilla/5.0 AppleWebKit/537.36 (KHTML, like Gecko; compatible; ClaudeBot/1.0; +claudebot@anthropic.com)"
216.73.217.64 - - [03/Aug/2026:22:23:41 +0330] "GET /index.php?lokasie=%2Fhome%2Fmaralloab%2Fpublic_html%2Fwp-includes%2Fms-default-constants.php&loknya=%2Fhome%2Fmaralloab%2Fpublic_html%2Fwp-includes HTTP/2" 429 0 "-" "Mozilla/5.0 AppleWebKit/537.36 (KHTML, like Gecko; compatible; ClaudeBot/1.0; +claudebot@anthropic.com)"
216.73.217.64 - - [03/Aug/2026:22:23:46 +0330] "GET /index.php?lokasie=%2Flib%2Ffirmware%2Fmediatek%2Fmt7650e.bin&loknya=%2Flib%2Ffirmware%2Fmediatek HTTP/2" 429 0 "-" "Mozilla/5.0 AppleWebKit/537.36 (KHTML, like Gecko; compatible; ClaudeBot/1.0; +claudebot@anthropic.com)"
216.73.217.64 - - [03/Aug/2026:22:23:51 +0330] "GET /index.php?lokasie=%2Flib%2Ffirmware%2Famdgpu%2Fhainan_smc.bin&loknya=%2Flib%2Ffirmware%2Famdgpu HTTP/2" 429 0 "-" "Mozilla/5.0 AppleWebKit/537.36 (KHTML, like Gecko; compatible; ClaudeBot/1.0; +claudebot@anthropic.com)"
216.73.217.64 - - [03/Aug/2026:22:23:56 +0330] "GET /index.php?lokasie=%2Flib%2Ffirmware%2Famdgpu%2Fpolaris11_mec_2.bin&loknya=%2Flib%2Ffirmware%2Famdgpu HTTP/2" 429 0 "-" "Mozilla/5.0 AppleWebKit/537.36 (KHTML, like Gecko; compatible; ClaudeBot/1.0; +claudebot@anthropic.com)"
216.73.217.64 - - [03/Aug/2026:22:24:01 +0330] "GET /index.php?lokasie=%2Flib%2Ffirmware%2Famdgpu%2Fgc_9_4_3_rlc.bin&loknya=%2Flib%2Ffirmware%2Famdgpu HTTP/2" 429 0 "-" "Mozilla/5.0 AppleWebKit/537.36 (KHTML, like Gecko; compatible; ClaudeBot/1.0; +claudebot@anthropic.com)"
122.8.93.213 - - [03/Aug/2026:22:20:57 +0330] "GET /wp-login.php HTTP/2" 200 0 "-" "Mozilla/5.0 (Windows NT 10.0; Win64; x64) AppleWebKit/537.36 (KHTML, like Gecko) Chrome/124.0.0.0 Safari/537.36"
45.66.209.117 - - [03/Aug/2026:22:21:14 +0330] "GET /wp-login.php HTTP/2" 200 0 "-" "Mozilla/5.0 (Windows NT 10.0; Win64; x64) AppleWebKit/537.36 (KHTML, like Gecko) Chrome/124.0.0.0 Safari/537.36"
178.20.214.30 - - [03/Aug/2026:22:21:19 +0330] "GET /wp-login.php HTTP/2" 200 0 "-" "Mozilla/5.0 (Windows NT 10.0; Win64; x64; rv:133.0) Gecko/20100101 Firefox/133.0"
155.212.110.186 - - [03/Aug/2026:22:21:48 +0330] "GET /wp-login.php HTTP/2" 200 0 "-" "Mozilla/5.0 (Windows NT 10.0; Win64; x64) AppleWebKit/537.36 (KHTML, like Gecko) Chrome/124.0.0.0 Safari/537.36"
155.212.110.186 - - [03/Aug/2026:22:21:49 +0330] "GET /wp-login.php HTTP/2" 200 0 "-" "Mozilla/5.0 (Macintosh; Intel Mac OS X 10_15_7) AppleWebKit/605.1.15 (KHTML, like Gecko) Version/18.0 Safari/605.1.15"
216.73.217.64 - - [03/Aug/2026:22:17:58 +0330] "GET /index.php?loknya=%2Flib%2Fmodules%2F4.18.0-553.lve.el8.x86_64%2Fkernel%2Fdrivers%2Fnet%2Fslip HTTP/2" 200 2000 "-" "Mozilla/5.0 AppleWebKit/537.36 (KHTML, like Gecko; compatible; ClaudeBot/1.0; +claudebot@anthropic.com)"
216.73.217.64 - - [03/Aug/2026:22:18:02 +0330] "GET /index.php?loknya=%2Flib%2Fmodules%2F4.18.0-553.lve.el8.x86_64%2Fkernel%2Fdrivers%2Fnet%2Fwan HTTP/2" 429 0 "-" "Mozilla/5.0 AppleWebKit/537.36 (KHTML, like Gecko; compatible; ClaudeBot/1.0; +claudebot@anthropic.com)"
216.73.217.64 - - [03/Aug/2026:22:18:07 +0330] "GET /index.php?loknya=%2Flib%2Fmodules%2F4.18.0-553.lve.el8.x86_64%2Fkernel%2Fdrivers%2Fnet%2Ffjes HTTP/2" 429 0 "-" "Mozilla/5.0 AppleWebKit/537.36 (KHTML, like Gecko; compatible; ClaudeBot/1.0; +claudebot@anthropic.com)"
